--
-- Host: localhost    Database: mymotors
-- ------------------------------------------------------


--
-- Table structure for table `brands`
--

CREATE TABLE `brands` (
  `id` int NOT NULL AUTO_INCREMENT,
  `name` varchar(50) NOT NULL,
  `file` text CHARACTER SET latin1 COLLATE latin1_swedish_ci,
  `hits` int NOT NULL DEFAULT '0',
  PRIMARY KEY (`id`),
  UNIQUE KEY `name` (`name`)
) ENGINE=InnoDB AUTO_INCREMENT=54 DEFAULT CHARSET=latin1;

--
-- Dumping data for table `brands`
--

INSERT INTO `brands` VALUES (2,'Hyundai','hyundai.png',0),(3,'Chevrolet','chevrolet.png',0),(4,'Ford','ford.png',6),(5,'Honda','honda.png',2),(6,'Nissan','nissan.png',0),(7,'Toyota','toyota.png',0),(8,'Subaru','subaru.png',0),(9,'Tesla','tesla.png',0),(10,'Schaefer Yachts','schaefer.png',0),(11,'Intermarine','intermarine.png',0),(12,'Sea Doo','seadoo.png',1),(13,'AC PROPULSION',NULL,0),(15,'AMERITECH CORPORATION',NULL,0),(21,'ALLARD MOTOR WORKS',NULL,0),(22,'VOLKSWAGEN',NULL,0),(27,'AMERICAN MOTORS',NULL,0),(28,'ARMBRUSTER STAGEWAY',NULL,0),(52,'ASUNA',NULL,0);

--
-- Table structure for table `categories`
--

CREATE TABLE `categories` (
  `id` int NOT NULL AUTO_INCREMENT,
  `type` enum('car','motorcycle','boat') NOT NULL,
  `name` varchar(50) NOT NULL,
  `file` text NOT NULL,
  `status` int NOT NULL DEFAULT '1',
  `hits` int NOT NULL DEFAULT '0',
  PRIMARY KEY (`id`),
  UNIQUE KEY `type_name_status` (`type`,`name`,`status`)
) ENGINE=InnoDB AUTO_INCREMENT=8 DEFAULT CHARSET=latin1;

--
-- Dumping data for table `categories`
--

INSERT INTO `categories` VALUES (1,'car','Hatches','hatches.jpg',1,7),(2,'car','Picapes','picapes.webp',1,5),(3,'car','Sedans','sedans.webp',1,10),(4,'car','SUVs','suv.jpg',1,4),(5,'car','Carros elétricos','eletricos.jpg',1,8),(6,'car','Carros econômicos','economicos.jpg',1,5);

--
-- Table structure for table `config`
--

CREATE TABLE `config` (
  `app` text,
  `seo` text,
  `social` text
) ENGINE=InnoDB DEFAULT CHARSET=latin1;

--
-- Dumping data for table `config`
--


--
-- Table structure for table `contacts`
--

CREATE TABLE `contacts` (
  `id` int NOT NULL AUTO_INCREMENT,
  `seller` int NOT NULL,
  `vehicle` int NOT NULL,
  `name` varchar(255) NOT NULL,
  `email` varchar(550) NOT NULL,
  `telephone` varchar(50) CHARACTER SET utf8mb3 COLLATE utf8mb3_general_ci NOT NULL,
  `message` text NOT NULL,
  `sent_at` timestamp NOT NULL DEFAULT CURRENT_TIMESTAMP,
  PRIMARY KEY (`id`)
) ENGINE=InnoDB AUTO_INCREMENT=43 DEFAULT CHARSET=utf8mb3;

--
-- Dumping data for table `contacts`
--

INSERT INTO `contacts` VALUES (42,2,31,'Teste','teste@teste.com','+5599999999999','Olá, tenho interesse no veículo. Por favor entre em contato.','2024-06-09 08:07:06');

--
-- Table structure for table `likes`
--

CREATE TABLE `likes` (
  `id` int NOT NULL AUTO_INCREMENT,
  `user` int NOT NULL,
  `vehicle` int NOT NULL,
  `created_at` timestamp NOT NULL DEFAULT CURRENT_TIMESTAMP,
  PRIMARY KEY (`id`)
) ENGINE=InnoDB AUTO_INCREMENT=27 DEFAULT CHARSET=utf8mb3;

--
-- Dumping data for table `likes`
--

INSERT INTO `likes` VALUES (21,1,31,'2024-06-05 16:19:08'),(22,1,33,'2024-06-05 16:24:17'),(23,1,34,'2024-06-05 16:24:18'),(24,1,35,'2024-06-05 16:25:17'),(25,1,36,'2024-06-05 16:25:53'),(26,1,44,'2024-06-09 20:54:38');

--
-- Table structure for table `newsletter`
--

CREATE TABLE `newsletter` (
  `id` int NOT NULL AUTO_INCREMENT,
  `name` varchar(255) DEFAULT NULL,
  `email` varchar(550) DEFAULT NULL,
  `inserted_at` timestamp NOT NULL DEFAULT CURRENT_TIMESTAMP,
  PRIMARY KEY (`id`),
  UNIQUE KEY `email` (`email`)
) ENGINE=InnoDB AUTO_INCREMENT=14 DEFAULT CHARSET=utf8mb3;

--
-- Dumping data for table `newsletter`
--

INSERT INTO `newsletter` VALUES (7,'Usuário de Teste','usuario@mymotorsusa.com','2024-06-06 20:09:26');

--
-- Table structure for table `tickets`
--

CREATE TABLE `tickets` (
  `id` int NOT NULL AUTO_INCREMENT,
  `code` varchar(8) NOT NULL DEFAULT '0',
  `name` varchar(255) NOT NULL,
  `email` varchar(550) NOT NULL,
  `subject` text NOT NULL,
  `message` text NOT NULL,
  `inserted_at` timestamp NOT NULL DEFAULT CURRENT_TIMESTAMP,
  `updated_at` timestamp NOT NULL DEFAULT CURRENT_TIMESTAMP ON UPDATE CURRENT_TIMESTAMP,
  `status` int NOT NULL DEFAULT '1' COMMENT '1 = novo chamado',
  PRIMARY KEY (`id`)
) ENGINE=InnoDB AUTO_INCREMENT=5 DEFAULT CHARSET=utf8mb3;

--
-- Dumping data for table `tickets`
--

INSERT INTO `tickets` VALUES (1,'4211A324','Usuário de Teste','usuario@mymotorsusa.com','configuracoes_conta','TeteTeteTeteTeteTeteTeteTeteTeteTeteTeteTeteTeteTeteTeteTeteTeteTeteTeteTeteTeteTeteTeteTeteTeteTeteTeteTete','2024-06-07 19:59:20','2024-06-07 19:59:20',1),(2,'E79C6FF6','Usuário de Teste','usuario@mymotorsusa.com','funcionalidades_sistema','TesteTesteTesteTesteTesteTesteTesteTesteTesteTesteTesteTesteTesteTesteTesteTesteTesteTesteTesteTesteTesteTesteTesteTesteTesteTesteTesteTesteTesteTesteTesteTesteTesteTeste','2024-06-07 20:00:04','2024-06-07 20:00:04',1),(3,'DEEC3268','Usuário de Teste','usuario@mymotorsusa.com','problemas_tecnicos','TesteTesteTesteTesteTesteTesteTesteTesteTesteTesteTesteTesteTesteTesteTesteTesteTesteTesteTesteTesteTesteTesteTesteTesteTesteTesteTesteTesteTesteTesteTesteTesteTesteTesteTesteTesteTesteTesteTesteTesteTesteTesteTesteTeste','2024-06-07 20:02:05','2024-06-07 20:02:05',1),(4,'6549107F','Usuário de Teste','usuario@mymotorsusa.com','anuncios_buscas','TesteTesteTesteTesteTesteTesteTesteTesteTesteTesteTesteTesteTesteTesteTesteTesteTesteTesteTesteTesteTesteTesteTesteTesteTesteTesteTesteTesteTesteTesteTesteTesteTeste','2024-06-09 21:11:39','2024-06-09 21:11:39',1);

--
-- Table structure for table `users`
--

CREATE TABLE `users` (
  `id` int NOT NULL AUTO_INCREMENT,
  `role` int NOT NULL DEFAULT '0' COMMENT '0 = user\r\n1 = seller\r\n2 = admin\r\n3 = superadmin',
  `name` varchar(255) NOT NULL,
  `email` varchar(550) NOT NULL,
  `telephone` varchar(50) CHARACTER SET latin1 COLLATE latin1_swedish_ci DEFAULT '',
  `password` text CHARACTER SET latin1 COLLATE latin1_swedish_ci NOT NULL,
  `birth` date DEFAULT NULL,
  `address` varchar(255) CHARACTER SET latin1 COLLATE latin1_swedish_ci DEFAULT '',
  `city` varchar(155) CHARACTER SET latin1 COLLATE latin1_swedish_ci DEFAULT '',
  `state` varchar(2) CHARACTER SET latin1 COLLATE latin1_swedish_ci DEFAULT '',
  `zipcode` varchar(50) CHARACTER SET latin1 COLLATE latin1_swedish_ci DEFAULT '',
  `status` int NOT NULL DEFAULT '1',
  PRIMARY KEY (`id`),
  UNIQUE KEY `email` (`email`),
  UNIQUE KEY `telephone` (`telephone`)
) ENGINE=InnoDB AUTO_INCREMENT=5 DEFAULT CHARSET=latin1;

--
-- Dumping data for table `users`
--

INSERT INTO `users` VALUES (1,0,'Usuário de Teste','usuario@mymotorsusa.com','+16603425312','6b7a8a40eb42d9b6593930c0a4ca9946792e235709bc074ca056d9aefaa37b61','2000-01-01','','Alexandria','VA','22312',1),(2,1,'Vendedor de Teste','carlospt.workana@gmail.com','+16603425092','6b7a8a40eb42d9b6593930c0a4ca9946792e235709bc074ca056d9aefaa37b61',NULL,'54 Fairmont Avenue','Kirksville','MO','63501',1),(3,2,'Admin de Teste','admin@mymotorsusa.com','+17726072658','6b7a8a40eb42d9b6593930c0a4ca9946792e235709bc074ca056d9aefaa37b61',NULL,'4461 Travis Street','Miramar','FL','33025',1),(4,3,'Super de Teste','super@mymotorsusa.com','+19178245562','6b7a8a40eb42d9b6593930c0a4ca9946792e235709bc074ca056d9aefaa37b61',NULL,'7 Settlers Lane','New York','NY','10016',1);

--
-- Table structure for table `vehicles`
--

CREATE TABLE `vehicles` (
  `id` int NOT NULL AUTO_INCREMENT,
  `code` varchar(32) CHARACTER SET latin1 COLLATE latin1_swedish_ci NOT NULL,
  `seller` int NOT NULL,
  `type` enum('car','motorcycle','boat') NOT NULL,
  `brand` int DEFAULT NULL,
  `model` varchar(255) DEFAULT NULL,
  `transmission` enum('manual','automatic','semi-automatic','cvt','dual-clutch','tiptronic','sequential') CHARACTER SET latin1 COLLATE latin1_swedish_ci DEFAULT NULL,
  `fuel` enum('gasoline','electric','diesel','flex','ethanol','hybrid','cng','lpg') CHARACTER SET latin1 COLLATE latin1_swedish_ci DEFAULT NULL,
  `body` enum('sedan','hatchback','suv','crossover','coupe','convertible','wagon','minivan','pickup_truck','roadster','sportscar','luxury_car') CHARACTER SET latin1 COLLATE latin1_swedish_ci DEFAULT NULL,
  `engine` varchar(550) DEFAULT NULL,
  `feet` decimal(10,1) DEFAULT NULL,
  `seats` int DEFAULT NULL,
  `year_build` year DEFAULT NULL,
  `year_model` year DEFAULT NULL COMMENT 'Usado pra barcos',
  `plate` varchar(20) DEFAULT NULL,
  `mileage` int NOT NULL DEFAULT '0',
  `price` decimal(10,2) NOT NULL DEFAULT '0.00',
  `color` varchar(50) DEFAULT NULL,
  `details` text,
  `conditions` text,
  `description` text,
  `photos` text,
  `city` varchar(50) DEFAULT NULL,
  `state` varchar(2) DEFAULT NULL,
  `licensed` int DEFAULT NULL,
  `only_owner` int DEFAULT NULL,
  `engine_start` varchar(50) DEFAULT NULL,
  `category` int DEFAULT NULL,
  `status` int NOT NULL DEFAULT '0',
  `hits` int NOT NULL DEFAULT '0',
  `is_test` int NOT NULL DEFAULT '0',
  `inserted_at` timestamp NOT NULL DEFAULT CURRENT_TIMESTAMP,
  `updated_at` timestamp NOT NULL DEFAULT CURRENT_TIMESTAMP ON UPDATE CURRENT_TIMESTAMP,
  PRIMARY KEY (`id`),
  UNIQUE KEY `code` (`code`),
  KEY `brand` (`brand`),
  KEY `vehicle_category` (`category`),
  CONSTRAINT `vehicle_brand` FOREIGN KEY (`brand`) REFERENCES `brands` (`id`) ON DELETE CASCADE ON UPDATE CASCADE,
  CONSTRAINT `vehicle_category` FOREIGN KEY (`category`) REFERENCES `categories` (`id`) ON DELETE CASCADE ON UPDATE CASCADE
) ENGINE=InnoDB AUTO_INCREMENT=949 DEFAULT CHARSET=latin1;

--
-- Dumping data for table `vehicles`
--

INSERT INTO `vehicles` VALUES (31,'c16a5320fa475530d9583c34fd356ef5',2,'car',13,'Veloster','automatic','gasoline','hatchback','1.6 16V',NULL,4,2011,2012,'ATF321',171565,28500.00,'silver','[\"Alarme\",\"Controle elétrico dos vidros traseiros\",\"Conexão USB\",\"CD player\",\"Controle de tração\",\"Airbags laterais\",\"Freios ABS\",\"Direção hidráulica\",\"Faróis de neblina\",\"Piloto automático adaptativo\",\"Ajuste elétrico dos retrovisores\",\"Bancos revestidos de couro\",\"Ar condicionado\",\"Distribuição eletrônica de frenagem (EBD)\",\"Controle elétrico dos vidros dianteiros\",\"Airbags frontais\",\"Airbag para motorista\",\"Câmbio automático\",\"Limpador do vidro traseiro\",\"Rádio\",\"Computador de bordo\",\"Volante com ajuste de altura\",\"CD player com MP3\",\"Rodas de liga leve\",\"Sensores de estacionamento dianteiro\",\"Retrovisores elétricos\"]',NULL,'Lindo Veloster 1.6 Aut. Gasolina! Completo com TETO SOLAR!!! Entre agora mesmo em contato conosco e agende sua visita! Financiamos junto as melhores financeiras e taxas do mercado e além disso aceitamos o seu SEMINOVO como forma de pagamento! Aproveite!!! Outros Opcionais: Comando de áudio no volante, Direção Elétrica, Distribuição eletrônica de frenagem, Farol de neblina, MP3 Player, Pára-choques na cor do veículo.','[\"hyundai-veloster-1-6-16v-gasolina-3p-automatico-wmimagem13491428627.webp\",\"hyundai-veloster-1-6-16v-gasolina-3p-automatico-wmimagem13491590313.webp\",\"hyundai-veloster-1-6-16v-gasolina-3p-automatico-wmimagem13491457319.webp\",\"hyundai-veloster-1-6-16v-gasolina-3p-automatico-wmimagem13491483918.webp\",\"hyundai-veloster-1-6-16v-gasolina-3p-automatico-wmimagem13491504942.webp\",\"hyundai-veloster-1-6-16v-gasolina-3p-automatico-wmimagem13491546391.webp\"]','Orlando','FL',1,1,NULL,1,1,13,0,'2024-05-30 00:56:51','2024-06-16 06:48:26'),(32,'6364d3f0f495b6ab9dcf8d3b5c6e0b01',2,'car',13,'F-250','manual','diesel',NULL,'3.9 XLT MAX POWER 4X2',NULL,4,2010,2011,'ATF320',41000,350000.00,'white',NULL,NULL,NULL,'[\"ford-f250-4-2-xlt-4x2-cs-turbo-intercooler-diesel-2p-manual-wmimagem13530393530.webp\",\"ford-f250-3.9-xlt-max-power-4x2-cs-diesel-2p-manual-wmimagem14323211228.jpg\"]','Orlando','FL',1,NULL,NULL,NULL,1,0,0,'2024-05-30 00:56:51','2024-06-16 06:48:26'),(33,'182be0c5cdcd5072bb1864cdee4d3d6e',2,'car',13,'Ranger','automatic','diesel',NULL,'3.2 STORM 4X4 CD 20V',NULL,4,2021,2022,'ATF320',96000,172900.00,'black',NULL,NULL,NULL,'[\"ford-ranger-3.2-storm-4x4-cd-20v-diesel-4p-automatico-wmimagem17141019754.jpg\",\"ford-ranger-3.2-storm-4x4-cd-20v-diesel-4p-automatico-wmimagem17141224174.jpg\"]','Orlando','FL',1,NULL,NULL,NULL,1,0,0,'2024-05-30 00:56:51','2024-06-16 06:48:26'),(34,'e369853df766fa44e1ed0ff613f563bd',2,'car',13,'Camry','automatic','gasoline',NULL,'3.5 XLE V6 24V',NULL,4,2016,2017,'ATF327',65965,161989.00,'black',NULL,NULL,NULL,'[\"toyota-camry-3.5-xle-v6-24v-gasolina-4p-automatico-wmimagem1818214194.jpg\",\"toyota-camry-3.5-xle-v6-24v-gasolina-4p-automatico-wmimagem18182572347.jpg\"]','Orlando','FL',1,NULL,NULL,NULL,1,0,0,'2024-05-30 00:56:51','2024-06-16 06:48:26'),(35,'1c383cd30b7c298ab50293adfecb7b18',2,'motorcycle',13,'MT-03 ABS','manual','gasoline',NULL,'320CC',NULL,2,2023,2024,'ATF12',0,6149.00,'black',NULL,NULL,NULL,'[\"yamaha-mt07-abs-wmimagem23291080416.webp\",\"yamaha-mt03-abs-wmimagem18092905922.webp\"]','Orlando','FL',1,NULL,NULL,NULL,1,0,0,'2024-06-05 02:22:57','2024-06-16 06:48:26'),(36,'19ca14e7ea6328a42e0eb13d585e4c22',2,'motorcycle',13,'XRE 300 SAHARA','manual','gasoline',NULL,'300CC',NULL,2,2023,2024,'ATF142',0,6800.00,'black',NULL,NULL,NULL,'[\"hondaxre_300_saharawmimagem09525938812.jpg\",\"hondaxre_300_saharawmimagem09503420053.jpg\"]','Orlando','FL',1,NULL,NULL,NULL,1,0,0,'2024-06-05 02:22:57','2024-06-16 06:48:26'),(37,'a5bfc9e07964f8dddeb95fc584cd965d',2,'motorcycle',13,'MT-03 ABS','manual','gasoline',NULL,'300CC',NULL,2,2023,2024,'ATF142',0,6800.00,'black',NULL,NULL,NULL,'[\"yamaha-mt03-abs-wmimagem16182839333.jpg\",\"yamaha-mt03-abs-wmimagem16182902324.jpg\"]','Orlando','FL',1,NULL,'Pedal',NULL,1,1,0,'2024-06-05 02:22:57','2024-06-16 06:48:26'),(38,'a5771bce93e200c36f7cd9dfd0e5deaa',2,'motorcycle',13,'CB 500F ABS','manual','gasoline',NULL,'300CC',NULL,2,2023,2024,'ATF142',0,6800.00,'black',NULL,NULL,NULL,'[\"honda-cb-500f-abs-wmimagem15533421132.jpg\",\"honda-cb-500f-abs-wmimagem15533481717.jpg\"]','Orlando','FL',1,NULL,NULL,NULL,1,0,0,'2024-06-05 02:22:57','2024-06-16 06:48:26'),(39,'d67d8ab4f4c10bf22aa353e27879133c',2,'boat',13,'SCHAEFER 770',NULL,'gasoline',NULL,'FLYBRIDGE - 700',77.3,8,2020,2020,NULL,0,3700000.00,'black',NULL,NULL,NULL,'[\"654e8591a5109IMG-20230927-WA0007.jpg\",\"654e859313836IMG-20230927-WA0009.jpg\"]','Orlando','FL',1,NULL,NULL,NULL,1,1,0,'2024-06-05 02:22:57','2024-06-16 06:48:26'),(40,'d645920e395fedad7bbbed0eca3fe2e0',2,'boat',13,'IM60',NULL,'gasoline',NULL,'FLYBRIDGE',60.0,23,2017,2017,NULL,0,830000.00,'white',NULL,NULL,NULL,'[\"660582984a735Intermarine-60-2017.jpg\",\"6605829884376IMG-20240322-WA0094.jpg\"]','Orlando','FL',1,NULL,NULL,NULL,1,0,0,'2024-06-05 02:22:57','2024-06-16 06:48:26'),(41,'3416a75f4cea9109507cacd8e2f2aefc',2,'boat',13,'RXT X 300',NULL,'gasoline',NULL,'1630 ACE',NULL,2,2021,2021,NULL,0,85000.00,'yellow',NULL,NULL,NULL,'[\"60db615b3574cJET.jpg\"]','Orlando','FL',1,NULL,NULL,NULL,1,0,0,'2024-06-05 02:22:57','2024-06-16 06:48:26'),(42,'a1d0c6e83f027327d8461063f4ac58a6',2,'boat',13,'GTI',NULL,'gasoline',NULL,'170',NULL,2,2022,2022,NULL,0,98000.00,'yellow','[\"Alarme\",\"Controle elétrico dos vidros traseiros\",\"Conexão USB\",\"CD player\",\"Controle de tração\",\"Airbags laterais\",\"Freios ABS\",\"Direção hidráulica\",\"Faróis de neblina\",\"Piloto automático adaptativo\",\"Ajuste elétrico dos retrovisores\",\"Bancos revestidos de couro\",\"Ar condicionado\",\"Distribuição eletrônica de frenagem (EBD)\",\"Controle elétrico dos vidros dianteiros\",\"Airbags frontais\",\"Airbag para motorista\",\"Câmbio automático\",\"Limpador do vidro traseiro\",\"Rádio\",\"Computador de bordo\",\"Volante com ajuste de altura\",\"CD player com MP3\",\"Rodas de liga leve\",\"Sensores de estacionamento dianteiro\",\"Retrovisores elétricos\"]',NULL,'Lorem ipsum dolor sit amet, consectetur adipisicing elit, sed do eiusmod tempor incididunt ut labore et dolore magna aliqua. Ut enim ad minim veniam, quis nostrud exercitation ullamco laboris nisi ut aliquip ex ea commodo consequat. Duis aute irure dolor in reprehenderit in voluptate velit esse cillum dolore eu fugiat nulla pariatur. Excepteur sint occaecat cupidatat non proident, sunt in culpa qui officia deserunt mollit anim id est laborum.','[\"65d8eb5274dc8JET-SKI3.jpg\", \"65d8eb54c221dJET.jpg\"]','Orlando','FL',1,NULL,NULL,NULL,1,0,0,'2024-06-05 02:22:57','2024-06-16 06:48:26'),(44,'d9ea8ce81a49598097d7b1da4d6f5024',0,'car',13,'Fusion','automatic','gasoline','sedan','Intercooled Turbo Regular Unleaded I-4 2.0 L/122',NULL,4,2016,NULL,NULL,170026,1650000.00,'Shadow Black',NULL,NULL,NULL,NULL,NULL,NULL,NULL,NULL,NULL,NULL,1,2,1,'2024-06-09 01:55:06','2024-06-16 06:48:26'),(45,'c31f785f1cec2f86a8429cb122bf648d',0,'car',13,'Fusion','automatic','gasoline','sedan','Intercooled Turbo Regular Unleaded I-4 2.0 L/122',NULL,4,2016,NULL,NULL,170026,1650000.00,'Shadow Black',NULL,NULL,NULL,NULL,NULL,NULL,NULL,NULL,NULL,NULL,1,1,1,'2024-06-09 01:55:06','2024-06-16 06:48:26'),(46,'7a8e1d9a305be336af766f37377c2639',0,'car',13,'Trax','automatic','gasoline','suv','ECOTEC 1.4L I4 SMPI DOHC Turbocharged VVT',NULL,4,2015,NULL,NULL,140975,1248800.00,'Ruby Red Metallic',NULL,NULL,NULL,NULL,NULL,NULL,NULL,NULL,NULL,NULL,1,0,1,'2024-06-09 01:55:06','2024-06-16 06:48:26'),(47,'2bd79f4e2e5f009f278945c8b1878952',0,'car',13,'Trax','automatic','gasoline','suv','ECOTEC 1.4L I4 SMPI DOHC Turbocharged VVT',NULL,4,2015,NULL,NULL,140975,1248800.00,'Ruby Red Metallic',NULL,NULL,NULL,NULL,NULL,NULL,NULL,NULL,NULL,NULL,1,0,1,'2024-06-09 01:55:06','2024-06-16 06:48:26'),(48,'7fe5055726d5c50bd67fc550e906bc5c',0,'car',13,'Trax','automatic','gasoline','suv','ECOTEC 1.4L I4 SMPI DOHC Turbocharged VVT',NULL,4,2015,NULL,NULL,140975,1248800.00,'Ruby Red Metallic',NULL,NULL,NULL,NULL,NULL,NULL,NULL,NULL,NULL,NULL,1,0,1,'2024-06-09 01:55:06','2024-06-16 06:48:26'),(49,'e747a5bd7f784eb7934f53116a4cecac',0,'car',13,'Cruze','automatic','gasoline','sedan','ECOTEC 1.8L FLEX FUEL I4 138HP',NULL,4,2012,NULL,NULL,259012,499000.00,'Black Granite Metallic',NULL,NULL,NULL,NULL,NULL,NULL,NULL,NULL,NULL,NULL,1,2,1,'2024-06-09 01:55:06','2024-06-16 06:48:26'),(50,'cf2fe861b93609ac6109675004ae6873',0,'car',13,'Cruze','automatic','gasoline','sedan','ECOTEC 1.4L TURBO I4 138HP 148',NULL,4,2012,NULL,NULL,271885,499000.00,'Red',NULL,NULL,NULL,NULL,NULL,NULL,NULL,NULL,NULL,NULL,1,0,1,'2024-06-09 01:55:06','2024-06-16 06:48:26'),(51,'336103c60b7ba14ba446cdde411f49ec',0,'car',13,'Cruze','automatic','gasoline','sedan','ECOTEC 1.4L TURBO I4 138HP 148',NULL,4,2012,NULL,NULL,271885,499000.00,'Red',NULL,NULL,NULL,NULL,NULL,NULL,NULL,NULL,NULL,NULL,1,0,1,'2024-06-09 01:55:06','2024-06-16 06:48:26'),(52,'ac9b657f0751dd78c0711f2154b0a531',0,'car',13,'Cruze','automatic','gasoline','sedan','ECOTEC 1.4L TURBO I4 138HP 148',NULL,4,2013,NULL,NULL,288619,499000.00,'Summit White',NULL,NULL,NULL,NULL,NULL,NULL,NULL,NULL,NULL,NULL,1,0,1,'2024-06-09 01:55:06','2024-06-16 06:48:26'),(53,'1050f2d891f1d9567cb35e43d9e8558f',0,'car',13,'Cruze','automatic','gasoline','sedan','ECOTEC 1.4L TURBO I4 138HP 148',NULL,4,2011,NULL,NULL,186114,599000.00,'Grey',NULL,NULL,NULL,NULL,NULL,NULL,NULL,NULL,NULL,NULL,1,0,1,'2024-06-09 01:55:06','2024-06-16 06:48:26'),(54,'79cfe136a2c7f0720a9c95fcd3ea5e9d',0,'car',13,'Cruze','automatic','gasoline','sedan','ECOTEC 1.4L TURBO I4 138HP 148',NULL,4,2012,NULL,NULL,200280,599000.00,'Summit White',NULL,NULL,NULL,NULL,NULL,NULL,NULL,NULL,NULL,NULL,1,0,1,'2024-06-09 01:55:06','2024-06-16 06:48:26'),(55,'19212ad08596a12347989b859bc26fc0',0,'car',13,'Malibu','automatic','gasoline','sedan','ECOTEC 2.4L FLEX FUEL I4 175HP',NULL,4,2010,NULL,NULL,113182,699000.00,'Black Granite Metallic',NULL,NULL,NULL,NULL,NULL,NULL,NULL,NULL,NULL,NULL,1,0,1,'2024-06-09 01:55:06','2024-06-16 06:48:26'),(56,'9356f0b8b5be866a3b889432b8a7d5ed',0,'car',13,'Cruze','automatic','gasoline','sedan','ECOTEC 1.4L TURBO I4 138HP 148',NULL,4,2011,NULL,NULL,142623,699000.00,'Black Granite Metallic',NULL,NULL,NULL,NULL,NULL,NULL,NULL,NULL,NULL,NULL,1,0,1,'2024-06-09 01:55:06','2024-06-16 06:48:26'),(57,'fc131594402e6bdc9be42ad39dd1a8d7',0,'car',13,'Cruze','automatic','gasoline','sedan','ECOTEC 1.4L TURBO I4 138HP 148',NULL,4,2012,NULL,NULL,167262,699000.00,'Black Granite Metallic',NULL,NULL,NULL,NULL,NULL,NULL,NULL,NULL,NULL,NULL,1,0,1,'2024-06-09 01:55:06','2024-06-16 06:48:26'),(58,'be2c370a93c5faec95199944abdacec8',0,'car',13,'Cruze','automatic','gasoline','sedan','ECOTEC 1.8L FLEX FUEL I4 138HP',NULL,4,2012,NULL,NULL,157000,699000.00,'Silver Ice Metallic',NULL,NULL,NULL,NULL,NULL,NULL,NULL,NULL,NULL,NULL,1,0,1,'2024-06-09 01:55:06','2024-06-16 06:48:26'),(59,'5469a468fd0abbfa8273df7d0a099bdc',0,'car',13,'Cruze','automatic','gasoline','sedan','ECOTEC 1.4L TURBO I4 138HP 148',NULL,4,2015,NULL,NULL,221181,699000.00,'Black Granite Metallic',NULL,NULL,NULL,NULL,NULL,NULL,NULL,NULL,NULL,NULL,1,0,1,'2024-06-09 01:55:06','2024-06-16 06:48:26'),(60,'90fcd07325ab337e16fa94e87dbe33bc',0,'car',13,'Cruze','automatic','gasoline','sedan','ECOTEC 1.4L TURBO I4 138HP 148',NULL,4,2012,NULL,NULL,127964,799000.00,'Blue',NULL,NULL,NULL,NULL,NULL,NULL,NULL,NULL,NULL,NULL,1,0,1,'2024-06-09 01:55:06','2024-06-16 06:48:26'),(61,'793a6768aca8d5c3d94eed539389728f',0,'car',13,'Cruze','automatic','gasoline','sedan','ECOTEC 1.4L TURBO I4 138HP 148',NULL,4,2013,NULL,NULL,210520,799000.00,'Red',NULL,NULL,NULL,NULL,NULL,NULL,NULL,NULL,NULL,NULL,1,0,1,'2024-06-09 01:55:06','2024-06-16 06:48:26'),(62,'e77f848ebbae19a99eee74e4d5246ce5',0,'car',13,'Cruze','automatic','gasoline','sedan','ECOTEC 1.4L TURBO I4 138HP 148',NULL,4,2013,NULL,NULL,145786,799000.00,'Blue',NULL,NULL,NULL,NULL,NULL,NULL,NULL,NULL,NULL,NULL,1,0,1,'2024-06-09 01:55:06','2024-06-16 06:48:26'),(63,'0a80ffe64c68aa574e80e6c9b9f5308a',0,'car',13,'Cruze','automatic','gasoline','sedan','ECOTEC 1.4L TURBO I4 138HP 148',NULL,4,2013,NULL,NULL,113671,899000.00,'Black Granite Metallic',NULL,NULL,NULL,NULL,NULL,NULL,NULL,NULL,NULL,NULL,1,0,1,'2024-06-09 01:55:06','2024-06-16 06:48:26'),(64,'c8637a2256c3912b6e08c804d3f358c4',0,'car',13,'Cruze','automatic','gasoline','sedan','ECOTEC 1.4L TURBO I4 138HP 148',NULL,4,2014,NULL,NULL,194233,899000.00,'Black Granite Metallic',NULL,NULL,NULL,NULL,NULL,NULL,NULL,NULL,NULL,NULL,1,0,1,'2024-06-09 01:55:06','2024-06-16 06:48:26'),(65,'8c9963646ab40dae39b61330317ba52e',0,'car',13,'Cruze','automatic','gasoline','sedan','ECOTEC 1.4L TURBO I4 138HP 148',NULL,4,2014,NULL,NULL,185162,899000.00,'Summit White',NULL,NULL,NULL,NULL,NULL,NULL,NULL,NULL,NULL,NULL,1,0,1,'2024-06-09 01:55:06','2024-06-16 06:48:26'),(66,'6fb123da2c9555c443554e2de76aea95',0,'car',13,'Cruze','automatic','gasoline','sedan','ECOTEC 1.4L TURBO I4 138HP 148',NULL,4,2014,NULL,NULL,151026,899000.00,'Silver',NULL,NULL,NULL,NULL,NULL,NULL,NULL,NULL,NULL,NULL,1,0,1,'2024-06-09 01:55:06','2024-06-16 06:48:26'),(67,'92a0985737212c82df3bb18c5cb1f67d',0,'car',13,'Cruze','automatic','gasoline','sedan','ECOTEC 1.4L TURBO I4 138HP 148',NULL,4,2014,NULL,NULL,186572,899000.00,'Black Granite Metallic',NULL,NULL,NULL,NULL,NULL,NULL,NULL,NULL,NULL,NULL,1,0,1,'2024-06-09 01:55:06','2024-06-16 06:48:26'),(68,'79bf98f7e359a2baaaacef0bbba3e128',0,'car',13,'Cruze','automatic','gasoline','sedan','ECOTEC 1.4L TURBO I4 138HP 148',NULL,4,2015,NULL,NULL,174272,999000.00,'Silver',NULL,NULL,NULL,NULL,NULL,NULL,NULL,NULL,NULL,NULL,1,0,1,'2024-06-09 01:55:06','2024-06-16 06:48:26'),(69,'3e2220c3196b7bb28c73510045e8cd4c',0,'car',13,'Cruze','automatic','gasoline','sedan','ECOTEC 1.4L TURBO I4 138HP 148',NULL,4,2015,NULL,NULL,173800,999000.00,'Dark Grey',NULL,NULL,NULL,NULL,NULL,NULL,NULL,NULL,NULL,NULL,1,0,1,'2024-06-09 01:55:06','2024-06-16 06:48:26'),(70,'99e9a6abbef5895cfd3ccbdd9bc1f749',0,'car',13,'Escape','automatic','gasoline','suv','3.0L FLEX FUEL V6 240HP 223FT.',NULL,4,2010,NULL,NULL,191888,499000.00,'Blue',NULL,NULL,NULL,NULL,NULL,NULL,NULL,NULL,NULL,NULL,1,0,1,'2024-06-09 01:55:06','2024-06-16 06:48:26'),(71,'b55b426d58515de0a65b2122a67593fd',0,'car',13,'Escape','automatic','gasoline','suv','3.0L FLEX FUEL V6 240HP 223FT.',NULL,4,2010,NULL,NULL,158014,599000.00,'Blue',NULL,NULL,NULL,NULL,NULL,NULL,NULL,NULL,NULL,NULL,1,0,1,'2024-06-09 01:55:06','2024-06-16 06:48:26'),(72,'95477d1dcfce42e31410087964f4ebcb',0,'car',13,'Escape','automatic','gasoline','suv','3.0L FLEX FUEL V6 240HP 223FT.',NULL,4,2010,NULL,NULL,182824,599000.00,'Blue',NULL,NULL,NULL,NULL,NULL,NULL,NULL,NULL,NULL,NULL,1,0,1,'2024-06-09 01:55:06','2024-06-16 06:48:26'),(73,'32932b44ba4a124fe72e1f79a634a9cf',0,'car',13,'Escape','automatic','gasoline','suv','DURATEC 2.5L I4 171HP 171FT. L',NULL,4,2012,NULL,NULL,181068,699000.00,'Beige',NULL,NULL,NULL,NULL,NULL,NULL,NULL,NULL,NULL,NULL,1,0,1,'2024-06-09 01:55:06','2024-06-16 06:48:26'),(74,'a01f00a716cede3eedc6671bc2a6a49e',0,'car',13,'Escape','automatic','gasoline','suv','ECOBOOST 1.6L TURBO I4 178HP 1',NULL,4,2013,NULL,NULL,199698,899000.00,'Ruby Red Tinted',NULL,NULL,NULL,NULL,NULL,NULL,NULL,NULL,NULL,NULL,1,0,1,'2024-06-09 01:55:06','2024-06-16 06:48:26'),(75,'a7690928b972c7871b02a87fc24031f1',0,'car',13,'Escape','automatic','gasoline','suv','ECOBOOST 1.6L TURBO I4 178HP 1',NULL,4,2015,NULL,NULL,201960,899000.00,'White',NULL,NULL,NULL,NULL,NULL,NULL,NULL,NULL,NULL,NULL,1,0,1,'2024-06-09 01:55:06','2024-06-16 06:48:26'),(76,'e7d770b4ec219acc3e4dde982ed66db4',0,'car',13,'Focus','automatic','gasoline','sedan','2.0L FLEX FUEL I4 160HP 146FT.',NULL,4,2017,NULL,NULL,180697,999000.00,'Shadow Black',NULL,NULL,NULL,NULL,NULL,NULL,NULL,NULL,NULL,NULL,1,0,1,'2024-06-09 01:55:06','2024-06-16 06:48:26'),(77,'a58a7dda75f392aab43443a36007e1c6',0,'car',13,'Civic','automatic','gasoline','sedan','1L NA I4 SINGLE OVERHEAD CAM (',NULL,4,2006,NULL,NULL,147454,699000.00,'Alabaster Silver Metallic',NULL,NULL,NULL,NULL,NULL,NULL,NULL,NULL,NULL,NULL,1,0,1,'2024-06-09 01:55:06','2024-06-16 06:48:26'),(78,'34eb06924c4155480f57304b4050f6c8',0,'car',13,'Focus','automatic','gasoline','sedan','2.0L INLINE 4 DOUBLE OVERHEAD',NULL,4,2007,NULL,NULL,132483,499000.00,'Green',NULL,NULL,NULL,NULL,NULL,NULL,NULL,NULL,NULL,NULL,1,0,1,'2024-06-09 01:55:06','2024-06-16 06:48:26'),(79,'32d5d2b5f7cece31e79b06ef18a50a89',0,'car',13,'Accord','automatic','gasoline','sedan','190HP 2.4L 4 Cylinder Engine',NULL,4,2010,NULL,NULL,299858,599000.00,'Gray',NULL,NULL,NULL,NULL,NULL,NULL,NULL,NULL,NULL,NULL,1,0,1,'2024-06-09 01:55:06','2024-06-16 06:48:26'),(80,'c5f65ca2e1e8a6f25865540afab313b1',0,'car',13,'Altima','automatic','gasoline','sedan','175HP 2.5L 4 Cylinder Engine',NULL,4,2009,NULL,NULL,109512,798800.00,'Niagara Grey Me',NULL,NULL,NULL,NULL,NULL,NULL,NULL,NULL,NULL,NULL,1,0,1,'2024-06-09 01:55:06','2024-06-16 06:48:26'),(81,'46f0af0cb29ac748355144461ee7a1df',0,'car',13,'Malibu','automatic','gasoline','sedan','3.6L V6 252HP 251FT. LBS.',NULL,4,2009,NULL,NULL,256142,499000.00,'Black Granite Metallic',NULL,NULL,NULL,NULL,NULL,NULL,NULL,NULL,NULL,NULL,1,0,1,'2024-06-09 01:55:06','2024-06-16 06:48:26'),(82,'a0c4b1cdc3496504a5c6bd1d70a8c092',0,'car',13,'Equinox','automatic','gasoline','suv','2.4L I4 182HP 172FT. LBS.',NULL,4,2013,NULL,NULL,162048,899000.00,'Crystal Red Tintcoat',NULL,NULL,NULL,NULL,NULL,NULL,NULL,NULL,NULL,NULL,1,0,1,'2024-06-09 01:55:06','2024-06-16 06:48:26'),(83,'e37de8ebd1114b71d2ecd7a348976c58',0,'car',13,'Cruze','automatic','gasoline','sedan','Turbocharged Gas I4 1.4L/',NULL,4,2017,NULL,NULL,125576,1579000.00,'Mosaic Black Metallic',NULL,NULL,NULL,NULL,NULL,NULL,NULL,NULL,NULL,NULL,1,0,1,'2024-06-09 01:55:06','2024-06-16 06:48:26'),(84,'60e35118d8ee4fa959138a57505db7e7',0,'car',13,'Fiesta','automatic','gasoline','hatchback','1.6L I4 120HP 112FT. LBS.',NULL,5,2012,NULL,NULL,188967,599000.00,'Grey',NULL,NULL,NULL,NULL,NULL,NULL,NULL,NULL,NULL,NULL,1,0,1,'2024-06-09 01:55:06','2024-06-16 06:48:26'),(85,'425c68af0cf47e2eec43bbc5d5b32dac',0,'car',13,'Fiesta','automatic','gasoline','hatchback','1.6L I4 120HP 112FT. LBS.',NULL,5,2013,NULL,NULL,188590,599000.00,'Ingot Silver Metallic',NULL,NULL,NULL,NULL,NULL,NULL,NULL,NULL,NULL,NULL,1,0,1,'2024-06-09 01:55:06','2024-06-16 06:48:26'),(86,'83a9802e2662cc455e2c9755d0631046',0,'car',13,'Fusion','automatic','gasoline','sedan','2.5L I4 175HP 172FT. LBS.',NULL,4,2012,NULL,NULL,100606,999000.00,'Ingot Silver Metallic',NULL,NULL,NULL,NULL,NULL,NULL,NULL,NULL,NULL,NULL,1,0,1,'2024-06-09 01:55:06','2024-06-16 06:48:26'),(87,'740ac294e64275dedc766369887de09f',0,'car',13,'Civic','manual','gasoline','sedan','1.8L I4 140HP 128FT. LBS.',NULL,4,2012,NULL,NULL,185000,799000.00,'Gray',NULL,NULL,NULL,NULL,NULL,NULL,NULL,NULL,NULL,NULL,1,0,1,'2024-06-09 01:55:06','2024-06-16 06:48:26'),(88,'90d68b2da155e92f562c9cff776f4ef8',0,'car',13,'Accord','automatic','gasoline','sedan','2.4L I4 177HP 161FT. LBS.',NULL,4,2012,NULL,NULL,249655,899000.00,'Gray',NULL,NULL,NULL,NULL,NULL,NULL,NULL,NULL,NULL,NULL,1,0,1,'2024-06-09 01:55:06','2024-06-16 06:48:26'),(89,'19c3c8abf7b90c9b8ee5e5426cc0e6ab',0,'car',13,'CR-V','automatic','gasoline','suv','2.4L I4 180HP 161FT. LBS.',NULL,4,2010,NULL,NULL,176013,999000.00,'Grey',NULL,NULL,NULL,NULL,NULL,NULL,NULL,NULL,NULL,NULL,1,0,1,'2024-06-09 01:55:06','2024-06-16 06:48:26'),(90,'b47835063542ee0cafee94dc4b4601af',0,'car',13,'Accord','automatic','gasoline','sedan','2.4L I4 177HP 161FT. LBS.',NULL,4,2011,NULL,NULL,189740,1199000.00,'Alabaster Silver Metallic',NULL,NULL,NULL,NULL,NULL,NULL,NULL,NULL,NULL,NULL,1,0,1,'2024-06-09 01:55:06','2024-06-16 06:48:26'),(91,'011f95cab910db755de72118a2f3388a',0,'car',13,'Accord','automatic','gasoline','sedan','2.4L I4 185HP 181FT. LBS.',NULL,4,2015,NULL,NULL,193422,1499000.00,'Crystal Black Pearl',NULL,NULL,NULL,NULL,NULL,NULL,NULL,NULL,NULL,NULL,1,0,1,'2024-06-09 01:55:06','2024-06-16 06:48:26'),(92,'063ac366ded3279f128bc445562ac8a0',0,'car',13,'Fit','automatic','gasoline','hatchback','1.5L I4 130HP 114FT. LBS.',NULL,5,2016,NULL,NULL,132332,1599000.00,'Aegean Blue Metallic',NULL,NULL,NULL,NULL,NULL,NULL,NULL,NULL,NULL,NULL,1,0,1,'2024-06-09 01:55:06','2024-06-16 06:48:26'),(93,'6ec92cc2fbec4d6928d169776895b1ea',0,'car',13,'Sonata','automatic','gasoline','sedan','2.4L I4 175HP 168FT. LBS.',NULL,4,2010,NULL,NULL,219796,499000.00,'Silver Metallic',NULL,NULL,NULL,NULL,NULL,NULL,NULL,NULL,NULL,NULL,1,0,1,'2024-06-09 01:55:06','2024-06-16 06:48:26'),(94,'4bc7804c46e34f9ac4707015336e243a',0,'car',13,'Accent','manual','gasoline','hatchback','1.6L I4 138HP 123FT. LBS.',NULL,5,2013,NULL,NULL,187853,499000.00,'Century White',NULL,NULL,NULL,NULL,NULL,NULL,NULL,NULL,NULL,NULL,1,0,1,'2024-06-09 01:55:06','2024-06-16 06:48:26'),(95,'ee72d35c01b8f73bcadcafa87f0a43cf',0,'car',13,'Accent','automatic','gasoline','hatchback','1.6L I4 138HP 123FT. LBS.',NULL,4,2012,NULL,NULL,228322,599000.00,'Marathon Blue Pearl',NULL,NULL,NULL,NULL,NULL,NULL,NULL,NULL,NULL,NULL,1,0,1,'2024-06-09 01:55:06','2024-06-16 06:48:26'),(96,'2fd13e3b7dcd78f770aa190c534d6342',0,'car',13,'Accent','automatic','gasoline','sedan','1.6L I4 138HP 123FT. LBS.',NULL,4,2012,NULL,NULL,158288,699000.00,'Grey',NULL,NULL,NULL,NULL,NULL,NULL,NULL,NULL,NULL,NULL,1,0,1,'2024-06-09 01:55:06','2024-06-16 06:48:26'),(97,'43d79c9fe5ca85d4ed4965df751fb81a',0,'car',13,'Elantra','automatic','gasoline','sedan','1.8L I4 148HP 131FT. LBS.',NULL,4,2012,NULL,NULL,218660,699000.00,'Desert Bronze Metallic',NULL,NULL,NULL,NULL,NULL,NULL,NULL,NULL,NULL,NULL,1,0,1,'2024-06-09 01:55:06','2024-06-16 06:48:26'),(98,'cfd565ed9e19a9c71f9a6feaec3d1791',0,'car',13,'Sonata','automatic','gasoline','sedan','2.4L I4 198HP 184FT. LBS.',NULL,4,2013,NULL,NULL,254281,699000.00,'Black',NULL,NULL,NULL,NULL,NULL,NULL,NULL,NULL,NULL,NULL,1,0,1,'2024-06-09 01:55:06','2024-06-16 06:48:26'),(99,'5d6df795a5e98cf9e8b4d5adb69aac8e',0,'car',13,'Elantra','automatic','gasoline','sedan','1.8L I4 148HP 131FT. LBS.',NULL,4,2013,NULL,NULL,220000,699000.00,'Grey',NULL,NULL,NULL,NULL,NULL,NULL,NULL,NULL,NULL,NULL,1,0,1,'2024-06-09 01:55:06','2024-06-16 06:48:26'),(100,'e5eec8bb2aad7597d00e6984029f41bd',0,'car',13,'Elantra','automatic','gasoline','sedan','1.8L I4 148HP 131FT. LBS.',NULL,4,2013,NULL,NULL,240798,699000.00,'White',NULL,NULL,NULL,NULL,NULL,NULL,NULL,NULL,NULL,NULL,1,0,1,'2024-06-09 01:55:06','2024-06-16 06:48:26'),(101,'9313a1928b99d17e93f603946714fa2d',0,'car',13,'Accent','manual','gasoline','hatchback','1.6L I4 137HP 123FT. LBS.',NULL,5,2015,NULL,NULL,194197,699000.00,'Ultra Black Pearl',NULL,NULL,NULL,NULL,NULL,NULL,NULL,NULL,NULL,NULL,1,0,1,'2024-06-09 01:55:06','2024-06-16 06:48:26'),(102,'130e210cc9587fdfd9f2aad3c1139058',0,'car',13,'Accent','automatic','gasoline','sedan','1.6L I4 137HP 123FT. LBS.',NULL,4,2016,NULL,NULL,237394,699000.00,'Ultra Black Pearl',NULL,NULL,NULL,NULL,NULL,NULL,NULL,NULL,NULL,NULL,1,0,1,'2024-06-09 01:55:06','2024-06-16 06:48:26'),(103,'0428288f353a356f131bd08134e846fe',0,'car',13,'Elantra','automatic','gasoline','sedan','1.8L I4 148HP 131FT. LBS.',NULL,4,2012,NULL,NULL,175756,799000.00,'Desert Bronze Metallic',NULL,NULL,NULL,NULL,NULL,NULL,NULL,NULL,NULL,NULL,1,0,1,'2024-06-09 01:55:06','2024-06-16 06:48:26'),(104,'e1cb4aba67e1a2a4e875f1f437b65488',0,'car',13,'Elantra','automatic','gasoline','sedan','1.8L I4 148HP 131FT. LBS.',NULL,4,2013,NULL,NULL,182000,799000.00,'Desert Bronze Metallic',NULL,NULL,NULL,NULL,NULL,NULL,NULL,NULL,NULL,NULL,1,0,1,'2024-06-09 01:55:06','2024-06-16 06:48:26'),(105,'90ae5649c04192e4fa2d06a7eef9278f',0,'car',13,'Accent','automatic','gasoline','hatchback','1.6L I4 138HP 123FT. LBS.',NULL,5,2013,NULL,NULL,107433,799000.00,'Green Apple Pearl',NULL,NULL,NULL,NULL,NULL,NULL,NULL,NULL,NULL,NULL,1,0,1,'2024-06-09 01:55:06','2024-06-16 06:48:26'),(106,'af37c9f6f66907e7475ac225520e21cb',0,'car',13,'Elantra','automatic','gasoline','sedan','1.8L I4 145HP 130FT. LBS.',NULL,4,2014,NULL,NULL,232966,799000.00,'Black Noir Pearl Metallic',NULL,NULL,NULL,NULL,NULL,NULL,NULL,NULL,NULL,NULL,1,0,1,'2024-06-09 01:55:06','2024-06-16 06:48:26'),(107,'5304cd50fb8744a84f8513458e97728a',0,'car',13,'Elantra','automatic','gasoline','sedan','1.8L I4 148HP 131FT. LBS.',NULL,4,2011,NULL,NULL,165486,899000.00,'Glacier White Pearl Mica',NULL,NULL,NULL,NULL,NULL,NULL,NULL,NULL,NULL,NULL,1,0,1,'2024-06-09 01:55:06','2024-06-16 06:48:26'),(108,'82d4b9c0fa4c591fa9c1e35c0550169c',0,'car',13,'Elantra','automatic','gasoline','sedan','1.8L I4 148HP 131FT. LBS.',NULL,4,2012,NULL,NULL,146155,899000.00,'Grey',NULL,NULL,NULL,NULL,NULL,NULL,NULL,NULL,NULL,NULL,1,0,1,'2024-06-09 01:55:06','2024-06-16 06:48:26'),(109,'ff79b0c3ea993ff609de40080a1cb596',0,'car',13,'Elantra','automatic','gasoline','sedan','1.8L I4 148HP 131FT. LBS.',NULL,4,2013,NULL,NULL,162261,899000.00,'White',NULL,NULL,NULL,NULL,NULL,NULL,NULL,NULL,NULL,NULL,1,0,1,'2024-06-09 01:55:06','2024-06-16 06:48:26'),(110,'9c67db8fe201faf57eae7420d5a21140',0,'car',13,'Elantra','automatic','gasoline','sedan','1.8L I4 148HP 131FT. LBS.',NULL,4,2013,NULL,NULL,189957,899000.00,'Black',NULL,NULL,NULL,NULL,NULL,NULL,NULL,NULL,NULL,NULL,1,0,1,'2024-06-09 01:55:06','2024-06-16 06:48:26'),(111,'e6c37f394a810b5a06b736f748be36ee',0,'car',13,'Elantra','automatic','gasoline','hatchback','2.0L I4 173HP 154FT. LBS.',NULL,4,2014,NULL,NULL,203444,899000.00,'Titanium Grey Metallic',NULL,NULL,NULL,NULL,NULL,NULL,NULL,NULL,NULL,NULL,1,0,1,'2024-06-09 01:55:06','2024-06-16 06:48:26'),(112,'bcddc23e127b38859d98f371d3817273',0,'car',13,'Elantra','automatic','gasoline','sedan','1.8L I4 145HP 130FT. LBS.',NULL,4,2015,NULL,NULL,193839,899000.00,'Grey',NULL,NULL,NULL,NULL,NULL,NULL,NULL,NULL,NULL,NULL,1,0,1,'2024-06-09 01:55:06','2024-06-16 06:48:26'),(113,'b2b4bac823b9d1fe9e4175f3290355db',0,'car',13,'Elantra','automatic','gasoline','sedan','1.8L I4 148HP 131FT. LBS.',NULL,4,2013,NULL,NULL,139826,999000.00,'Burgundy',NULL,NULL,NULL,NULL,NULL,NULL,NULL,NULL,NULL,NULL,1,0,1,'2024-06-09 01:55:06','2024-06-16 06:48:26'),(114,'ea2c004941531f7b272e8ef6c0657a6f',0,'car',13,'Elantra','automatic','gasoline','sedan','1.8L I4 145HP 130FT. LBS.',NULL,4,2014,NULL,NULL,174084,999000.00,'Harbour Grey Metallic',NULL,NULL,NULL,NULL,NULL,NULL,NULL,NULL,NULL,NULL,1,0,1,'2024-06-09 01:55:06','2024-06-16 06:48:26'),(115,'8c8516684c9af8b63ffa07c77ce82e74',0,'car',13,'Sonata','automatic','gasoline','sedan','2.4L I4 185HP 178FT. LBS.',NULL,4,2015,NULL,NULL,233986,999000.00,'Polished Metal Metallic',NULL,NULL,NULL,NULL,NULL,NULL,NULL,NULL,NULL,NULL,1,1,1,'2024-06-09 01:55:06','2024-06-16 06:48:26'),(116,'ef29b930e8c1b75a0a6403308d3a596f',0,'car',13,'Elantra','automatic','gasoline','sedan','1.8L I4 145HP 130FT. LBS.',NULL,4,2015,NULL,NULL,180110,999000.00,'Desert Bronze Metallic',NULL,NULL,NULL,NULL,NULL,NULL,NULL,NULL,NULL,NULL,1,0,1,'2024-06-09 01:55:06','2024-06-16 06:48:26'),(117,'aba3bc392c775a723e2cede2983ffbc7',0,'car',13,'Elantra','automatic','gasoline','sedan','1.8L I4 148HP 131FT. LBS.',NULL,4,2012,NULL,NULL,81743,1099000.00,'Radiant Silver Metallic',NULL,NULL,NULL,NULL,NULL,NULL,NULL,NULL,NULL,NULL,1,0,1,'2024-06-09 01:55:06','2024-06-16 06:48:26'),(118,'f07b77796509d801a876fb81998409b3',0,'car',13,'Elantra','automatic','gasoline','sedan','1.8L I4 148HP 131FT. LBS.',NULL,4,2013,NULL,NULL,112489,1099000.00,'Indigo Night Mica',NULL,NULL,NULL,NULL,NULL,NULL,NULL,NULL,NULL,NULL,1,0,1,'2024-06-09 01:55:06','2024-06-16 06:48:26'),(119,'2fca1094fc83a98189cb4f58d0d7e241',0,'car',13,'Elantra','automatic','gasoline','sedan','1.8L I4 148HP 131FT. LBS.',NULL,4,2013,NULL,NULL,118315,1099000.00,'Grey',NULL,NULL,NULL,NULL,NULL,NULL,NULL,NULL,NULL,NULL,1,0,1,'2024-06-09 01:55:06','2024-06-16 06:48:26'),(120,'0d4fa8a2c3dc15316c943f4ffb103c09',0,'car',13,'Versa','automatic','gasoline','hatchback','1.8L I4 122HP 127FT. LBS.',NULL,5,2009,NULL,NULL,241636,399000.00,'Red Alert Metallic',NULL,NULL,NULL,NULL,NULL,NULL,NULL,NULL,NULL,NULL,1,0,1,'2024-06-09 01:55:06','2024-06-16 06:48:26'),(121,'f07218efd73c8eeefd62707e7fce3cdf',0,'car',13,'Sentra','automatic','gasoline','sedan','2.0L I4 140HP 147FT. LBS.',NULL,4,2011,NULL,NULL,280406,499000.00,'Brilliant Silver',NULL,NULL,NULL,NULL,NULL,NULL,NULL,NULL,NULL,NULL,1,0,1,'2024-06-09 01:55:06','2024-06-16 06:48:26'),(122,'bb1196db95c60b1180fcb2d24c8970eb',0,'car',13,'Maxima','automatic','gasoline','sedan','3.5L V6 290HP 261FT. LBS.',NULL,4,2009,NULL,NULL,228798,599000.00,'Grey',NULL,NULL,NULL,NULL,NULL,NULL,NULL,NULL,NULL,NULL,1,0,1,'2024-06-09 01:55:06','2024-06-16 06:48:26'),(123,'83d3517249a8bba4ec01c311dfd541dd',0,'car',13,'Sentra','automatic','gasoline','sedan','2.0L I4 140HP 147FT. LBS.',NULL,4,2012,NULL,NULL,246190,599000.00,'Black',NULL,NULL,NULL,NULL,NULL,NULL,NULL,NULL,NULL,NULL,1,0,1,'2024-06-09 01:55:06','2024-06-16 06:48:26'),(124,'9a2c35e25088148117ba92ca3aa91a85',0,'car',13,'Versa','automatic','gasoline','hatchback','1.6L I4 109HP 107FT. LBS.',NULL,5,2014,NULL,NULL,206012,699000.00,'Super Black',NULL,NULL,NULL,NULL,NULL,NULL,NULL,NULL,NULL,NULL,1,0,1,'2024-06-09 01:55:06','2024-06-16 06:48:26'),(125,'f3d6bc4b33691e0cce06a5cd50dd139d',0,'car',13,'Altima','automatic','gasoline','sedan','2.5L I4 175HP 180FT. LBS.',NULL,4,2012,NULL,NULL,197132,799000.00,'Ebony',NULL,NULL,NULL,NULL,NULL,NULL,NULL,NULL,NULL,NULL,1,0,1,'2024-06-09 01:55:06','2024-06-16 06:48:26'),(126,'1e2bc4086a4a9155955bc60559041288',0,'car',13,'Versa','automatic','gasoline','hatchback','1.6L I4 109HP 107FT. LBS.',NULL,4,2014,NULL,NULL,174675,799000.00,'Aspen White Pearl',NULL,NULL,NULL,NULL,NULL,NULL,NULL,NULL,NULL,NULL,1,0,1,'2024-06-09 01:55:06','2024-06-16 06:48:26'),(127,'9a6cd94006af770239279ec15856f1df',0,'car',13,'Sentra','automatic','gasoline','sedan','1.8L I4 130HP 128FT. LBS.',NULL,4,2013,NULL,NULL,127145,899000.00,'Grey',NULL,NULL,NULL,NULL,NULL,NULL,NULL,NULL,NULL,NULL,1,0,1,'2024-06-09 01:55:06','2024-06-16 06:48:26'),(128,'01313a3030f13c09465e311c3a513a18',0,'car',13,'Sentra','automatic','gasoline','sedan','1.8L I4 130HP 128FT. LBS.',NULL,4,2014,NULL,NULL,126950,999000.00,'Grey',NULL,NULL,NULL,NULL,NULL,NULL,NULL,NULL,NULL,NULL,1,0,1,'2024-06-09 01:55:06','2024-06-16 06:48:26'),(129,'494363a12234b616cc51ede514a92733',0,'car',13,'Versa','automatic','gasoline','hatchback','1.6L I4 109HP 107FT. LBS.',NULL,5,2014,NULL,NULL,97624,999000.00,'Blue',NULL,NULL,NULL,NULL,NULL,NULL,NULL,NULL,NULL,NULL,1,0,1,'2024-06-09 01:55:06','2024-06-16 06:48:26'),(130,'d35dbf6c4910131ad9a4a18b60fdea18',0,'car',13,'Altima','automatic','gasoline','sedan','2.5L I4 182HP 180FT. LBS.',NULL,4,2014,NULL,NULL,194755,999000.00,'Super Black',NULL,NULL,NULL,NULL,NULL,NULL,NULL,NULL,NULL,NULL,1,0,1,'2024-06-09 01:55:06','2024-06-16 06:48:26'),(131,'c9ef5800dfbca8a87238c3507b647a81',0,'car',13,'Sentra','automatic','gasoline','sedan','1.8L I4 130HP 128FT. LBS.',NULL,4,2015,NULL,NULL,142149,999000.00,'Super Black',NULL,NULL,NULL,NULL,NULL,NULL,NULL,NULL,NULL,NULL,1,0,1,'2024-06-09 01:55:06','2024-06-16 06:48:26'),(132,'2d22f62e9e38119403851fbf17cb26b1',0,'car',13,'Sentra','automatic','gasoline','sedan','1.8L I4 130HP 128FT. LBS.',NULL,4,2014,NULL,NULL,97133,1099000.00,'Grey',NULL,NULL,NULL,NULL,NULL,NULL,NULL,NULL,NULL,NULL,1,0,1,'2024-06-09 01:55:06','2024-06-16 06:48:26'),(133,'6aa06045f174d2ceaf4418fbeb4d0071',0,'car',13,'Sentra','automatic','gasoline','sedan','1.8L I4 130HP 128FT. LBS.',NULL,4,2015,NULL,NULL,102489,1099000.00,'Silver',NULL,NULL,NULL,NULL,NULL,NULL,NULL,NULL,NULL,NULL,1,0,1,'2024-06-09 01:55:06','2024-06-16 06:48:26'),(134,'b773ac6392c74527ecd9a044ec5ae941',0,'car',13,'Altima','automatic','gasoline','sedan','2.5L I4 182HP 180FT. LBS.',NULL,4,2016,NULL,NULL,188618,1199000.00,'White',NULL,NULL,NULL,NULL,NULL,NULL,NULL,NULL,NULL,NULL,1,0,1,'2024-06-09 01:55:06','2024-06-16 06:48:26'),(135,'586fd23d2b5a96e95d10a819a1c02d4b',0,'car',13,'Impreza','automatic','gasoline','sedan','2.0L H4 148HP 145FT. LBS.',NULL,4,2013,NULL,NULL,158748,999000.00,'Ice Silver Metallic',NULL,NULL,NULL,NULL,NULL,NULL,NULL,NULL,NULL,NULL,1,0,1,'2024-06-09 01:55:06','2024-06-16 06:48:26'),(136,'13bd57ada431fd4df2cecbf88abf8a7e',0,'car',13,'Micra','manual','gasoline','hatchback','1.6L 4-Cylinder DOHC 16V',NULL,4,2019,NULL,NULL,6177,1589000.00,'Magnetic Grey Metallic',NULL,NULL,NULL,NULL,NULL,NULL,NULL,NULL,NULL,NULL,1,0,1,'2024-06-09 01:55:06','2024-06-16 06:48:26'),(137,'c042f0232a75771cef34438527aceea0',0,'car',13,'Equinox','automatic','gasoline','suv','V6 Cylinder Engine 3.4L',NULL,4,2008,NULL,NULL,110600,850000.00,'Silver',NULL,NULL,NULL,NULL,NULL,NULL,NULL,NULL,NULL,NULL,1,0,1,'2024-06-09 01:55:06','2024-06-16 06:48:26'),(138,'1cca79033f8f11df28f54bfd20e37ee8',0,'car',13,'Traverse','automatic','gasoline','suv','V6 Cylinder Engine 3.6L',NULL,4,2017,NULL,NULL,270518,1299500.00,'Silver Ice Metallic',NULL,NULL,NULL,NULL,NULL,NULL,NULL,NULL,NULL,NULL,1,0,1,'2024-06-09 01:55:06','2024-06-16 06:48:26'),(139,'61241a3bc27fcc3a0a601ddeb1915a99',0,'car',13,'Escape','automatic','gasoline','suv','V6 Cylinder Engine 3.0L',NULL,4,2007,NULL,NULL,193025,599500.00,'Dune Pearl Metallic',NULL,NULL,NULL,NULL,NULL,NULL,NULL,NULL,NULL,NULL,1,0,1,'2024-06-09 01:55:06','2024-06-16 06:48:26'),(140,'54643b4fc290716af04238bde204ef6f',0,'car',13,'Flex','automatic','gasoline','suv','V6 Cylinder Engine 3.5L',NULL,4,2011,NULL,NULL,156474,988900.00,'Tuxedo Black Metallic',NULL,NULL,NULL,NULL,NULL,NULL,NULL,NULL,NULL,NULL,1,0,1,'2024-06-09 01:55:06','2024-06-16 06:48:26'),(141,'7359bd4fcd36e2be25916898a1e291b0',0,'car',13,'Pilot','automatic','gasoline','suv','V6 Cylinder Engine 3.5L',NULL,4,2009,NULL,NULL,261194,999900.00,'Taffeta White',NULL,NULL,NULL,NULL,NULL,NULL,NULL,NULL,NULL,NULL,1,0,1,'2024-06-09 01:55:06','2024-06-16 06:48:26'),(142,'49afb719e0cd46f74578ebf335290f81',0,'car',13,'Civic','manual','gasoline','sedan','1.8L I4 SOHC 16V i-VTEC',NULL,4,2015,NULL,NULL,83889,1649900.00,'Crystal Black Pearl',NULL,NULL,NULL,NULL,NULL,NULL,NULL,NULL,NULL,NULL,1,0,1,'2024-06-09 01:55:06','2024-06-16 06:48:26'),(143,'47c4f24c07853391c54f3221b1904f0a',0,'car',13,'Santa','automatic','gasoline','suv','V6 Cylinder Engine 3.3L',NULL,4,2007,NULL,NULL,196086,539900.00,'Ebony Black',NULL,NULL,NULL,NULL,NULL,NULL,NULL,NULL,NULL,NULL,1,0,1,'2024-06-09 01:55:06','2024-06-16 06:48:26'),(144,'6838bafb7fb9af03caf311293d56aff0',0,'car',13,'Santa','automatic','gasoline','suv','V6 Cylinder Engine 3.3L',NULL,4,2007,NULL,NULL,196086,539900.00,'Ebony Black',NULL,NULL,NULL,NULL,NULL,NULL,NULL,NULL,NULL,NULL,1,0,1,'2024-06-09 01:55:06','2024-06-16 06:48:26'),(145,'59f7cf8ec414845856afec6511ea84a2',0,'car',13,'Cruze','automatic','gasoline','sedan','4 Cylinder Engine 1.4L',NULL,4,2014,NULL,NULL,140448,839900.00,'Red',NULL,NULL,NULL,NULL,NULL,NULL,NULL,NULL,NULL,NULL,1,0,1,'2024-06-09 01:55:06','2024-06-16 06:48:26'),(146,'ad3b0399bf3b88ebc0a7a56c6a0377a8',0,'car',13,'Cruze','automatic','gasoline','sedan','4 Cylinder Engine 1.4L',NULL,4,2014,NULL,NULL,136523,1199500.00,'Black Granite Metallic',NULL,NULL,NULL,NULL,NULL,NULL,NULL,NULL,NULL,NULL,1,0,1,'2024-06-09 01:55:06','2024-06-16 06:48:26'),(147,'a799672c429e0745f952ca7c373c6fa5',0,'car',13,'Cruze','automatic','gasoline','sedan','4 Cylinder Engine 1.4L',NULL,4,2016,NULL,NULL,172168,1199500.00,'Black Granite Metallic',NULL,NULL,NULL,NULL,NULL,NULL,NULL,NULL,NULL,NULL,1,0,1,'2024-06-09 01:55:06','2024-06-16 06:48:26'),(148,'042b12a5560aac07a298acc104e7dde3',0,'car',13,'Fusion','automatic','gasoline','sedan','2.0L 4 Cylinder Engine',NULL,4,2015,NULL,NULL,121416,1579500.00,'Ingot Silver',NULL,NULL,NULL,NULL,NULL,NULL,NULL,NULL,NULL,NULL,1,0,1,'2024-06-09 01:55:06','2024-06-16 06:48:26'),(149,'ef6ac2eba4689fccf2e01d494bfde476',0,'car',13,'Escape','automatic','gasoline','suv','4 Cylinder Engine 2.0L',NULL,4,2016,NULL,NULL,153030,1649500.00,'White Platinum Tri-Coat',NULL,NULL,NULL,NULL,NULL,NULL,NULL,NULL,NULL,NULL,1,0,1,'2024-06-09 01:55:06','2024-06-16 06:48:26'),(150,'e4e0352bf84083505f0cece4264a109f',0,'car',13,'Escape','automatic','gasoline','suv','4 Cylinder Engine 2.0L',NULL,4,2016,NULL,NULL,153030,1649500.00,'White Platinum Tri-Coat',NULL,NULL,NULL,NULL,NULL,NULL,NULL,NULL,NULL,NULL,1,0,1,'2024-06-09 01:55:06','2024-06-16 06:48:26'),(151,'dee573e85eacf136d6966143603158b6',0,'car',13,'Escape','automatic','gasoline','suv','4 Cylinder Engine 2.0L',NULL,4,2016,NULL,NULL,153030,1649500.00,'White Platinum Tri-Coat',NULL,NULL,NULL,NULL,NULL,NULL,NULL,NULL,NULL,NULL,1,0,1,'2024-06-09 01:55:06','2024-06-16 06:48:26'),(152,'7cb902c05bc57b0bd684c7ff25fdaad6',0,'car',13,'Escape','automatic','gasoline','suv','4 Cylinder Engine 2.0L',NULL,4,2016,NULL,NULL,153030,1649500.00,'White Platinum Tri-Coat',NULL,NULL,NULL,NULL,NULL,NULL,NULL,NULL,NULL,NULL,1,0,1,'2024-06-09 01:55:06','2024-06-16 06:48:26'),(153,'0332d2887fa9738df1aa648696dc4a48',0,'car',13,'Escape','automatic','gasoline','suv','4 Cylinder Engine 2.0L',NULL,4,2016,NULL,NULL,153030,1649500.00,'White Platinum Tri-Coat',NULL,NULL,NULL,NULL,NULL,NULL,NULL,NULL,NULL,NULL,1,0,1,'2024-06-09 01:55:06','2024-06-16 06:48:26'),(154,'61e6fbcd8a71ee421a69d87aac2a5ebd',0,'car',13,'Civic','automatic','gasoline','sedan','4 Cylinder Engine 1.7L',NULL,4,2003,NULL,NULL,140887,429900.00,'Satin Silver Metallic',NULL,NULL,NULL,NULL,NULL,NULL,NULL,NULL,NULL,NULL,1,0,1,'2024-06-09 01:55:06','2024-06-16 06:48:26'),(155,'3f1084ce1c6ba4b432a7870d7348ea23',0,'car',13,'Civic','automatic','gasoline','sedan','4 Cylinder Engine 1.8L',NULL,4,2013,NULL,NULL,254911,739900.00,'Crimson Pearl',NULL,NULL,NULL,NULL,NULL,NULL,NULL,NULL,NULL,NULL,1,0,1,'2024-06-09 01:55:06','2024-06-16 06:48:26'),(156,'5f32f8fb096d1e0859490c215d2c09d9',0,'car',13,'Civic','automatic','gasoline','sedan','4 Cylinder Engine 1.8L',NULL,4,2014,NULL,NULL,236960,1049900.00,'Alabaster Silver Metallic',NULL,NULL,NULL,NULL,NULL,NULL,NULL,NULL,NULL,NULL,1,0,1,'2024-06-09 01:55:06','2024-06-16 06:48:26'),(157,'82b13a3bb7f748526f8c63b9bca6b427',0,'car',13,'Civic','automatic','gasoline','sedan','4 Cylinder Engine 1.8L',NULL,4,2012,NULL,NULL,141281,1099900.00,'Taffeta White',NULL,NULL,NULL,NULL,NULL,NULL,NULL,NULL,NULL,NULL,1,0,1,'2024-06-09 01:55:06','2024-06-16 06:48:26'),(158,'d09a45f8a19f9092a888cd2f3e9e0599',0,'car',13,'CR-V','automatic','gasoline','suv','4 Cylinder Engine 2.4L',NULL,4,2013,NULL,NULL,190218,1439900.00,'Alabaster Silver Metallic',NULL,NULL,NULL,NULL,NULL,NULL,NULL,NULL,NULL,NULL,1,0,1,'2024-06-09 01:55:06','2024-06-16 06:48:26'),(159,'716125e0daccd6ee8be0e8dc2698ec28',0,'car',13,'Elantra','automatic','gasoline','sedan','4 Cylinder Engine 1.8L',NULL,4,2013,NULL,NULL,244588,599900.00,'Black',NULL,NULL,NULL,NULL,NULL,NULL,NULL,NULL,NULL,NULL,1,0,1,'2024-06-09 01:55:06','2024-06-16 06:48:26'),(160,'9b9b5ac8570fa631851f0a79ada488f8',0,'car',13,'Elantra','automatic','gasoline','sedan','4 Cylinder Engine 1.8L',NULL,4,2012,NULL,NULL,164610,698900.00,'Shimmering White Mica',NULL,NULL,NULL,NULL,NULL,NULL,NULL,NULL,NULL,NULL,1,0,1,'2024-06-09 01:55:06','2024-06-16 06:48:26'),(161,'7d01c50c3af946fa31af0a328cf24b39',0,'car',13,'Santa','automatic','gasoline','suv','4 Cylinder Engine 2.4L',NULL,4,2013,NULL,NULL,161472,1388800.00,'Grey',NULL,NULL,NULL,NULL,NULL,NULL,NULL,NULL,NULL,NULL,1,0,1,'2024-06-09 01:55:06','2024-06-16 06:48:26'),(162,'8c8fa24c990eb4258cc69639bd3ae6e4',0,'car',13,'Elantra','automatic','gasoline','sedan','4 Cylinder Engine 2.0L',NULL,4,2015,NULL,NULL,117766,1449500.00,'Space Black Pearl',NULL,NULL,NULL,NULL,NULL,NULL,NULL,NULL,NULL,NULL,1,0,1,'2024-06-09 01:55:06','2024-06-16 06:48:26'),(163,'1ab15fe3c943a800bfbfae6848f0b869',0,'car',13,'Tucson','automatic','gasoline','suv','4 Cylinder Engine 2.0L',NULL,4,2016,NULL,NULL,190145,1469900.00,'Ash Black',NULL,NULL,NULL,NULL,NULL,NULL,NULL,NULL,NULL,NULL,1,0,1,'2024-06-09 01:55:06','2024-06-16 06:48:26'),(164,'e5296a9611bbf7397b9a23164f52ba03',0,'car',13,'Altima','automatic','gasoline','sedan','4 Cylinder Engine 2.5L',NULL,4,2015,NULL,NULL,236621,799900.00,'Brilliant Silver Metallic',NULL,NULL,NULL,NULL,NULL,NULL,NULL,NULL,NULL,NULL,1,0,1,'2024-06-09 01:55:06','2024-06-16 06:48:26'),(165,'0098a0574ee0ae23a5c60148756e58b2',0,'car',13,'Rogue','automatic','gasoline','suv','4 Cylinder Engine 2.5L',NULL,4,2017,NULL,NULL,189279,1349900.00,'White',NULL,NULL,NULL,NULL,NULL,NULL,NULL,NULL,NULL,NULL,1,0,1,'2024-06-09 01:55:06','2024-06-16 06:48:26'),(166,'af52282dec273bf6cff63594e477097a',0,'car',13,'Sentra','automatic','gasoline','sedan','1.8L 4 Cylinder Engine',NULL,4,2018,NULL,NULL,173182,1497500.00,'Scarlet Ember',NULL,NULL,NULL,NULL,NULL,NULL,NULL,NULL,NULL,NULL,1,0,1,'2024-06-09 01:55:06','2024-06-16 06:48:26'),(167,'17f10c49e3c21e4e2439195eb5ea52e1',0,'car',13,'Forester','automatic','gasoline','suv','4 Cylinder Engine 2.5L',NULL,4,2011,NULL,NULL,226900,849900.00,'Obsidian Black Pearl',NULL,NULL,NULL,NULL,NULL,NULL,NULL,NULL,NULL,NULL,1,0,1,'2024-06-09 01:55:06','2024-06-16 06:48:26'),(168,'7e2f68b190404c47282b988eb855e391',0,'car',13,'Tribeca','automatic','gasoline','suv','Flat 6 Cylinder Engine',NULL,4,2012,NULL,NULL,159880,1199500.00,'Gray',NULL,NULL,NULL,NULL,NULL,NULL,NULL,NULL,NULL,NULL,1,0,1,'2024-06-09 01:55:06','2024-06-16 06:48:26'),(169,'a576b33f5200b232b95a931deaec8346',0,'car',13,'Sentra','automatic','gasoline','sedan','1.8L L4 SFI DOHC 16V',NULL,4,2017,NULL,NULL,93378,1599800.00,'Gun Metallic',NULL,NULL,NULL,NULL,NULL,NULL,NULL,NULL,NULL,NULL,1,0,1,'2024-06-09 01:55:06','2024-06-16 06:48:26'),(170,'8bb7f3cafda18f0738f5b33a7afecba7',0,'car',13,'Focus','automatic','flex','hatchback','2.0L I4 FI DOHC 16V',NULL,2,2016,NULL,NULL,86452,1529900.00,'Grey',NULL,NULL,NULL,NULL,NULL,NULL,NULL,NULL,NULL,NULL,1,0,1,'2024-06-09 01:55:06','2024-06-16 06:48:26'),(171,'297ded60413290fe8bd92da93f1c5e1e',0,'car',13,'Impala','automatic','flex','sedan','V6 Cylinder Engine',NULL,4,2020,NULL,NULL,79573,2749500.00,'White',NULL,NULL,NULL,NULL,NULL,NULL,NULL,NULL,NULL,NULL,1,0,1,'2024-06-09 01:55:06','2024-06-16 06:48:26'),(172,'a2eb52bb7370640fb494ac5edd80356a',0,'car',13,'Equinox','automatic','gasoline','suv','V6 Cylinder Engine',NULL,4,2008,NULL,NULL,106000,749900.00,'Burgundy',NULL,NULL,NULL,NULL,NULL,NULL,NULL,NULL,NULL,NULL,1,0,1,'2024-06-09 01:55:06','2024-06-16 06:48:26'),(173,'6a4457ed6ae392c990e04f4a11704cdf',0,'car',13,'Impala','automatic','gasoline','sedan','V6 Cylinder Engine',NULL,4,2013,NULL,NULL,187000,788500.00,'Silver',NULL,NULL,NULL,NULL,NULL,NULL,NULL,NULL,NULL,NULL,1,0,1,'2024-06-09 01:55:06','2024-06-16 06:48:26'),(174,'87f6f8888363aff791f1d6d8aa93afa1',0,'car',13,'Equinox','automatic','gasoline','suv','V6 Cylinder Engine',NULL,4,2011,NULL,NULL,91980,1299000.00,'White',NULL,NULL,NULL,NULL,NULL,NULL,NULL,NULL,NULL,NULL,1,0,1,'2024-06-09 01:55:06','2024-06-16 06:48:26'),(175,'b2d4c0d97ff947f2438c7796f77df4de',0,'car',13,'Edge','automatic','gasoline','suv','V6 Cylinder Engine',NULL,4,2008,NULL,NULL,176000,699500.00,'Black',NULL,NULL,NULL,NULL,NULL,NULL,NULL,NULL,NULL,NULL,1,0,1,'2024-06-09 01:55:06','2024-06-16 06:48:26'),(176,'974241756fac045cf9451ad9072b9061',0,'car',13,'Escape','automatic','gasoline','suv','V6 Cylinder Engine',NULL,4,2012,NULL,NULL,174789,758800.00,'Grey',NULL,NULL,NULL,NULL,NULL,NULL,NULL,NULL,NULL,NULL,1,0,1,'2024-06-09 01:55:06','2024-06-16 06:48:26'),(177,'8f450633b138a7bcc2925712f7488b4b',0,'car',13,'Flex','automatic','gasoline','suv','V6 Cylinder Engine',NULL,4,2014,NULL,NULL,262655,899900.00,'White',NULL,NULL,NULL,NULL,NULL,NULL,NULL,NULL,NULL,NULL,1,0,1,'2024-06-09 01:55:06','2024-06-16 06:48:26'),(178,'591e57a7091a47dfbbc072e71202d3b6',0,'car',13,'Explorer','automatic','gasoline','suv','V6 Cylinder Engine',NULL,4,2013,NULL,NULL,221000,978500.00,'Red',NULL,NULL,NULL,NULL,NULL,NULL,NULL,NULL,NULL,NULL,1,0,1,'2024-06-09 01:55:06','2024-06-16 06:48:26'),(179,'b467876d7154d4b2b5275c18ddc83fca',0,'car',13,'Edge','automatic','gasoline','suv','V6 Cylinder Engine',NULL,5,2013,NULL,NULL,208002,999500.00,'Black',NULL,NULL,NULL,NULL,NULL,NULL,NULL,NULL,NULL,NULL,1,0,1,'2024-06-09 01:55:06','2024-06-16 06:48:26'),(180,'cbb0d28406c91fda1b13d7dc26763187',0,'car',13,'Edge','automatic','gasoline','suv','V6 Cylinder Engine',NULL,4,2011,NULL,NULL,158365,1199900.00,'Black',NULL,NULL,NULL,NULL,NULL,NULL,NULL,NULL,NULL,NULL,1,0,1,'2024-06-09 01:55:06','2024-06-16 06:48:26'),(181,'1996ba734e48c87029ec6f4aaacd4d6e',0,'car',13,'Edge','automatic','gasoline','suv','V6 Cylinder Engine',NULL,4,2013,NULL,NULL,155115,1299500.00,'Ginger Ale Metallic',NULL,NULL,NULL,NULL,NULL,NULL,NULL,NULL,NULL,NULL,1,0,1,'2024-06-09 01:55:06','2024-06-16 06:48:26'),(182,'acae813add1be4fdc279f86a37bb3949',0,'car',13,'Explorer','automatic','gasoline','suv','V6 Cylinder Engine',NULL,4,2014,NULL,NULL,209731,1388800.00,'White',NULL,NULL,NULL,NULL,NULL,NULL,NULL,NULL,NULL,NULL,1,0,1,'2024-06-09 01:55:06','2024-06-16 06:48:26'),(183,'3754ab5056cb945435dcb09314934c69',0,'car',13,'Explorer','automatic','gasoline','suv','V6 Cylinder Engine',NULL,4,2012,NULL,NULL,172000,1490000.00,'Ingot Silver Metallic',NULL,NULL,NULL,NULL,NULL,NULL,NULL,NULL,NULL,NULL,1,0,1,'2024-06-09 01:55:06','2024-06-16 06:48:26'),(184,'e29781d819722fb94cff3c33e664c371',0,'car',13,'Pilot','automatic','gasoline','suv','V6 Cylinder Engine',NULL,4,2011,NULL,NULL,191930,1299500.00,'Black',NULL,NULL,NULL,NULL,NULL,NULL,NULL,NULL,NULL,NULL,1,0,1,'2024-06-09 01:55:06','2024-06-16 06:48:26'),(185,'1e459cbe0278871d6a1fa02ee50a335b',0,'car',13,'Accord','automatic','gasoline','sedan','V6 Cylinder Engine',NULL,4,2014,NULL,NULL,235110,1299500.00,'Obsidian Blue Pearl',NULL,NULL,NULL,NULL,NULL,NULL,NULL,NULL,NULL,NULL,1,0,1,'2024-06-09 01:55:06','2024-06-16 06:48:26'),(186,'98cc10f3a97ad52b52bc1b5f11cead94',0,'car',13,'Crosstour','automatic','gasoline','hatchback','V6 Cylinder Engine',NULL,4,2014,NULL,NULL,220300,1299500.00,'Crystal Black Pearl',NULL,NULL,NULL,NULL,NULL,NULL,NULL,NULL,NULL,NULL,1,0,1,'2024-06-09 01:55:06','2024-06-16 06:48:26'),(187,'9d6a97f5db1491a673b4edd36447e61d',0,'car',13,'Santa','automatic','gasoline','suv','V6 Cylinder Engine',NULL,4,2017,NULL,NULL,177450,1589500.00,'Iron Frost',NULL,NULL,NULL,NULL,NULL,NULL,NULL,NULL,NULL,NULL,1,0,1,'2024-06-09 01:55:06','2024-06-16 06:48:26'),(188,'9797d74dcc18e1dffbbff9bb9a3ef914',0,'car',13,'Pathfinder','automatic','gasoline','suv','V6 Cylinder Engine',NULL,4,2007,NULL,NULL,1,599000.00,'Gray',NULL,NULL,NULL,NULL,NULL,NULL,NULL,NULL,NULL,NULL,1,0,1,'2024-06-09 01:55:06','2024-06-16 06:48:26'),(189,'5f28f0cbd6ca7c962fac2483d3714f37',0,'car',13,'Xterra','automatic','gasoline','suv','V6 Cylinder Engine',NULL,4,2013,NULL,NULL,223000,1185000.00,'Brilliant Silver Metallic',NULL,NULL,NULL,NULL,NULL,NULL,NULL,NULL,NULL,NULL,1,0,1,'2024-06-09 01:55:06','2024-06-16 06:48:26'),(190,'26f6b26c0d14ffc37a9911bc511af911',0,'car',13,'Maxima','automatic','gasoline','sedan','V6 Cylinder Engine',NULL,4,2012,NULL,NULL,96000,1290000.00,'Winter Frost Pearl',NULL,NULL,NULL,NULL,NULL,NULL,NULL,NULL,NULL,NULL,1,0,1,'2024-06-09 01:55:06','2024-06-16 06:48:26'),(191,'63af7acf961dfb84a434fe84c96a69bf',0,'car',13,'Pathfinder','automatic','gasoline','suv','V6 Cylinder Engine',NULL,4,2015,NULL,NULL,181000,1399500.00,'Brown',NULL,NULL,NULL,NULL,NULL,NULL,NULL,NULL,NULL,NULL,1,0,1,'2024-06-09 01:55:06','2024-06-16 06:48:26'),(192,'78ff9288974624d0de8f5c0bfef555ad',0,'car',13,'Pathfinder','automatic','gasoline','suv','V6 Cylinder Engine',NULL,5,2014,NULL,NULL,150800,1499000.00,'Grey',NULL,NULL,NULL,NULL,NULL,NULL,NULL,NULL,NULL,NULL,1,0,1,'2024-06-09 01:55:06','2024-06-16 06:48:26'),(193,'a6ba950a4ddd81177949c2aa6ee97db2',0,'car',13,'Maxima','automatic','gasoline','sedan','V6 Cylinder Engine',NULL,4,2016,NULL,NULL,210125,1499500.00,'Super Black Metallic',NULL,NULL,NULL,NULL,NULL,NULL,NULL,NULL,NULL,NULL,1,0,1,'2024-06-09 01:55:06','2024-06-16 06:48:26'),(194,'1ebd2f74a98d38583118ef41ea9e7567',0,'car',13,'HHR','automatic','gasoline','hatchback','4 Cylinder Engine',NULL,4,2007,NULL,NULL,139450,599500.00,'Silverstone Metallic',NULL,NULL,NULL,NULL,NULL,NULL,NULL,NULL,NULL,NULL,1,0,1,'2024-06-09 01:55:06','2024-06-16 06:48:26'),(195,'30a078fcb2c1d2f92a1e5a9de89530ae',0,'car',13,'Cruze','automatic','gasoline','sedan','4 Cylinder Engine',NULL,4,2012,NULL,NULL,218670,649500.00,'Black Granite Metallic',NULL,NULL,NULL,NULL,NULL,NULL,NULL,NULL,NULL,NULL,1,0,1,'2024-06-09 01:55:06','2024-06-16 06:48:26'),(196,'019d836ca5ddf5932c3744177816900c',0,'car',13,'Malibu','automatic','flex','sedan','4 Cylinder Engine',NULL,4,2009,NULL,NULL,167876,699000.00,'Silver',NULL,NULL,NULL,NULL,NULL,NULL,NULL,NULL,NULL,NULL,1,0,1,'2024-06-09 01:55:06','2024-06-16 06:48:26'),(197,'a41395bb3eb6073a4cb037108c1290a5',0,'car',13,'Spark','automatic','gasoline','hatchback','4 Cylinder Engine',NULL,4,2013,NULL,NULL,220500,699500.00,'Jalapeno Metallic',NULL,NULL,NULL,NULL,NULL,NULL,NULL,NULL,NULL,NULL,1,0,1,'2024-06-09 01:55:06','2024-06-16 06:48:26'),(198,'ea2301b76f1f38afa2697e35d6e7d153',0,'car',13,'Sonic','automatic','gasoline','hatchback','4 Cylinder Engine',NULL,4,2014,NULL,NULL,214530,699500.00,'Black Granite Metallic',NULL,NULL,NULL,NULL,NULL,NULL,NULL,NULL,NULL,NULL,1,0,1,'2024-06-09 01:55:06','2024-06-16 06:48:26'),(199,'8bb08f2bda89ec2b47eaec4ddde955bd',0,'car',13,'Cruze','automatic','gasoline','sedan','4 Cylinder Engine',NULL,4,2011,NULL,NULL,128729,699900.00,'Summit White',NULL,NULL,NULL,NULL,NULL,NULL,NULL,NULL,NULL,NULL,1,0,1,'2024-06-09 01:55:06','2024-06-16 06:48:26'),(200,'e57dd99151cffacd80ba936b97cdc8fd',0,'car',13,'Cruze','automatic','gasoline','sedan','4 Cylinder Engine',NULL,4,2011,NULL,NULL,165511,699900.00,'Crystal Red Tintcoat',NULL,NULL,NULL,NULL,NULL,NULL,NULL,NULL,NULL,NULL,1,0,1,'2024-06-09 01:55:06','2024-06-16 06:48:26'),(201,'600eba399ca63979f6f95ec07341d6d4',0,'car',13,'Equinox','automatic','gasoline','suv','4 Cylinder Engine',NULL,4,2012,NULL,NULL,203394,729500.00,'Twilight Blue Metallic',NULL,NULL,NULL,NULL,NULL,NULL,NULL,NULL,NULL,NULL,1,0,1,'2024-06-09 01:55:06','2024-06-16 06:48:26'),(202,'86fd5e60524e206ca0afcb3d074e11a4',0,'car',13,'Equinox','automatic','gasoline','suv','4 Cylinder Engine',NULL,4,2015,NULL,NULL,350000,780000.00,'Black',NULL,NULL,NULL,NULL,NULL,NULL,NULL,NULL,NULL,NULL,1,0,1,'2024-06-09 01:55:06','2024-06-16 06:48:26'),(203,'19eb3ffa0fcbc7f27810911bc439332b',0,'car',13,'Cruze','automatic','gasoline','sedan','4 Cylinder Engine',NULL,4,2012,NULL,NULL,112000,799500.00,'Silver Ice Metallic',NULL,NULL,NULL,NULL,NULL,NULL,NULL,NULL,NULL,NULL,1,0,1,'2024-06-09 01:55:06','2024-06-16 06:48:26'),(204,'ef8f738c9a3996e9fcc66252465b9534',0,'car',13,'Cruze','automatic','gasoline','sedan','4 Cylinder Engine',NULL,4,2012,NULL,NULL,132000,877700.00,'Silver Ice Metallic',NULL,NULL,NULL,NULL,NULL,NULL,NULL,NULL,NULL,NULL,1,0,1,'2024-06-09 01:55:06','2024-06-16 06:48:26'),(205,'554284c4ae93a256bdf919b1a1d0ec67',0,'car',13,'Cruze','automatic','gasoline','sedan','4 Cylinder Engine',NULL,4,2014,NULL,NULL,167000,890000.00,'Silver',NULL,NULL,NULL,NULL,NULL,NULL,NULL,NULL,NULL,NULL,1,0,1,'2024-06-09 01:55:06','2024-06-16 06:48:26'),(206,'dbb32e95ee12fa6bcc201df4efa59192',0,'car',13,'Cruze','automatic','gasoline','sedan','4 Cylinder Engine',NULL,4,2015,NULL,NULL,167000,890000.00,'Black Granite Metallic',NULL,NULL,NULL,NULL,NULL,NULL,NULL,NULL,NULL,NULL,1,0,1,'2024-06-09 01:55:06','2024-06-16 06:48:26'),(207,'748a7ecdd1bfcfbcbcb7bd02f01aa6d7',0,'car',13,'Cruze','automatic','gasoline','sedan','4 Cylinder Engine',NULL,4,2013,NULL,NULL,219860,899500.00,'Gray',NULL,NULL,NULL,NULL,NULL,NULL,NULL,NULL,NULL,NULL,1,0,1,'2024-06-09 01:55:06','2024-06-16 06:48:26'),(208,'2a7b73f43bf7013a1a6b6cdd11a1004f',0,'car',13,'Cruze','automatic','gasoline','sedan','4 Cylinder Engine',NULL,4,2014,NULL,NULL,139900,899900.00,'Black',NULL,NULL,NULL,NULL,NULL,NULL,NULL,NULL,NULL,NULL,1,0,1,'2024-06-09 01:55:06','2024-06-16 06:48:26'),(209,'f9cab093a6c6025dbc1f31b96fbfc8c8',0,'car',13,'Equinox','automatic','gasoline','suv','4 Cylinder Engine',NULL,4,2011,NULL,NULL,112861,980000.00,'Beige',NULL,NULL,NULL,NULL,NULL,NULL,NULL,NULL,NULL,NULL,1,0,1,'2024-06-09 01:55:06','2024-06-16 06:48:26'),(210,'355e2aa1e4fef60012b893d3f37fa5d4',0,'car',13,'Cruze','automatic','gasoline','sedan','4 Cylinder Engine',NULL,4,2013,NULL,NULL,137750,999500.00,'Black Granite Metallic',NULL,NULL,NULL,NULL,NULL,NULL,NULL,NULL,NULL,NULL,1,0,1,'2024-06-09 01:55:06','2024-06-16 06:48:26'),(211,'239da63a14217821bc91cca0fe8f7ce8',0,'car',13,'Cruze','automatic','gasoline','sedan','4 Cylinder Engine',NULL,4,2012,NULL,NULL,86713,1055000.00,'Blue',NULL,NULL,NULL,NULL,NULL,NULL,NULL,NULL,NULL,NULL,1,0,1,'2024-06-09 01:55:06','2024-06-16 06:48:26'),(212,'154885749893f45ca4a0c26389428ced',0,'car',13,'Cruze','automatic','gasoline','sedan','4 Cylinder Engine',NULL,4,2014,NULL,NULL,121775,1075000.00,'Silver',NULL,NULL,NULL,NULL,NULL,NULL,NULL,NULL,NULL,NULL,1,0,1,'2024-06-09 01:55:06','2024-06-16 06:48:26'),(213,'771127756944615c92b98f738bce54d6',0,'car',13,'Cruze','automatic','gasoline','sedan','4 Cylinder Engine',NULL,4,2011,NULL,NULL,69000,1090000.00,'Blue',NULL,NULL,NULL,NULL,NULL,NULL,NULL,NULL,NULL,NULL,1,0,1,'2024-06-09 01:55:06','2024-06-16 06:48:26'),(214,'72f6d84dffb99b213131821d16bacd3e',0,'car',13,'Trax','manual','gasoline','suv','4 Cylinder Engine',NULL,4,2014,NULL,NULL,123000,1090000.00,'Silver',NULL,NULL,NULL,NULL,NULL,NULL,NULL,NULL,NULL,NULL,1,0,1,'2024-06-09 01:55:06','2024-06-16 06:48:26'),(215,'276a1837b15c9e8190ba7db6195a2f95',0,'car',13,'Sonic','automatic','gasoline','hatchback','4 Cylinder Engine',NULL,4,2013,NULL,NULL,117700,1099500.00,'Gray',NULL,NULL,NULL,NULL,NULL,NULL,NULL,NULL,NULL,NULL,1,0,1,'2024-06-09 01:55:06','2024-06-16 06:48:26'),(216,'02f80cf438800b5821d6a4a050215f07',0,'car',13,'Cruze','automatic','gasoline','sedan','4 Cylinder Engine',NULL,4,2014,NULL,NULL,85000,1127700.00,'Red',NULL,NULL,NULL,NULL,NULL,NULL,NULL,NULL,NULL,NULL,1,0,1,'2024-06-09 01:55:06','2024-06-16 06:48:26'),(217,'2e82032e4db04597267d3741696f4e7c',0,'car',13,'Malibu','automatic','gasoline','sedan','4 Cylinder Engine',NULL,4,2013,NULL,NULL,124378,1149900.00,'Red',NULL,NULL,NULL,NULL,NULL,NULL,NULL,NULL,NULL,NULL,1,0,1,'2024-06-09 01:55:06','2024-06-16 06:48:26'),(218,'e8bbc19aa83bd37f3b804546258bb9d0',0,'car',13,'Malibu','automatic','gasoline','sedan','4 Cylinder Engine',NULL,4,2014,NULL,NULL,139417,1198800.00,'Grey',NULL,NULL,NULL,NULL,NULL,NULL,NULL,NULL,NULL,NULL,1,0,1,'2024-06-09 01:55:06','2024-06-16 06:48:26'),(219,'265a3c7bc680381659639d9012d9304a',0,'car',13,'Cruze','automatic','gasoline','sedan','4 Cylinder Engine',NULL,4,2016,NULL,NULL,99978,1244900.00,'Silver',NULL,NULL,NULL,NULL,NULL,NULL,NULL,NULL,NULL,NULL,1,0,1,'2024-06-09 01:55:06','2024-06-16 06:48:26'),(220,'c2f0242992c2cf47e4419b53b8e57ca6',0,'car',13,'Cruze','automatic','gasoline','sedan','4 Cylinder Engine',NULL,4,2016,NULL,NULL,83850,1244900.00,'Silver',NULL,NULL,NULL,NULL,NULL,NULL,NULL,NULL,NULL,NULL,1,0,1,'2024-06-09 01:55:06','2024-06-16 06:48:26'),(221,'2d716850ed7461e7708365942cdbe002',0,'car',13,'Cruze','automatic','gasoline','sedan','4 Cylinder Engine',NULL,4,2015,NULL,NULL,96927,1294900.00,'Silver',NULL,NULL,NULL,NULL,NULL,NULL,NULL,NULL,NULL,NULL,1,0,1,'2024-06-09 01:55:06','2024-06-16 06:48:26'),(222,'682d25caac9a68d4b09c979eda546395',0,'car',13,'Spark','automatic','gasoline','hatchback','4 Cylinder Engine',NULL,5,2016,NULL,NULL,127115,1299500.00,'Burgundy',NULL,NULL,NULL,NULL,NULL,NULL,NULL,NULL,NULL,NULL,1,0,1,'2024-06-09 01:55:06','2024-06-16 06:48:26'),(223,'0412b9c97f53bab1629e529fa74aeb6b',0,'car',13,'Spark','automatic','gasoline','hatchback','4 Cylinder Engine',NULL,4,2018,NULL,NULL,38233,1444900.00,'Silver',NULL,NULL,NULL,NULL,NULL,NULL,NULL,NULL,NULL,NULL,1,0,1,'2024-06-09 01:55:06','2024-06-16 06:48:26'),(224,'54399bdf873bec83407a4cf6f5ae4f96',0,'car',13,'Spark','automatic','gasoline','hatchback','4 Cylinder Engine',NULL,4,2019,NULL,NULL,104705,1549500.00,'Caribbean Blue Metallic',NULL,NULL,NULL,NULL,NULL,NULL,NULL,NULL,NULL,NULL,1,0,1,'2024-06-09 01:55:06','2024-06-16 06:48:26'),(225,'36ed2e4ee8141c4194248ceb15d83c49',0,'car',13,'Fiesta','automatic','gasoline','hatchback','4 Cylinder Engine',NULL,5,2014,NULL,NULL,190504,599900.00,'Tuxedo Black Metallic',NULL,NULL,NULL,NULL,NULL,NULL,NULL,NULL,NULL,NULL,1,0,1,'2024-06-09 01:55:06','2024-06-16 06:48:26'),(226,'89a1ae8800996a228151f714bb98b3a7',0,'car',13,'Focus','automatic','gasoline','hatchback','4 Cylinder Engine',NULL,4,2012,NULL,NULL,169000,699500.00,'Black',NULL,NULL,NULL,NULL,NULL,NULL,NULL,NULL,NULL,NULL,1,0,1,'2024-06-09 01:55:06','2024-06-16 06:48:26'),(227,'5b9489fd285c6fde2241fc2ab8dd5a0f',0,'car',13,'Escape','automatic','gasoline','suv','4 Cylinder Engine',NULL,4,2013,NULL,NULL,230132,699900.00,'White',NULL,NULL,NULL,NULL,NULL,NULL,NULL,NULL,NULL,NULL,1,0,1,'2024-06-09 01:55:06','2024-06-16 06:48:26'),(228,'be67300fd894c9c16339dd37e8653be8',0,'car',13,'Fiesta','automatic','gasoline','hatchback','4 Cylinder Engine',NULL,4,2011,NULL,NULL,174276,749900.00,'Grey',NULL,NULL,NULL,NULL,NULL,NULL,NULL,NULL,NULL,NULL,1,0,1,'2024-06-09 01:55:06','2024-06-16 06:48:26'),(229,'8ab99c9944d107b224acff447954cb9e',0,'car',13,'Focus','automatic','flex','hatchback','4 Cylinder Engine',NULL,4,2012,NULL,NULL,141000,798000.00,'Grey',NULL,NULL,NULL,NULL,NULL,NULL,NULL,NULL,NULL,NULL,1,0,1,'2024-06-09 01:55:06','2024-06-16 06:48:26'),(230,'8e46e172e8122fff05a4997d9c3afba9',0,'car',13,'Focus','automatic','gasoline','sedan','4 Cylinder Engine',NULL,4,2011,NULL,NULL,150232,798800.00,'White Suede',NULL,NULL,NULL,NULL,NULL,NULL,NULL,NULL,NULL,NULL,1,0,1,'2024-06-09 01:55:06','2024-06-16 06:48:26'),(231,'816bb0c672251b20197c1479276fbb7b',0,'car',13,'Focus','automatic','flex','hatchback','4 Cylinder Engine',NULL,4,2013,NULL,NULL,201770,850000.00,'Grey',NULL,NULL,NULL,NULL,NULL,NULL,NULL,NULL,NULL,NULL,1,0,1,'2024-06-09 01:55:06','2024-06-16 06:48:26'),(232,'4a29657a3b3dff12cde60ae7f8260228',0,'car',13,'Escape','automatic','gasoline','suv','4 Cylinder Engine',NULL,4,2013,NULL,NULL,181807,999900.00,'Ruby Red Tinted',NULL,NULL,NULL,NULL,NULL,NULL,NULL,NULL,NULL,NULL,1,0,1,'2024-06-09 01:55:06','2024-06-16 06:48:26'),(233,'ec49b097a11143ed9ce42f455470adb9',0,'car',13,'Escape','automatic','gasoline','suv','4 Cylinder Engine',NULL,4,2015,NULL,NULL,181000,1148500.00,'Red',NULL,NULL,NULL,NULL,NULL,NULL,NULL,NULL,NULL,NULL,1,0,1,'2024-06-09 01:55:06','2024-06-16 06:48:26'),(234,'b17a7e6bc93da653a511c21859f4e89e',0,'car',13,'Escape','automatic','gasoline','suv','4 Cylinder Engine',NULL,4,2016,NULL,NULL,210855,1149900.00,'White',NULL,NULL,NULL,NULL,NULL,NULL,NULL,NULL,NULL,NULL,1,0,1,'2024-06-09 01:55:06','2024-06-16 06:48:26'),(235,'61a1a10fd4fa876832992321fcb1385e',0,'car',13,'Fusion','automatic','gasoline','sedan','4 Cylinder Engine',NULL,4,2012,NULL,NULL,91323,1198800.00,'Charcoal',NULL,NULL,NULL,NULL,NULL,NULL,NULL,NULL,NULL,NULL,1,0,1,'2024-06-09 01:55:06','2024-06-16 06:48:26'),(236,'6c172e975c961a1aa0da1b5e71d75bf5',0,'car',13,'Focus','automatic','gasoline','sedan','4 Cylinder Engine',NULL,4,2014,NULL,NULL,120570,1288800.00,'Sterling Grey Metallic',NULL,NULL,NULL,NULL,NULL,NULL,NULL,NULL,NULL,NULL,1,0,1,'2024-06-09 01:55:06','2024-06-16 06:48:26'),(237,'8ebb9153c9a8c405b4e346029dbe630d',0,'car',13,'Fusion','automatic','gasoline','sedan','4 Cylinder Engine',NULL,4,2015,NULL,NULL,194614,1288800.00,'Tuxedo Black',NULL,NULL,NULL,NULL,NULL,NULL,NULL,NULL,NULL,NULL,1,0,1,'2024-06-09 01:55:06','2024-06-16 06:48:26'),(238,'4cc103e6447537c891b300b44c94619d',0,'car',13,'Fiesta','automatic','gasoline','sedan','4 Cylinder Engine',NULL,4,2014,NULL,NULL,136950,1299500.00,'Burgundy',NULL,NULL,NULL,NULL,NULL,NULL,NULL,NULL,NULL,NULL,1,0,1,'2024-06-09 01:55:06','2024-06-16 06:48:26'),(239,'e539c4d563d8c327b68b8255f610817c',0,'car',13,'Escape','automatic','gasoline','suv','4 Cylinder Engine',NULL,4,2015,NULL,NULL,145110,1299500.00,'Magnetic Metallic',NULL,NULL,NULL,NULL,NULL,NULL,NULL,NULL,NULL,NULL,1,0,1,'2024-06-09 01:55:06','2024-06-16 06:48:26'),(240,'bb0e48b647d988c329ff7ba5ae827693',0,'car',13,'Focus','automatic','gasoline','hatchback','4 Cylinder Engine',NULL,4,2016,NULL,NULL,94000,1329900.00,'Grey',NULL,NULL,NULL,NULL,NULL,NULL,NULL,NULL,NULL,NULL,1,0,1,'2024-06-09 01:55:06','2024-06-16 06:48:26'),(241,'3d0419c8d3452c06e8269a0f44152417',0,'car',13,'Escape','automatic','gasoline','suv','4 Cylinder Engine',NULL,4,2013,NULL,NULL,71232,1349500.00,'Ruby Red Tinted',NULL,NULL,NULL,NULL,NULL,NULL,NULL,NULL,NULL,NULL,1,0,1,'2024-06-09 01:55:06','2024-06-16 06:48:26'),(242,'f426b0827b0d03dca0d3540ccb4cab62',0,'car',13,'Escape','automatic','gasoline','suv','4 Cylinder Engine',NULL,4,2017,NULL,NULL,145000,1480000.00,'Lightning Blue',NULL,NULL,NULL,NULL,NULL,NULL,NULL,NULL,NULL,NULL,1,0,1,'2024-06-09 01:55:06','2024-06-16 06:48:26'),(243,'0b9169c81684a0cd956e2bf5133db363',0,'car',13,'Escape','automatic','gasoline','suv','4 Cylinder Engine',NULL,4,2018,NULL,NULL,192000,1498500.00,'Blue',NULL,NULL,NULL,NULL,NULL,NULL,NULL,NULL,NULL,NULL,1,0,1,'2024-06-09 01:55:06','2024-06-16 06:48:26'),(244,'ebd9e62258b5991a8d1c42840ebc16c6',0,'car',13,'Edge','automatic','gasoline','suv','4 Cylinder Engine',NULL,4,2015,NULL,NULL,177000,1499500.00,'Black',NULL,NULL,NULL,NULL,NULL,NULL,NULL,NULL,NULL,NULL,1,0,1,'2024-06-09 01:55:06','2024-06-16 06:48:26'),(245,'95b69e157cf53d593bdb7f3948cdeeff',0,'car',13,'Fusion','automatic','gasoline','sedan','4 Cylinder Engine',NULL,4,2017,NULL,NULL,145420,1598000.00,'Shadow Black',NULL,NULL,NULL,NULL,NULL,NULL,NULL,NULL,NULL,NULL,1,0,1,'2024-06-09 01:55:06','2024-06-16 06:48:26'),(246,'d07c33661a21e5c722424337d5ba41fb',0,'car',13,'Edge','automatic','gasoline','suv','4 Cylinder Engine',NULL,4,2015,NULL,NULL,137000,1599500.00,'Black',NULL,NULL,NULL,NULL,NULL,NULL,NULL,NULL,NULL,NULL,1,0,1,'2024-06-09 01:55:06','2024-06-16 06:48:26'),(247,'3c9d8a9dd2afa5093537073b8d0242de',0,'car',13,'Escape','automatic','gasoline','suv','4 Cylinder Engine',NULL,4,2019,NULL,NULL,197200,1599500.00,'Grey',NULL,NULL,NULL,NULL,NULL,NULL,NULL,NULL,NULL,NULL,1,0,1,'2024-06-09 01:55:06','2024-06-16 06:48:26'),(248,'ca6de36ca18e9d7cc2e21c6825fb1fdc',0,'car',13,'Accord','automatic','gasoline','sedan','4 Cylinder Engine',NULL,2,2008,NULL,NULL,290000,589500.00,'Black',NULL,NULL,NULL,NULL,NULL,NULL,NULL,NULL,NULL,NULL,1,0,1,'2024-06-09 01:55:06','2024-06-16 06:48:26'),(249,'40e31928eca47f5ad8a181725fa4e53a',0,'car',13,'CR-V','automatic','gasoline','suv','4 Cylinder Engine',NULL,5,2007,NULL,NULL,258242,695000.00,'Black',NULL,NULL,NULL,NULL,NULL,NULL,NULL,NULL,NULL,NULL,1,0,1,'2024-06-09 01:55:06','2024-06-16 06:48:26'),(250,'ba93721e7bb32028ec7d21fac612806e',0,'car',13,'CR-V','automatic','gasoline','suv','4 Cylinder Engine',NULL,4,2007,NULL,NULL,227000,795000.00,'Blue',NULL,NULL,NULL,NULL,NULL,NULL,NULL,NULL,NULL,NULL,1,0,1,'2024-06-09 01:55:06','2024-06-16 06:48:26'),(251,'ba1aa216b5df7232efe97ed31d584059',0,'car',13,'Civic','automatic','gasoline','sedan','4 Cylinder Engine',NULL,4,2013,NULL,NULL,256026,849900.00,'Black',NULL,NULL,NULL,NULL,NULL,NULL,NULL,NULL,NULL,NULL,1,0,1,'2024-06-09 01:55:06','2024-06-16 06:48:26'),(252,'136acfb44c9b4d7b1e98dbdb48e3c350',0,'car',13,'Civic','automatic','gasoline','sedan','4 Cylinder Engine',NULL,4,2010,NULL,NULL,180801,898900.00,'Silver',NULL,NULL,NULL,NULL,NULL,NULL,NULL,NULL,NULL,NULL,1,0,1,'2024-06-09 01:55:06','2024-06-16 06:48:26'),(253,'eadf46295bbe785d777ae499c20d6e5e',0,'car',13,'CR-V','automatic','gasoline','suv','4 Cylinder Engine',NULL,4,2010,NULL,NULL,246091,899500.00,'Grey',NULL,NULL,NULL,NULL,NULL,NULL,NULL,NULL,NULL,NULL,1,0,1,'2024-06-09 01:55:06','2024-06-16 06:48:26'),(254,'1f085585f4edc9dc6b5632b8e6635b17',0,'car',13,'CR-V','automatic','gasoline','suv','4 Cylinder Engine',NULL,4,2009,NULL,NULL,219700,1048800.00,'Alabaster Silver Metallic',NULL,NULL,NULL,NULL,NULL,NULL,NULL,NULL,NULL,NULL,1,0,1,'2024-06-09 01:55:06','2024-06-16 06:48:26'),(255,'84b0ca48e64c1314211690277ab8f3be',0,'car',13,'HR-V','automatic','gasoline','suv','4 Cylinder Engine',NULL,4,2023,NULL,NULL,8665,1093500.00,'White',NULL,NULL,NULL,NULL,NULL,NULL,NULL,NULL,NULL,NULL,1,0,1,'2024-06-09 01:55:06','2024-06-16 06:48:26'),(256,'461ce67f1a7a5fc6ef379d7f300ff38c',0,'car',13,'Civic','automatic','gasoline','sedan','4 Cylinder Engine',NULL,4,2012,NULL,NULL,153200,1099500.00,'Taffeta White',NULL,NULL,NULL,NULL,NULL,NULL,NULL,NULL,NULL,NULL,1,0,1,'2024-06-09 01:55:06','2024-06-16 06:48:26'),(257,'5e91d2dd030ee29fda3623b341950612',0,'car',13,'Civic','automatic','gasoline','sedan','4 Cylinder Engine',NULL,4,2010,NULL,NULL,148464,1099900.00,'Black',NULL,NULL,NULL,NULL,NULL,NULL,NULL,NULL,NULL,NULL,1,0,1,'2024-06-09 01:55:06','2024-06-16 06:48:26'),(258,'34fc69fcae86d4859ea2a81294e47de3',0,'car',13,'CR-V','automatic','gasoline','suv','4 Cylinder Engine',NULL,4,2012,NULL,NULL,229000,1199500.00,'Silver',NULL,NULL,NULL,NULL,NULL,NULL,NULL,NULL,NULL,NULL,1,0,1,'2024-06-09 01:55:06','2024-06-16 06:48:26'),(259,'1e2e0024fc773101ed81dce3c5adedc9',0,'car',13,'CR-V','automatic','gasoline','suv','4 Cylinder Engine',NULL,4,2012,NULL,NULL,231123,1249500.00,'Alabaster Silver Metallic',NULL,NULL,NULL,NULL,NULL,NULL,NULL,NULL,NULL,NULL,1,0,1,'2024-06-09 01:55:06','2024-06-16 06:48:26'),(260,'7d551e99158f9f91dc9eda3bfca0df4e',0,'car',13,'Accord','automatic','gasoline','sedan','4 Cylinder Engine',NULL,4,2015,NULL,NULL,243300,1249500.00,'white',NULL,NULL,NULL,NULL,NULL,NULL,NULL,NULL,NULL,NULL,1,0,1,'2024-06-09 01:55:06','2024-06-16 06:48:26'),(261,'e1dc4fef3b894c3a36033d2f1de8316f',0,'car',13,'Civic','automatic','gasoline','sedan','4 Cylinder Engine',NULL,4,2013,NULL,NULL,145000,1295000.00,'Brown',NULL,NULL,NULL,NULL,NULL,NULL,NULL,NULL,NULL,NULL,1,0,1,'2024-06-09 01:55:06','2024-06-16 06:48:26'),(262,'a7ca6af3f08937ad448c8a196f7541b8',0,'car',13,'CR-V','automatic','gasoline','suv','4 Cylinder Engine',NULL,4,2011,NULL,NULL,142482,1399500.00,'Dark Grey',NULL,NULL,NULL,NULL,NULL,NULL,NULL,NULL,NULL,NULL,1,0,1,'2024-06-09 01:55:06','2024-06-16 06:48:26'),(263,'cfabd0b24016dd63cf7539b7461bf4ad',0,'car',13,'Civic','automatic','gasoline','sedan','4 Cylinder Engine',NULL,4,2015,NULL,NULL,168227,1448000.00,'Black',NULL,NULL,NULL,NULL,NULL,NULL,NULL,NULL,NULL,NULL,1,0,1,'2024-06-09 01:55:06','2024-06-16 06:48:26'),(264,'e5e8949ce20a851828f54ba3adf01586',0,'car',13,'Accord','automatic','gasoline','sedan','4 Cylinder Engine',NULL,4,2010,NULL,NULL,112638,1478800.00,'Mystic Green Metallic',NULL,NULL,NULL,NULL,NULL,NULL,NULL,NULL,NULL,NULL,1,0,1,'2024-06-09 01:55:06','2024-06-16 06:48:26'),(265,'1ce054d0babb8304d08928dff70d18b4',0,'car',13,'Fit','automatic','gasoline','hatchback','4 Cylinder Engine',NULL,4,2016,NULL,NULL,155133,1499500.00,'Modern Steel Metallic',NULL,NULL,NULL,NULL,NULL,NULL,NULL,NULL,NULL,NULL,1,0,1,'2024-06-09 01:55:06','2024-06-16 06:48:26'),(266,'562790e70e32d8be5fd11d52f6923205',0,'car',13,'Fit','automatic','gasoline','hatchback','4 Cylinder Engine',NULL,4,2013,NULL,NULL,128208,1548800.00,'Taffeta White',NULL,NULL,NULL,NULL,NULL,NULL,NULL,NULL,NULL,NULL,1,0,1,'2024-06-09 01:55:06','2024-06-16 06:48:26'),(267,'c90ee8563a5862c0283e78243357904b',0,'car',13,'CR-V','automatic','gasoline','suv','4 Cylinder Engine',NULL,4,2016,NULL,NULL,252102,1594200.00,'Burgandy',NULL,NULL,NULL,NULL,NULL,NULL,NULL,NULL,NULL,NULL,1,0,1,'2024-06-09 01:55:06','2024-06-16 06:48:26'),(268,'5397af4777c9cb7632af57595f55bdc9',0,'car',13,'Civic','manual','gasoline','sedan','4 Cylinder Engine',NULL,4,2017,NULL,NULL,160250,1598700.00,'Dark Grey',NULL,NULL,NULL,NULL,NULL,NULL,NULL,NULL,NULL,NULL,1,0,1,'2024-06-09 01:55:06','2024-06-16 06:48:26'),(269,'4a167bd01714d607ff7e882f4d7b6386',0,'car',13,'Civic','automatic','gasoline','sedan','4 Cylinder Engine',NULL,4,2012,NULL,NULL,88092,1598800.00,'Grey',NULL,NULL,NULL,NULL,NULL,NULL,NULL,NULL,NULL,NULL,1,0,1,'2024-06-09 01:55:06','2024-06-16 06:48:26'),(270,'4b7192291da23ce8e655d9cd03e91335',0,'car',13,'Civic','automatic','gasoline','sedan','4 Cylinder Engine',NULL,4,2012,NULL,NULL,83441,1598800.00,'Dyno Blue Pearl',NULL,NULL,NULL,NULL,NULL,NULL,NULL,NULL,NULL,NULL,1,0,1,'2024-06-09 01:55:06','2024-06-16 06:48:26'),(271,'6c90650f7689bf3b0d04a7392fa84765',0,'car',13,'CR-V','automatic','gasoline','suv','4 Cylinder Engine',NULL,4,2014,NULL,NULL,164500,1599500.00,'Grey',NULL,NULL,NULL,NULL,NULL,NULL,NULL,NULL,NULL,NULL,1,0,1,'2024-06-09 01:55:06','2024-06-16 06:48:26'),(272,'1367c805efe40d74b5f4634a6b7ae5f0',0,'car',13,'CR-V','automatic','gasoline','suv','4 Cylinder Engine',NULL,4,2014,NULL,NULL,187200,1649900.00,'Polished Metal Metallic',NULL,NULL,NULL,NULL,NULL,NULL,NULL,NULL,NULL,NULL,1,0,1,'2024-06-09 01:55:06','2024-06-16 06:48:26'),(273,'5c636ca3eefd93676ee8501332e6985b',0,'car',13,'Elantra','automatic','gasoline','sedan','4 Cylinder Engine',NULL,4,2010,NULL,NULL,169980,699800.00,'Silver',NULL,NULL,NULL,NULL,NULL,NULL,NULL,NULL,NULL,NULL,1,0,1,'2024-06-09 01:55:06','2024-06-16 06:48:26'),(274,'08ed35343417321c4e56cceead76c67a',0,'car',13,'Sonata','automatic','gasoline','sedan','4 Cylinder Engine',NULL,4,2014,NULL,NULL,235000,845000.00,'Black Noir Pearl Metallic',NULL,NULL,NULL,NULL,NULL,NULL,NULL,NULL,NULL,NULL,1,0,1,'2024-06-09 01:55:06','2024-06-16 06:48:26'),(275,'85454f534b3eebd2f4eb00210f971a16',0,'car',13,'Elantra','automatic','gasoline','sedan','4 Cylinder Engine',NULL,4,2013,NULL,NULL,174653,858800.00,'White',NULL,NULL,NULL,NULL,NULL,NULL,NULL,NULL,NULL,NULL,1,0,1,'2024-06-09 01:55:06','2024-06-16 06:48:26'),(276,'1dd6477ad9d7187c406d61ab40306c93',0,'car',13,'Elantra','automatic','gasoline','sedan','4 Cylinder Engine',NULL,4,2015,NULL,NULL,211000,890000.00,'Grey',NULL,NULL,NULL,NULL,NULL,NULL,NULL,NULL,NULL,NULL,1,0,1,'2024-06-09 01:55:06','2024-06-16 06:48:26'),(277,'98a77239039461ee611d86556c3f246a',0,'car',13,'Sonata','automatic','gasoline','sedan','4 Cylinder Engine',NULL,4,2016,NULL,NULL,298000,890000.00,'Ice White Pearl',NULL,NULL,NULL,NULL,NULL,NULL,NULL,NULL,NULL,NULL,1,0,1,'2024-06-09 01:55:06','2024-06-16 06:48:26'),(278,'1f808a75086b35fae212169537954025',0,'car',13,'Elantra','automatic','gasoline','sedan','4 Cylinder Engine',NULL,4,2015,NULL,NULL,221800,899500.00,'Silver',NULL,NULL,NULL,NULL,NULL,NULL,NULL,NULL,NULL,NULL,1,0,1,'2024-06-09 01:55:06','2024-06-16 06:48:26'),(279,'f0b8b2d468a35b1874541432d491cdde',0,'car',13,'Tucson','automatic','gasoline','suv','4 Cylinder Engine',NULL,4,2009,NULL,NULL,108000,948500.00,'Silver',NULL,NULL,NULL,NULL,NULL,NULL,NULL,NULL,NULL,NULL,1,0,1,'2024-06-09 01:55:06','2024-06-16 06:48:26'),(280,'6935703439b797343d3b255dc4d69584',0,'car',13,'Elantra','automatic','gasoline','sedan','4 Cylinder Engine',NULL,4,2011,NULL,NULL,149760,975000.00,'Dark Blue',NULL,NULL,NULL,NULL,NULL,NULL,NULL,NULL,NULL,NULL,1,0,1,'2024-06-09 01:55:06','2024-06-16 06:48:26'),(281,'c07fb794ae900058ab6ae9d8d951aca6',0,'car',13,'Elantra','automatic','gasoline','sedan','4 Cylinder Engine',NULL,4,2015,NULL,NULL,165000,990000.00,'White',NULL,NULL,NULL,NULL,NULL,NULL,NULL,NULL,NULL,NULL,1,0,1,'2024-06-09 01:55:06','2024-06-16 06:48:26'),(282,'71582ca50ad45e6b7a55a2e87f701474',0,'car',13,'Elantra','automatic','gasoline','hatchback','4 Cylinder Engine',NULL,4,2013,NULL,NULL,187000,999500.00,'Silver',NULL,NULL,NULL,NULL,NULL,NULL,NULL,NULL,NULL,NULL,1,0,1,'2024-06-09 01:55:06','2024-06-16 06:48:26'),(283,'1c89c1e9357c13f4221081f5257425ab',0,'car',13,'Santa','automatic','gasoline','suv','4 Cylinder Engine',NULL,4,2012,NULL,NULL,199300,999900.00,'Stone',NULL,NULL,NULL,NULL,NULL,NULL,NULL,NULL,NULL,NULL,1,0,1,'2024-06-09 01:55:06','2024-06-16 06:48:26'),(284,'4910525dff18a0c774f6e2199cc9010d',0,'car',13,'Santa','automatic','gasoline','suv','4 Cylinder Engine',NULL,4,2012,NULL,NULL,141950,1049500.00,'Silver',NULL,NULL,NULL,NULL,NULL,NULL,NULL,NULL,NULL,NULL,1,0,1,'2024-06-09 01:55:06','2024-06-16 06:48:26'),(285,'c34e5adb3266ee529011fafb2914bb4b',0,'car',13,'Elantra','automatic','gasoline','sedan','4 Cylinder Engine',NULL,4,2012,NULL,NULL,94857,1082800.00,'Grey',NULL,NULL,NULL,NULL,NULL,NULL,NULL,NULL,NULL,NULL,1,0,1,'2024-06-09 01:55:06','2024-06-16 06:48:26'),(286,'5d2c494645f2e72d74160ea488b25461',0,'car',13,'Tucson','automatic','gasoline','suv','4 Cylinder Engine',NULL,4,2011,NULL,NULL,145218,1098800.00,'Ash Black Mica',NULL,NULL,NULL,NULL,NULL,NULL,NULL,NULL,NULL,NULL,1,0,1,'2024-06-09 01:55:06','2024-06-16 06:48:26'),(287,'fda2f5920c9875e4adeecc7ccd543725',0,'car',13,'Elantra','automatic','gasoline','sedan','4 Cylinder Engine',NULL,4,2017,NULL,NULL,201980,1099500.00,'White',NULL,NULL,NULL,NULL,NULL,NULL,NULL,NULL,NULL,NULL,1,0,1,'2024-06-09 01:55:06','2024-06-16 06:48:26'),(288,'3a5a210a6f3e83d9985e0b018280cbeb',0,'car',13,'Elantra','automatic','gasoline','sedan','4 Cylinder Engine',NULL,4,2017,NULL,NULL,256252,1099900.00,'Silver',NULL,NULL,NULL,NULL,NULL,NULL,NULL,NULL,NULL,NULL,1,0,1,'2024-06-09 01:55:06','2024-06-16 06:48:26'),(289,'a6691c8f5dc062902bd247c1ba4da5de',0,'car',13,'Tucson','automatic','gasoline','suv','4 Cylinder Engine',NULL,4,2012,NULL,NULL,144356,1175000.00,'Grey',NULL,NULL,NULL,NULL,NULL,NULL,NULL,NULL,NULL,NULL,1,0,1,'2024-06-09 01:55:06','2024-06-16 06:48:26'),(290,'41e92749c0ae07459c929ea9233e7a9c',0,'car',13,'Elantra','automatic','gasoline','sedan','4 Cylinder Engine',NULL,4,2016,NULL,NULL,128488,1184900.00,'RED/BURGUNDY',NULL,NULL,NULL,NULL,NULL,NULL,NULL,NULL,NULL,NULL,1,0,1,'2024-06-09 01:55:06','2024-06-16 06:48:26'),(291,'dc966420d75ae055f30aba63fc4dc69f',0,'car',13,'Equus','automatic','gasoline','sedan','8 Cylinder Engine',NULL,4,2011,NULL,NULL,197310,1188800.00,'Phantom Black Mica',NULL,NULL,NULL,NULL,NULL,NULL,NULL,NULL,NULL,NULL,1,0,1,'2024-06-09 01:55:06','2024-06-16 06:48:26'),(292,'66f35237fe680ac802f2eea8db13c6e8',0,'car',13,'Elantra','automatic','gasoline','sedan','4 Cylinder Engine',NULL,4,2013,NULL,NULL,145955,1188800.00,'Gray',NULL,NULL,NULL,NULL,NULL,NULL,NULL,NULL,NULL,NULL,1,0,1,'2024-06-09 01:55:06','2024-06-16 06:48:26'),(293,'bd0c27e02ecbe4ba3014464f424f8097',0,'car',13,'Elantra','automatic','gasoline','sedan','4 Cylinder Engine',NULL,4,2016,NULL,NULL,154000,1190000.00,'Black',NULL,NULL,NULL,NULL,NULL,NULL,NULL,NULL,NULL,NULL,1,0,1,'2024-06-09 01:55:06','2024-06-16 06:48:26'),(294,'0b6e18453fe9e80c8d927999afb96842',0,'car',13,'Sonata','automatic','gasoline','sedan','4 Cylinder Engine',NULL,4,2013,NULL,NULL,98000,1195000.00,'Silver',NULL,NULL,NULL,NULL,NULL,NULL,NULL,NULL,NULL,NULL,1,0,1,'2024-06-09 01:55:06','2024-06-16 06:48:26'),(295,'7fde6f59ea9f7ac57ba39a5d4df58c17',0,'car',13,'Accent','automatic','gasoline','hatchback','4 Cylinder Engine',NULL,4,2014,NULL,NULL,125648,1198800.00,'Marathon Blue Pearl',NULL,NULL,NULL,NULL,NULL,NULL,NULL,NULL,NULL,NULL,1,0,1,'2024-06-09 01:55:06','2024-06-16 06:48:26'),(296,'93552564b4f43a2c66c247dc7a4846df',0,'car',13,'Sonata','automatic','gasoline','sedan','4 Cylinder Engine',NULL,4,2014,NULL,NULL,159000,1245000.00,'White',NULL,NULL,NULL,NULL,NULL,NULL,NULL,NULL,NULL,NULL,1,0,1,'2024-06-09 01:55:06','2024-06-16 06:48:26'),(297,'6b47e36485e8dcd055c0d633dc1f63ef',0,'car',13,'Sonata','automatic','gasoline','sedan','4 Cylinder Engine',NULL,4,2017,NULL,NULL,177214,1288000.00,'White',NULL,NULL,NULL,NULL,NULL,NULL,NULL,NULL,NULL,NULL,1,0,1,'2024-06-09 01:55:06','2024-06-16 06:48:26'),(298,'0e40721840b20f18fc4bb7fa39057c55',0,'car',13,'Santa','automatic','gasoline','suv','4 Cylinder Engine',NULL,4,2014,NULL,NULL,209134,1299500.00,'Grey',NULL,NULL,NULL,NULL,NULL,NULL,NULL,NULL,NULL,NULL,1,0,1,'2024-06-09 01:55:06','2024-06-16 06:48:26'),(299,'8a88d96d3606c2f3e97dc02ba80bab3f',0,'car',13,'Elantra','automatic','gasoline','sedan','4 Cylinder Engine',NULL,4,2017,NULL,NULL,167123,1299500.00,'Gray',NULL,NULL,NULL,NULL,NULL,NULL,NULL,NULL,NULL,NULL,1,0,1,'2024-06-09 01:55:06','2024-06-16 06:48:26'),(300,'4791638d0dbd35c8e9726d6549bac8ed',0,'car',13,'Elantra','automatic','gasoline','sedan','4 Cylinder Engine',NULL,4,2015,NULL,NULL,127437,1339500.00,'Windy Sea Blue Pearl Metallic',NULL,NULL,NULL,NULL,NULL,NULL,NULL,NULL,NULL,NULL,1,0,1,'2024-06-09 01:55:06','2024-06-16 06:48:26'),(301,'a4a1b1e19419dd632a22adc91e0c1945',0,'car',13,'Tucson','automatic','gasoline','suv','4 Cylinder Engine',NULL,4,2013,NULL,NULL,127000,1390000.00,'Garnet Red Mica',NULL,NULL,NULL,NULL,NULL,NULL,NULL,NULL,NULL,NULL,1,0,1,'2024-06-09 01:55:06','2024-06-16 06:48:26'),(302,'5d4706d92136dd4c52901b0e2c492546',0,'car',13,'Sonata','automatic','gasoline','sedan','4 Cylinder Engine',NULL,4,2015,NULL,NULL,131788,1399000.00,'Ice White Pearl',NULL,NULL,NULL,NULL,NULL,NULL,NULL,NULL,NULL,NULL,1,0,1,'2024-06-09 01:55:06','2024-06-16 06:48:26'),(303,'56c4874332a9afee4c76a35b03169847',0,'car',13,'Elantra','automatic','gasoline','sedan','4 Cylinder Engine',NULL,4,2017,NULL,NULL,175356,1399900.00,'Blue',NULL,NULL,NULL,NULL,NULL,NULL,NULL,NULL,NULL,NULL,1,0,1,'2024-06-09 01:55:06','2024-06-16 06:48:26'),(304,'49fba3b0b90b2fde3fc67587ec82cb5c',0,'car',13,'Sonata','automatic','gasoline','sedan','4 Cylinder Engine',NULL,4,2015,NULL,NULL,139000,1445000.00,'Black',NULL,NULL,NULL,NULL,NULL,NULL,NULL,NULL,NULL,NULL,1,0,1,'2024-06-09 01:55:06','2024-06-16 06:48:26'),(305,'9da4dd9a15e19c9aa18762202ddbdc91',0,'car',13,'Tucson','automatic','gasoline','suv','4 Cylinder Engine',NULL,4,2015,NULL,NULL,171000,1490000.00,'Winter White',NULL,NULL,NULL,NULL,NULL,NULL,NULL,NULL,NULL,NULL,1,0,1,'2024-06-09 01:55:06','2024-06-16 06:48:26'),(306,'0a5d9e295050bbc7c4f2bcacb8d05218',0,'car',13,'Elantra','automatic','gasoline','sedan','4 Cylinder Engine',NULL,4,2014,NULL,NULL,124195,1499500.00,'Grey',NULL,NULL,NULL,NULL,NULL,NULL,NULL,NULL,NULL,NULL,1,0,1,'2024-06-09 01:55:06','2024-06-16 06:48:26'),(307,'0c1962527c4cad37952991c9347b0b68',0,'car',13,'Accent','automatic','gasoline','sedan','4 Cylinder Engine',NULL,4,2017,NULL,NULL,145109,1499500.00,'Ultra Black Pearl',NULL,NULL,NULL,NULL,NULL,NULL,NULL,NULL,NULL,NULL,1,0,1,'2024-06-09 01:55:06','2024-06-16 06:48:26'),(308,'7b78cf17f58cefacac89b759da7ee481',0,'car',13,'Sonata','automatic','gasoline','sedan','4 Cylinder Engine',NULL,4,2016,NULL,NULL,180735,1499900.00,'Red',NULL,NULL,NULL,NULL,NULL,NULL,NULL,NULL,NULL,NULL,1,0,1,'2024-06-09 01:55:06','2024-06-16 06:48:26'),(309,'8af5568552a297d766c9a246cc4c9a33',0,'car',13,'Sonata','automatic','gasoline','sedan','4 Cylinder Engine',NULL,4,2017,NULL,NULL,160939,1499900.00,'Silver',NULL,NULL,NULL,NULL,NULL,NULL,NULL,NULL,NULL,NULL,1,0,1,'2024-06-09 01:55:06','2024-06-16 06:48:26'),(310,'4c3e17643f3d503ccb47b8c4e4856021',0,'car',13,'Elantra','automatic','gasoline','sedan','4 Cylinder Engine',NULL,4,2016,NULL,NULL,67000,1560000.00,'White',NULL,NULL,NULL,NULL,NULL,NULL,NULL,NULL,NULL,NULL,1,0,1,'2024-06-09 01:55:06','2024-06-16 06:48:26'),(311,'8f4ea76020ae217b0854eb5101699c74',0,'car',13,'Santa','automatic','gasoline','suv','4 Cylinder Engine',NULL,4,2014,NULL,NULL,107962,1589500.00,'Grey',NULL,NULL,NULL,NULL,NULL,NULL,NULL,NULL,NULL,NULL,1,0,1,'2024-06-09 01:55:06','2024-06-16 06:48:26'),(312,'a47012805836ae3e4093b0baf086b6bb',0,'car',13,'Sonata','automatic','gasoline','sedan','4 Cylinder Engine',NULL,4,2015,NULL,NULL,109713,1599000.00,'Platinum Silver Metallic',NULL,NULL,NULL,NULL,NULL,NULL,NULL,NULL,NULL,NULL,1,0,1,'2024-06-09 01:55:06','2024-06-16 06:48:26'),(313,'05e3e4451e04a18101f5d6a56423946a',0,'car',13,'Elantra','automatic','gasoline','sedan','4 Cylinder Engine',NULL,4,2017,NULL,NULL,120527,1649500.00,'Black',NULL,NULL,NULL,NULL,NULL,NULL,NULL,NULL,NULL,NULL,1,0,1,'2024-06-09 01:55:06','2024-06-16 06:48:26'),(314,'03280e381bb94158269d5c7420526309',0,'car',13,'Versa','automatic','gasoline','sedan','4 Cylinder Engine',NULL,4,2008,NULL,NULL,196942,380000.00,'Gray',NULL,NULL,NULL,NULL,NULL,NULL,NULL,NULL,NULL,NULL,1,0,1,'2024-06-09 01:55:06','2024-06-16 06:48:26'),(315,'19f86c516beba59796802990e3f02ba4',0,'car',13,'Versa','automatic','gasoline','sedan','4 Cylinder Engine',NULL,4,2008,NULL,NULL,196942,380000.00,'Gray',NULL,NULL,NULL,NULL,NULL,NULL,NULL,NULL,NULL,NULL,1,0,1,'2024-06-09 01:55:06','2024-06-16 06:48:26'),(316,'3dbf7aa4dbf4774e89071ccc138a6781',0,'car',13,'Sentra','automatic','gasoline','sedan','4 Cylinder Engine',NULL,4,2011,NULL,NULL,185000,635000.00,'Blue Onyx',NULL,NULL,NULL,NULL,NULL,NULL,NULL,NULL,NULL,NULL,1,0,1,'2024-06-09 01:55:06','2024-06-16 06:48:26'),(317,'3a794ad0d4e3c9fa7c54cd48249bacd1',0,'car',13,'Altima','automatic','gasoline','sedan','4 Cylinder Engine',NULL,4,2013,NULL,NULL,263245,688500.00,'Black',NULL,NULL,NULL,NULL,NULL,NULL,NULL,NULL,NULL,NULL,1,0,1,'2024-06-09 01:55:06','2024-06-16 06:48:26'),(318,'957e4cbbf76f4b5c477cfe33ef9353f3',0,'car',13,'Rogue','automatic','gasoline','suv','4 Cylinder Engine',NULL,4,2013,NULL,NULL,263530,749500.00,'Black',NULL,NULL,NULL,NULL,NULL,NULL,NULL,NULL,NULL,NULL,1,0,1,'2024-06-09 01:55:06','2024-06-16 06:48:26'),(319,'c2340b54f0fac7640e662baaabee4417',0,'car',13,'Rogue','automatic','gasoline','suv','4 Cylinder Engine',NULL,4,2012,NULL,NULL,165602,950000.00,'White',NULL,NULL,NULL,NULL,NULL,NULL,NULL,NULL,NULL,NULL,1,0,1,'2024-06-09 01:55:06','2024-06-16 06:48:26'),(320,'9762fbcb60a6257816c259880c186a1e',0,'car',13,'Rogue','automatic','gasoline','suv','4 Cylinder Engine',NULL,4,2013,NULL,NULL,189800,999500.00,'Brilliant Silver',NULL,NULL,NULL,NULL,NULL,NULL,NULL,NULL,NULL,NULL,1,0,1,'2024-06-09 01:55:06','2024-06-16 06:48:26'),(321,'cfa7d248b97971e90bfd055e147fc5be',0,'car',13,'Rogue','automatic','gasoline','suv','4 Cylinder Engine',NULL,4,2013,NULL,NULL,168000,1045000.00,'Black',NULL,NULL,NULL,NULL,NULL,NULL,NULL,NULL,NULL,NULL,1,0,1,'2024-06-09 01:55:06','2024-06-16 06:48:26'),(322,'09799b8a66297be2abf58327bc2c79cd',0,'car',13,'Rogue','automatic','gasoline','suv','4 Cylinder Engine',NULL,4,2015,NULL,NULL,267000,1090000.00,'Super Black',NULL,NULL,NULL,NULL,NULL,NULL,NULL,NULL,NULL,NULL,1,0,1,'2024-06-09 01:55:06','2024-06-16 06:48:26'),(323,'16ea8d6ecadbb7017c7d5ede6c0e8f95',0,'car',13,'Sentra','automatic','gasoline','sedan','4 Cylinder Engine',NULL,4,2016,NULL,NULL,165000,1090000.00,'Super Black',NULL,NULL,NULL,NULL,NULL,NULL,NULL,NULL,NULL,NULL,1,0,1,'2024-06-09 01:55:06','2024-06-16 06:48:26'),(324,'9e23ea02bd54e9f8bc826c680d77ce85',0,'car',13,'Sentra','automatic','gasoline','sedan','4 Cylinder Engine',NULL,4,2016,NULL,NULL,141541,1299000.00,'Super Black',NULL,NULL,NULL,NULL,NULL,NULL,NULL,NULL,NULL,NULL,1,0,1,'2024-06-09 01:55:06','2024-06-16 06:48:26'),(325,'75a6fea2a1e36b07ad456db526554113',0,'car',13,'Sentra','automatic','gasoline','sedan','4 Cylinder Engine',NULL,4,2014,NULL,NULL,141640,1299500.00,'Gray',NULL,NULL,NULL,NULL,NULL,NULL,NULL,NULL,NULL,NULL,1,0,1,'2024-06-09 01:55:06','2024-06-16 06:48:26'),(326,'43e228307af12cd357278c65cfe32de6',0,'car',13,'Sentra','automatic','gasoline','sedan','4 Cylinder Engine',NULL,4,2017,NULL,NULL,199690,1299500.00,'Super Black',NULL,NULL,NULL,NULL,NULL,NULL,NULL,NULL,NULL,NULL,1,0,1,'2024-06-09 01:55:06','2024-06-16 06:48:26'),(327,'e26a1e226d20720470226eb96b516938',0,'car',13,'Versa','automatic','gasoline','hatchback','4 Cylinder Engine',NULL,4,2018,NULL,NULL,99978,1478900.00,'BLACK',NULL,NULL,NULL,NULL,NULL,NULL,NULL,NULL,NULL,NULL,1,0,1,'2024-06-09 01:55:06','2024-06-16 06:48:26'),(328,'f9fdb66e2a43dff8dc39c31aecfbbe03',0,'car',13,'Rogue','automatic','gasoline','suv','4 Cylinder Engine',NULL,4,2015,NULL,NULL,143000,1495000.00,'Grey',NULL,NULL,NULL,NULL,NULL,NULL,NULL,NULL,NULL,NULL,1,0,1,'2024-06-09 01:55:06','2024-06-16 06:48:26'),(329,'93c89be8461d6ed6ac0b97f6cd53f422',0,'car',13,'Rogue','automatic','gasoline','suv','4 Cylinder Engine',NULL,4,2014,NULL,NULL,139000,1595000.00,'Black',NULL,NULL,NULL,NULL,NULL,NULL,NULL,NULL,NULL,NULL,1,0,1,'2024-06-09 01:55:06','2024-06-16 06:48:26'),(330,'5255aed268a70095ea044d09228301ed',0,'car',13,'Juke','automatic','gasoline','suv','4 Cylinder Engine',NULL,4,2015,NULL,NULL,62700,1595000.00,'Red',NULL,NULL,NULL,NULL,NULL,NULL,NULL,NULL,NULL,NULL,1,0,1,'2024-06-09 01:55:06','2024-06-16 06:48:26'),(331,'bba23ada85385b79e280e03b94fd3a28',0,'car',13,'Impreza','automatic','gasoline','hatchback','4 Cylinder Engine',NULL,4,2012,NULL,NULL,299722,399500.00,'Grey',NULL,NULL,NULL,NULL,NULL,NULL,NULL,NULL,NULL,NULL,1,0,1,'2024-06-09 01:55:06','2024-06-16 06:48:26'),(332,'c635b0f78c82dc9b16830e502b1fb21d',0,'car',13,'Forester','automatic','gasoline','suv','4 Cylinder Engine',NULL,5,2011,NULL,NULL,239701,550000.00,'White',NULL,NULL,NULL,NULL,NULL,NULL,NULL,NULL,NULL,NULL,1,0,1,'2024-06-09 01:55:06','2024-06-16 06:48:26'),(333,'aef323d5d287e034b711cca3b3a1f693',0,'car',13,'Impreza','automatic','gasoline','hatchback','4 Cylinder Engine',NULL,4,2011,NULL,NULL,140000,899900.00,'Silver',NULL,NULL,NULL,NULL,NULL,NULL,NULL,NULL,NULL,NULL,1,0,1,'2024-06-09 01:55:06','2024-06-16 06:48:26'),(334,'e35b5ce3665bb72a49e3b58bdea46386',0,'car',13,'Forester','automatic','gasoline','suv','4 Cylinder Engine',NULL,4,2014,NULL,NULL,206990,1399500.00,'Dark Grey Metallic',NULL,NULL,NULL,NULL,NULL,NULL,NULL,NULL,NULL,NULL,1,0,1,'2024-06-09 01:55:06','2024-06-16 06:48:26'),(335,'c92d65ae8107438bbb8af91e7957c758',0,'car',13,'Accord','automatic','gasoline','sedan','2.4L L4 DOHC 16V',NULL,4,2012,NULL,NULL,182532,1500000.00,'Bellanova White Pearl',NULL,NULL,NULL,NULL,NULL,NULL,NULL,NULL,NULL,NULL,1,0,1,'2024-06-09 01:55:06','2024-06-16 06:48:26'),(336,'77c3cf4cb3b4d9c7c893852d40c81996',0,'car',13,'Sonata','automatic','gasoline','sedan','2.0L L4 DOHC 16V',NULL,4,2013,NULL,NULL,154866,1188800.00,'Radiant Silver Metallic',NULL,NULL,NULL,NULL,NULL,NULL,NULL,NULL,NULL,NULL,1,0,1,'2024-06-09 01:55:06','2024-06-16 06:48:26'),(337,'aaa2512a072e6e1a559697eea20a3cd0',0,'car',13,'Elantra','automatic','gasoline','sedan','2.0L L4 DOHC 16V',NULL,4,2015,NULL,NULL,167072,1278500.00,'Windy Sea Blue Pearl Metallic',NULL,NULL,NULL,NULL,NULL,NULL,NULL,NULL,NULL,NULL,1,0,1,'2024-06-09 01:55:06','2024-06-16 06:48:26'),(338,'8d04b4c771e337e10bbffaeb13b81d20',0,'car',13,'Elantra','automatic','gasoline','hatchback','2.0L L4 16V DOHC',NULL,5,2017,NULL,NULL,145609,1599800.00,'Iron Gray Pearl',NULL,NULL,NULL,NULL,NULL,NULL,NULL,NULL,NULL,NULL,1,0,1,'2024-06-09 01:55:06','2024-06-16 06:48:26'),(339,'48c1be35f43b21017fa32cfa19adabcf',0,'car',13,'Elantra','automatic','gasoline','hatchback','2.0L L4 16V DOHC',NULL,5,2017,NULL,NULL,145609,1599800.00,'Iron Gray Pearl',NULL,NULL,NULL,NULL,NULL,NULL,NULL,NULL,NULL,NULL,1,0,1,'2024-06-09 01:55:06','2024-06-16 06:48:26'),(340,'659400270d3d69a6ba36938c63e16fae',0,'car',13,'Versa','automatic','gasoline','hatchback','1.6L L4 DOHC 16V',NULL,4,2018,NULL,NULL,76892,1599800.00,'Aspen White Pearl',NULL,NULL,NULL,NULL,NULL,NULL,NULL,NULL,NULL,NULL,1,0,1,'2024-06-09 01:55:06','2024-06-16 06:48:26'),(341,'d6c36721950be08765f4453b07f30903',0,'car',13,'Versa','automatic','gasoline','hatchback','1.6L L4 DOHC 16V',NULL,4,2018,NULL,NULL,76892,1599800.00,'Aspen White Pearl',NULL,NULL,NULL,NULL,NULL,NULL,NULL,NULL,NULL,NULL,1,0,1,'2024-06-09 01:55:06','2024-06-16 06:48:26'),(342,'92b486efaada58bcc4910172351827e0',0,'car',13,'Versa','automatic','gasoline','hatchback','1.6L L4 DOHC 16V',NULL,4,2018,NULL,NULL,76892,1599800.00,'Aspen White Pearl',NULL,NULL,NULL,NULL,NULL,NULL,NULL,NULL,NULL,NULL,1,0,1,'2024-06-09 01:55:06','2024-06-16 06:48:26'),(343,'1e48c66e592cf38390794e1680ac0b4f',0,'car',13,'Versa','automatic','gasoline','hatchback','1.6L L4 DOHC 16V',NULL,4,2018,NULL,NULL,76892,1599800.00,'Aspen White Pearl',NULL,NULL,NULL,NULL,NULL,NULL,NULL,NULL,NULL,NULL,1,0,1,'2024-06-09 01:55:06','2024-06-16 06:48:26'),(344,'388a4f41645af71658dcc3cb5d67cd2b',0,'car',13,'Versa','automatic','gasoline','hatchback','1.6L L4 DOHC 16V',NULL,4,2018,NULL,NULL,76892,1599800.00,'Aspen White Pearl',NULL,NULL,NULL,NULL,NULL,NULL,NULL,NULL,NULL,NULL,1,0,1,'2024-06-09 01:55:06','2024-06-16 06:48:26'),(345,'fffba921fd95b2cf55d58cb32c1076ae',0,'car',13,'Taurus','automatic','gasoline','sedan','Gas V6 3.5L/213',NULL,4,2013,NULL,NULL,149860,1472900.00,'White',NULL,NULL,NULL,NULL,NULL,NULL,NULL,NULL,NULL,NULL,1,0,1,'2024-06-09 01:55:06','2024-06-16 06:48:26'),(346,'094337c1cf8f4153dba7ae4b406e909a',0,'car',13,'Civic','automatic','gasoline','sedan','1.5-Liter TURBO',NULL,4,2016,NULL,NULL,178219,1649500.00,'Black',NULL,NULL,NULL,NULL,NULL,NULL,NULL,NULL,NULL,NULL,1,0,1,'2024-06-09 01:55:06','2024-06-16 06:48:26'),(347,'10066f2ac972764c77334d0a92eee3ed',0,'car',13,'LEAF','automatic','electric','hatchback','Electric Motor',NULL,4,2016,NULL,NULL,79638,1499900.00,'Gun Metallic',NULL,NULL,NULL,NULL,NULL,NULL,NULL,NULL,NULL,NULL,1,0,1,'2024-06-09 01:55:06','2024-06-16 06:48:26'),(348,'8f6dc8f6770857c24616a7ad6c47290b',0,'car',13,'LEAF','automatic','electric','hatchback','Electric Motor',NULL,4,2016,NULL,NULL,79638,1499900.00,'Gun Metallic',NULL,NULL,NULL,NULL,NULL,NULL,NULL,NULL,NULL,NULL,1,0,1,'2024-06-09 01:55:06','2024-06-16 06:48:26'),(349,'a81af985bf1df4e94699b0e079761313',0,'car',13,'LEAF','automatic','electric','hatchback','Electric Motor',NULL,4,2015,NULL,NULL,70181,1559800.00,'White',NULL,NULL,NULL,NULL,NULL,NULL,NULL,NULL,NULL,NULL,1,0,1,'2024-06-09 01:55:06','2024-06-16 06:48:26'),(350,'f02b3ea054ae9dbe755f7afa785e8658',0,'car',13,'LEAF','automatic','electric','hatchback','Electric Motor',NULL,4,2015,NULL,NULL,70181,1559800.00,'White',NULL,NULL,NULL,NULL,NULL,NULL,NULL,NULL,NULL,NULL,1,0,1,'2024-06-09 01:55:06','2024-06-16 06:48:26'),(351,'341c2e3b636aa9ecd617e3f1a52b65c3',0,'car',13,'LEAF','automatic','electric','hatchback','Electric Motor',NULL,5,2013,NULL,NULL,113131,1580000.00,'Metallic Slate',NULL,NULL,NULL,NULL,NULL,NULL,NULL,NULL,NULL,NULL,1,0,1,'2024-06-09 01:55:06','2024-06-16 06:48:26'),(352,'b4e617210ab72492ba80aea1a19a8a0c',0,'car',13,'LEAF','automatic','electric','sedan','Electric Motor',NULL,4,2016,NULL,NULL,88137,1599500.00,'Gun Metallic',NULL,NULL,NULL,NULL,NULL,NULL,NULL,NULL,NULL,NULL,1,0,1,'2024-06-09 01:55:06','2024-06-16 06:48:26'),(353,'0cd6bbfb9e91582a223893b137ce5ccf',0,'car',13,'Focus','automatic','flex','hatchback','2.0L I4 FI DO',NULL,4,2013,NULL,NULL,75692,999900.00,'Grey',NULL,NULL,NULL,NULL,NULL,NULL,NULL,NULL,NULL,NULL,1,0,1,'2024-06-09 01:55:06','2024-06-16 06:48:26'),(354,'a67bbf4931fe9a488e7423737ea25fbb',0,'car',13,'Cruze','automatic','diesel','sedan','2.0L 151.0hp',NULL,4,2015,NULL,NULL,1,1099000.00,'Black',NULL,NULL,NULL,NULL,NULL,NULL,NULL,NULL,NULL,NULL,1,0,1,'2024-06-09 01:55:06','2024-06-16 06:48:26'),(355,'c2936e52c9d8d8215325f058987f4130',0,'car',13,'Civic','automatic','gasoline','sedan','1.8L 140.0hp',NULL,4,2006,NULL,NULL,144000,649400.00,'Gray',NULL,NULL,NULL,NULL,NULL,NULL,NULL,NULL,NULL,NULL,1,0,1,'2024-06-09 01:55:06','2024-06-16 06:48:26'),(356,'13b5478808809088163ec6687469b127',0,'car',13,'Civic','automatic','gasoline','sedan','1.8L 140.0hp',NULL,4,2010,NULL,NULL,136000,999500.00,'Black',NULL,NULL,NULL,NULL,NULL,NULL,NULL,NULL,NULL,NULL,1,0,1,'2024-06-09 01:55:06','2024-06-16 06:48:26'),(357,'fe718c75cb041164115d916c90c75cb7',0,'car',13,'Elantra','automatic','gasoline','sedan','1.8L 148.0hp',NULL,4,2013,NULL,NULL,98000,1099000.00,'Red',NULL,NULL,NULL,NULL,NULL,NULL,NULL,NULL,NULL,NULL,1,0,1,'2024-06-09 01:55:06','2024-06-16 06:48:26'),(358,'00f9c14355f01d20fe8f3a7d4b530344',0,'car',13,'Legacy','automatic','gasoline','sedan','2.5 - 4Cyl.',NULL,4,2011,NULL,NULL,179681,995000.00,'Brown',NULL,NULL,NULL,NULL,NULL,NULL,NULL,NULL,NULL,NULL,1,0,1,'2024-06-09 01:55:06','2024-06-16 06:48:26'),(359,'faf21f51087c2ef651a0213ae874f13b',0,'car',13,'Trax','automatic','gasoline','suv','1.4L 4 CYL',NULL,4,2014,NULL,NULL,188203,899000.00,'Blue Topaz Metallic',NULL,NULL,NULL,NULL,NULL,NULL,NULL,NULL,NULL,NULL,1,0,1,'2024-06-09 01:55:06','2024-06-16 06:48:26'),(360,'4c8643bdad138a364d3ca2902f5ee543',0,'car',13,'Edge','automatic','gasoline','suv','6 Cylinder',NULL,4,2015,NULL,NULL,136000,1588800.00,'Gray',NULL,NULL,NULL,NULL,NULL,NULL,NULL,NULL,NULL,NULL,1,0,1,'2024-06-09 01:55:06','2024-06-16 06:48:26'),(361,'1fa17ea929ab056d538a96d9db3111c6',0,'car',13,'Accord','automatic','gasoline','sedan','4 Cylinder',NULL,4,2012,NULL,NULL,171813,1249900.00,'Bellanova White Pearl',NULL,NULL,NULL,NULL,NULL,NULL,NULL,NULL,NULL,NULL,1,0,1,'2024-06-09 01:55:06','2024-06-16 06:48:26'),(362,'1fe1fe129fd29dbb254dc06485a3a308',0,'car',13,'CR-V','automatic','gasoline','suv','4 cylinder',NULL,4,2012,NULL,NULL,189000,1390000.00,'Grey',NULL,NULL,NULL,NULL,NULL,NULL,NULL,NULL,NULL,NULL,1,0,1,'2024-06-09 01:55:06','2024-06-16 06:48:26'),(363,'4a585cc3aa3b379f915408ff43aae388',0,'car',13,'Elantra','automatic','gasoline','hatchback','2.0 L 4CYL',NULL,5,2014,NULL,NULL,205631,799000.00,'Titanium Grey Metallic',NULL,NULL,NULL,NULL,NULL,NULL,NULL,NULL,NULL,NULL,1,0,1,'2024-06-09 01:55:06','2024-06-16 06:48:26'),(364,'52ff11c2360bd728a949886fb67edf10',0,'car',13,'Sonata','automatic','gasoline','sedan','4 Cylinder',NULL,4,2011,NULL,NULL,145558,990000.00,'Venetian Red Metallic',NULL,NULL,NULL,NULL,NULL,NULL,NULL,NULL,NULL,NULL,1,0,1,'2024-06-09 01:55:06','2024-06-16 06:48:26'),(365,'c402075f94cbcfd184e83fbab4d9dc1d',0,'car',13,'Sonata','automatic','gasoline','sedan','4 Cylinder',NULL,4,2013,NULL,NULL,177182,1025000.00,'Gray',NULL,NULL,NULL,NULL,NULL,NULL,NULL,NULL,NULL,NULL,1,0,1,'2024-06-09 01:55:06','2024-06-16 06:48:26'),(366,'6451641d197566389cea57cb49180589',0,'car',13,'Tucson','automatic','gasoline','suv','2.4 L 4CYL',NULL,4,2013,NULL,NULL,168343,1099000.00,'Ash Black Mica',NULL,NULL,NULL,NULL,NULL,NULL,NULL,NULL,NULL,NULL,1,0,1,'2024-06-09 01:55:06','2024-06-16 06:48:26'),(367,'c66dd0e6afb4684d19d7f522d3464fe6',0,'car',13,'Elantra','automatic','gasoline','sedan','2.0 L 4CYL',NULL,4,2017,NULL,NULL,195325,1199000.00,'Black Noir Pearl',NULL,NULL,NULL,NULL,NULL,NULL,NULL,NULL,NULL,NULL,1,0,1,'2024-06-09 01:55:06','2024-06-16 06:48:26'),(368,'dfe6ed15d7b0c0e36d3bb023a5c5d508',0,'car',13,'Elantra','automatic','gasoline','sedan','4 cylinder',NULL,4,2017,NULL,NULL,219000,1290000.00,'Orange',NULL,NULL,NULL,NULL,NULL,NULL,NULL,NULL,NULL,NULL,1,0,1,'2024-06-09 01:55:06','2024-06-16 06:48:26'),(369,'2b5355f85c94cc18c7e49fa53992ac00',0,'car',13,'Elantra','automatic','gasoline','sedan','2.0 L 4CYL',NULL,4,2018,NULL,NULL,163834,1399000.00,'Blue',NULL,NULL,NULL,NULL,NULL,NULL,NULL,NULL,NULL,NULL,1,0,1,'2024-06-09 01:55:06','2024-06-16 06:48:26'),(370,'2fc5c827fe967cc894f994656e7db675',0,'car',13,'Elantra','automatic','gasoline','sedan','4 Cylinder',NULL,4,2017,NULL,NULL,152320,1637500.00,'White',NULL,NULL,NULL,NULL,NULL,NULL,NULL,NULL,NULL,NULL,1,0,1,'2024-06-09 01:55:06','2024-06-16 06:48:26'),(371,'eb534e109783ed1f069885ed5a35784c',0,'car',13,'Sentra','automatic','gasoline','sedan','4 Cylinder',NULL,4,2013,NULL,NULL,109215,1180000.00,'Brilliant Silver Metallic',NULL,NULL,NULL,NULL,NULL,NULL,NULL,NULL,NULL,NULL,1,0,1,'2024-06-09 01:55:06','2024-06-16 06:48:26'),(372,'028ba9ab389e5499bd04454f298c0a8c',0,'car',13,'Rogue','automatic','gasoline','suv','4 Cylinder',NULL,4,2013,NULL,NULL,119933,1399000.00,'Graphite Blue',NULL,NULL,NULL,NULL,NULL,NULL,NULL,NULL,NULL,NULL,1,0,1,'2024-06-09 01:55:06','2024-06-16 06:48:26'),(373,'3dfe627819622abed47abdd17faf9ee5',0,'car',13,'Rogue','automatic','gasoline','suv','4 Cylinder',NULL,4,2015,NULL,NULL,129500,1488800.00,'Pearl White',NULL,NULL,NULL,NULL,NULL,NULL,NULL,NULL,NULL,NULL,1,0,1,'2024-06-09 01:55:06','2024-06-16 06:48:26'),(374,'3fd4adfd7e8d13ee9cf8f73835b3593c',0,'car',13,'Altima','automatic','gasoline','sedan','4 Cylinder',NULL,4,2017,NULL,NULL,99696,1575000.00,'Super Black',NULL,NULL,NULL,NULL,NULL,NULL,NULL,NULL,NULL,NULL,1,0,1,'2024-06-09 01:55:06','2024-06-16 06:48:26'),(375,'9eb82bc47c401c3261f9f58567a53c1a',0,'car',13,'Impreza','manual','gasoline','sedan','2.0 L 4CYL',NULL,4,2012,NULL,NULL,175567,799000.00,'Grey',NULL,NULL,NULL,NULL,NULL,NULL,NULL,NULL,NULL,NULL,1,0,1,'2024-06-09 01:55:06','2024-06-16 06:48:26'),(376,'0a07d8c1e4493e6f491b666a382883ca',0,'car',13,'Outback','automatic','gasoline','suv','6 Cylinder',NULL,4,2014,NULL,NULL,175852,1550000.00,'Carbide Grey Metallic',NULL,NULL,NULL,NULL,NULL,NULL,NULL,NULL,NULL,NULL,1,0,1,'2024-06-09 01:55:06','2024-06-16 06:48:26'),(377,'0e082d5381154e8df335210e53b8589a',0,'car',13,'Escape','automatic','gasoline','suv','3.0L 6cyl',NULL,4,2007,NULL,NULL,256494,499000.00,'Grey',NULL,NULL,NULL,NULL,NULL,NULL,NULL,NULL,NULL,NULL,1,0,1,'2024-06-09 01:55:06','2024-06-16 06:48:26'),(378,'4f68f81b04672445db8d0d69dceb03f8',0,'car',13,'Escape','automatic','gasoline','suv','3.0L 6cyl',NULL,4,2009,NULL,NULL,140378,1088800.00,'Brilliant Silver Metallic',NULL,NULL,NULL,NULL,NULL,NULL,NULL,NULL,NULL,NULL,1,0,1,'2024-06-09 01:55:06','2024-06-16 06:48:26'),(379,'5237abfc175619fa8f00fe43d2eda90e',0,'car',13,'Escape','automatic','gasoline','suv','3.0L 6cyl',NULL,4,2011,NULL,NULL,153823,1188800.00,'Gold Leaf Metallic',NULL,NULL,NULL,NULL,NULL,NULL,NULL,NULL,NULL,NULL,1,0,1,'2024-06-09 01:55:06','2024-06-16 06:48:26'),(380,'fccfcc32fd21b5f6e0d709a69b7b3cd6',0,'car',13,'Civic','automatic','gasoline','sedan','1.8 4 CYL',NULL,4,2013,NULL,NULL,244822,899000.00,'Grey',NULL,NULL,NULL,NULL,NULL,NULL,NULL,NULL,NULL,NULL,1,0,1,'2024-06-09 01:55:06','2024-06-16 06:48:26'),(381,'6550c45af689167446362dbe0d35332c',0,'car',13,'Civic','automatic','gasoline','sedan','1.8 4 CYL',NULL,4,2011,NULL,NULL,70858,1299000.00,'Alabaster Silver Metallic',NULL,NULL,NULL,NULL,NULL,NULL,NULL,NULL,NULL,NULL,1,0,1,'2024-06-09 01:55:06','2024-06-16 06:48:26'),(382,'86e6ff10da23146ffee40df8496c8f86',0,'car',13,'Santa','automatic','gasoline','suv','2.4 litre',NULL,2,2014,NULL,NULL,184292,1299900.00,'Twilight Black',NULL,NULL,NULL,NULL,NULL,NULL,NULL,NULL,NULL,NULL,1,0,1,'2024-06-09 01:55:06','2024-06-16 06:48:26'),(383,'70219ffd38dc7eb84722bdd8cd7c9f42',0,'car',13,'Forester','automatic','gasoline','suv','2.5L 4cyl',NULL,4,2010,NULL,NULL,162030,1199500.00,'Dark Grey Metallic',NULL,NULL,NULL,NULL,NULL,NULL,NULL,NULL,NULL,NULL,1,0,1,'2024-06-09 01:55:06','2024-06-16 06:48:26'),(384,'c220b113ddc0d8c6fd6efcb53e3c0e91',0,'car',13,'Forester','automatic','gasoline','suv','2.5L 4cyl',NULL,4,2010,NULL,NULL,153126,1299500.00,'Satin White Pearl',NULL,NULL,NULL,NULL,NULL,NULL,NULL,NULL,NULL,NULL,1,0,1,'2024-06-09 01:55:06','2024-06-16 06:48:26'),(385,'c35c5f5e4513e4554491853ae641fc81',0,'car',13,'Forester','automatic','gasoline','suv','2.5L 4cyl',NULL,4,2014,NULL,NULL,164207,1599000.00,'Marine Blue Pearl',NULL,NULL,NULL,NULL,NULL,NULL,NULL,NULL,NULL,NULL,1,0,1,'2024-06-09 01:55:06','2024-06-16 06:48:26'),(386,'0f13609b85d9e91b97547ade7ba85edb',0,'car',13,'Accord','automatic','gasoline','sedan','189.0hp',NULL,4,2015,NULL,NULL,1,1499000.00,'Burgundy',NULL,NULL,NULL,NULL,NULL,NULL,NULL,NULL,NULL,NULL,1,0,1,'2024-06-09 01:55:06','2024-06-16 06:48:26'),(387,'c053ed810b414b6047b2ddc6269cf143',0,'car',13,'Elantra','automatic','gasoline','sedan','1.8ltre',NULL,4,2013,NULL,NULL,171230,950000.00,'Silver',NULL,NULL,NULL,NULL,NULL,NULL,NULL,NULL,NULL,NULL,1,0,1,'2024-06-09 01:55:06','2024-06-16 06:48:26'),(388,'90839a06ae3d0f65c3c7a9637d25868b',0,'car',13,'AVEO','automatic','gasoline','hatchback','4 CYL',NULL,5,2011,NULL,NULL,144696,499000.00,'Grey',NULL,NULL,NULL,NULL,NULL,NULL,NULL,NULL,NULL,NULL,1,0,1,'2024-06-09 01:55:06','2024-06-16 06:48:26'),(389,'0495ec6910d4636f9020c5df537df2f1',0,'car',13,'Cruze','automatic','gasoline','sedan','4 CYL',NULL,4,2011,NULL,NULL,204203,499000.00,'Dark Blue',NULL,NULL,NULL,NULL,NULL,NULL,NULL,NULL,NULL,NULL,1,0,1,'2024-06-09 01:55:06','2024-06-16 06:48:26'),(390,'40ed1b797c5207063710251bbe5c878d',0,'car',13,'Cruze','automatic','gasoline','sedan','4 CYL',NULL,4,2011,NULL,NULL,204203,499000.00,'Dark Blue',NULL,NULL,NULL,NULL,NULL,NULL,NULL,NULL,NULL,NULL,1,0,1,'2024-06-09 01:55:06','2024-06-16 06:48:26'),(391,'8443629266c31385316587d5100d6111',0,'car',13,'Sonic','automatic','gasoline','sedan','4 CYL',NULL,4,2014,NULL,NULL,256264,599000.00,'Summit White',NULL,NULL,NULL,NULL,NULL,NULL,NULL,NULL,NULL,NULL,1,0,1,'2024-06-09 01:55:06','2024-06-16 06:48:26'),(392,'8d9109c0c833b40b5d9691a079d6a3e7',0,'car',13,'Cruze','automatic','gasoline','sedan','4 CYL',NULL,4,2011,NULL,NULL,124117,699000.00,'Black Granite Metallic',NULL,NULL,NULL,NULL,NULL,NULL,NULL,NULL,NULL,NULL,1,0,1,'2024-06-09 01:55:06','2024-06-16 06:48:26'),(393,'ebcfac7b3b24714349a98abd5dd08406',0,'car',13,'Cruze','automatic','gasoline','sedan','4 CYL',NULL,4,2011,NULL,NULL,137248,699000.00,'Dark Blue',NULL,NULL,NULL,NULL,NULL,NULL,NULL,NULL,NULL,NULL,1,0,1,'2024-06-09 01:55:06','2024-06-16 06:48:26'),(394,'40916261e3d0b1462ca2ff12e1c1624a',0,'car',13,'Cruze','automatic','gasoline','sedan','4 CYL',NULL,4,2011,NULL,NULL,109130,799000.00,'Dark Blue',NULL,NULL,NULL,NULL,NULL,NULL,NULL,NULL,NULL,NULL,1,0,1,'2024-06-09 01:55:06','2024-06-16 06:48:26'),(395,'f5319446896d502f853f17f72bec44ca',0,'car',13,'Cruze','automatic','gasoline','sedan','4 CYL',NULL,4,2011,NULL,NULL,121213,799000.00,'Summit White',NULL,NULL,NULL,NULL,NULL,NULL,NULL,NULL,NULL,NULL,1,0,1,'2024-06-09 01:55:06','2024-06-16 06:48:26'),(396,'08de9d2fce9174224179a431d7ddebfb',0,'car',13,'Sonic','automatic','gasoline','sedan','4 CYL',NULL,4,2016,NULL,NULL,180446,799000.00,'Mosaic Black Metallic',NULL,NULL,NULL,NULL,NULL,NULL,NULL,NULL,NULL,NULL,1,0,1,'2024-06-09 01:55:06','2024-06-16 06:48:26'),(397,'61b3eacb91a63a41c3422cf87a3c8b5c',0,'car',13,'Spark','automatic','gasoline','hatchback','4 CYL',NULL,4,2016,NULL,NULL,196078,799000.00,'Silver Ice',NULL,NULL,NULL,NULL,NULL,NULL,NULL,NULL,NULL,NULL,1,0,1,'2024-06-09 01:55:06','2024-06-16 06:48:26'),(398,'b0d7f49d2e451cd569276bc1932c316a',0,'car',13,'Cruze','automatic','gasoline','sedan','4 CYL',NULL,4,2015,NULL,NULL,181285,899000.00,'Black Granite Metallic',NULL,NULL,NULL,NULL,NULL,NULL,NULL,NULL,NULL,NULL,1,0,1,'2024-06-09 01:55:06','2024-06-16 06:48:26'),(399,'258d87d6619d5ba579e547d2751837ba',0,'car',13,'Cruze','automatic','gasoline','sedan','4 CYL',NULL,4,2015,NULL,NULL,161977,899000.00,'Silver',NULL,NULL,NULL,NULL,NULL,NULL,NULL,NULL,NULL,NULL,1,0,1,'2024-06-09 01:55:06','2024-06-16 06:48:26'),(400,'eb5bfcb132fb28f1af3b34abf2f4a506',0,'car',13,'Focus','automatic','gasoline','sedan','4 CYL',NULL,4,2014,NULL,NULL,145944,799000.00,'Sterling Grey Metallic',NULL,NULL,NULL,NULL,NULL,NULL,NULL,NULL,NULL,NULL,1,0,1,'2024-06-09 01:55:06','2024-06-16 06:48:26'),(401,'c878114a91c5c417dd1bba9a86fe488a',0,'car',13,'Civic','automatic','gasoline','sedan','4 CYL',NULL,4,2009,NULL,NULL,246852,599000.00,'Alabaster Silver Metallic',NULL,NULL,NULL,NULL,NULL,NULL,NULL,NULL,NULL,NULL,1,0,1,'2024-06-09 01:55:06','2024-06-16 06:48:26'),(402,'b224369c71b7d525bbd23b9ca1786a42',0,'car',13,'Civic','automatic','gasoline','sedan','4 CYL',NULL,4,2007,NULL,NULL,107568,799000.00,'Dark Blue',NULL,NULL,NULL,NULL,NULL,NULL,NULL,NULL,NULL,NULL,1,0,1,'2024-06-09 01:55:06','2024-06-16 06:48:26'),(403,'8333e05a669c6d12874820cca8793fde',0,'car',13,'Civic','automatic','gasoline','sedan','4 CYL',NULL,4,2010,NULL,NULL,192988,799000.00,'Taffeta White',NULL,NULL,NULL,NULL,NULL,NULL,NULL,NULL,NULL,NULL,1,0,1,'2024-06-09 01:55:06','2024-06-16 06:48:26'),(404,'7f85ae9e15af9103275fe6a9b33226d0',0,'car',13,'Civic','automatic','gasoline','sedan','4 CYL',NULL,4,2013,NULL,NULL,186980,1199000.00,'Crystal Black Pearl',NULL,NULL,NULL,NULL,NULL,NULL,NULL,NULL,NULL,NULL,1,0,1,'2024-06-09 01:55:06','2024-06-16 06:48:26'),(405,'6354196f5e8f87251020f7215acabffc',0,'car',13,'Sonata','automatic','gasoline','sedan','6 CYL',NULL,4,2007,NULL,NULL,249342,399000.00,'Ebony Black',NULL,NULL,NULL,NULL,NULL,NULL,NULL,NULL,NULL,NULL,1,0,1,'2024-06-09 01:55:06','2024-06-16 06:48:26'),(406,'ad74ca261e414597130ac572f925c5de',0,'car',13,'Elantra','automatic','gasoline','sedan','4 CYL',NULL,4,2013,NULL,NULL,217613,699000.00,'White',NULL,NULL,NULL,NULL,NULL,NULL,NULL,NULL,NULL,NULL,1,0,1,'2024-06-09 01:55:06','2024-06-16 06:48:26'),(407,'e13bbfbec9929b30d3dce90a4ec81f04',0,'car',13,'Accent','automatic','gasoline','hatchback','4 CYL',NULL,4,2013,NULL,NULL,165406,699000.00,'Grey',NULL,NULL,NULL,NULL,NULL,NULL,NULL,NULL,NULL,NULL,1,0,1,'2024-06-09 01:55:06','2024-06-16 06:48:26'),(408,'75cf6858046c3a722d43c65fd1c37a97',0,'car',13,'Elantra','manual','gasoline','hatchback','4 CYL',NULL,4,2013,NULL,NULL,173564,699000.00,'Blue',NULL,NULL,NULL,NULL,NULL,NULL,NULL,NULL,NULL,NULL,1,0,1,'2024-06-09 01:55:06','2024-06-16 06:48:26'),(409,'0d6fb97da89c131170f996c130453dad',0,'car',13,'Elantra','automatic','gasoline','sedan','4 CYL',NULL,4,2013,NULL,NULL,246388,699000.00,'Grey',NULL,NULL,NULL,NULL,NULL,NULL,NULL,NULL,NULL,NULL,1,0,1,'2024-06-09 01:55:06','2024-06-16 06:48:26'),(410,'2006e2cf0391bfe5cddf85858d1dce41',0,'car',13,'Elantra','automatic','gasoline','hatchback','4 CYL',NULL,4,2013,NULL,NULL,231000,699000.00,'Shimmering Silver Metallic',NULL,NULL,NULL,NULL,NULL,NULL,NULL,NULL,NULL,NULL,1,0,1,'2024-06-09 01:55:06','2024-06-16 06:48:26'),(411,'088015d5cb2a5cf7c12162db96ef281e',0,'car',13,'Accent','automatic','gasoline','hatchback','4 CYL',NULL,4,2016,NULL,NULL,233279,699000.00,'Ultra Black Pearl',NULL,NULL,NULL,NULL,NULL,NULL,NULL,NULL,NULL,NULL,1,0,1,'2024-06-09 01:55:06','2024-06-16 06:48:26'),(412,'02541b7cbb840b5f6bd8eff3c9f56f61',0,'car',13,'Elantra','automatic','gasoline','hatchback','4 CYL',NULL,4,2013,NULL,NULL,185866,899000.00,'Monaco White',NULL,NULL,NULL,NULL,NULL,NULL,NULL,NULL,NULL,NULL,1,0,1,'2024-06-09 01:55:06','2024-06-16 06:48:26'),(413,'066dfdc857dda099abf53541af6b6921',0,'car',13,'Elantra','automatic','gasoline','sedan','4 CYL',NULL,4,2013,NULL,NULL,152080,899000.00,'Burgundy',NULL,NULL,NULL,NULL,NULL,NULL,NULL,NULL,NULL,NULL,1,0,1,'2024-06-09 01:55:06','2024-06-16 06:48:26'),(414,'16db7aefcdc20270e525b513d3eea7ae',0,'car',13,'Elantra','automatic','gasoline','hatchback','4 CYL',NULL,4,2015,NULL,NULL,190000,899000.00,'Geranium Red Metallic',NULL,NULL,NULL,NULL,NULL,NULL,NULL,NULL,NULL,NULL,1,0,1,'2024-06-09 01:55:06','2024-06-16 06:48:26'),(415,'ad11f170a3848248f894ae6a27c3323f',0,'car',13,'Elantra','automatic','gasoline','hatchback','4 CYL',NULL,5,2013,NULL,NULL,130343,999000.00,'Red',NULL,NULL,NULL,NULL,NULL,NULL,NULL,NULL,NULL,NULL,1,0,1,'2024-06-09 01:55:06','2024-06-16 06:48:26'),(416,'a3438ee3d7d93286f72956731318c12b',0,'car',13,'Elantra','automatic','gasoline','hatchback','4 CYL',NULL,5,2013,NULL,NULL,130343,999000.00,'Red',NULL,NULL,NULL,NULL,NULL,NULL,NULL,NULL,NULL,NULL,1,0,1,'2024-06-09 01:55:06','2024-06-16 06:48:26'),(417,'c7cad7c11b3d420def9d705bb177620f',0,'car',13,'Elantra','automatic','gasoline','sedan','4 CYL',NULL,4,2013,NULL,NULL,135203,999000.00,'Desert Bronze Metallic',NULL,NULL,NULL,NULL,NULL,NULL,NULL,NULL,NULL,NULL,1,0,1,'2024-06-09 01:55:06','2024-06-16 06:48:26'),(418,'d4d1582d4c8d0fa6c27bc055b9d3f418',0,'car',13,'Elantra','automatic','gasoline','sedan','4 CYL',NULL,4,2015,NULL,NULL,196552,999000.00,'Grey',NULL,NULL,NULL,NULL,NULL,NULL,NULL,NULL,NULL,NULL,1,0,1,'2024-06-09 01:55:06','2024-06-16 06:48:26'),(419,'d5ef33b6c1d987f827ae3c598d97761e',0,'car',13,'Elantra','automatic','gasoline','sedan','4 CYL',NULL,4,2014,NULL,NULL,139896,1099000.00,'Black Noir Pearl Metallic',NULL,NULL,NULL,NULL,NULL,NULL,NULL,NULL,NULL,NULL,1,0,1,'2024-06-09 01:55:06','2024-06-16 06:48:26'),(420,'e45223daf2501fbc2cc0a1da57a5f875',0,'car',13,'Sonata','automatic','gasoline','sedan','4 CYL',NULL,4,2015,NULL,NULL,184848,1099000.00,'Polished Metal Metallic',NULL,NULL,NULL,NULL,NULL,NULL,NULL,NULL,NULL,NULL,1,0,1,'2024-06-09 01:55:06','2024-06-16 06:48:26'),(421,'6c4b61eb08b730ff9427d26255695a56',0,'car',13,'Elantra','automatic','gasoline','sedan','4 CYL',NULL,4,2016,NULL,NULL,176740,1099000.00,'Ice White Pearl',NULL,NULL,NULL,NULL,NULL,NULL,NULL,NULL,NULL,NULL,1,0,1,'2024-06-09 01:55:06','2024-06-16 06:48:26'),(422,'9ab8762445c16edba8e205110cb6b78e',0,'car',13,'Elantra','automatic','gasoline','sedan','4 CYL',NULL,4,2016,NULL,NULL,120925,1299000.00,'Platinum Silver Metallic',NULL,NULL,NULL,NULL,NULL,NULL,NULL,NULL,NULL,NULL,1,0,1,'2024-06-09 01:55:06','2024-06-16 06:48:26'),(423,'6d3b5fe0441e433ae6abf1c97114a03b',0,'car',13,'Sonata','automatic','gasoline','sedan','4 CYL',NULL,4,2017,NULL,NULL,198076,1299000.00,'Ice White Pearl',NULL,NULL,NULL,NULL,NULL,NULL,NULL,NULL,NULL,NULL,1,0,1,'2024-06-09 01:55:06','2024-06-16 06:48:26'),(424,'04df3d28695da1529c4903e13abc62ae',0,'car',13,'Sentra','manual','gasoline','sedan','4 CYL',NULL,4,2006,NULL,NULL,79000,499500.00,'Green',NULL,NULL,NULL,NULL,NULL,NULL,NULL,NULL,NULL,NULL,1,0,1,'2024-06-09 01:55:06','2024-06-16 06:48:26'),(425,'31b25895e6cd08ccd8dcd43d7c395509',0,'car',13,'Sentra','automatic','gasoline','sedan','4 CYL',NULL,4,2008,NULL,NULL,129984,599000.00,'BURGUBNDY',NULL,NULL,NULL,NULL,NULL,NULL,NULL,NULL,NULL,NULL,1,0,1,'2024-06-09 01:55:06','2024-06-16 06:48:26'),(426,'cbf980d466485944950cb92308f8517b',0,'car',13,'Altima','automatic','gasoline','sedan','4 CYL',NULL,4,2008,NULL,NULL,114551,699000.00,'Radiant Silver Metallic',NULL,NULL,NULL,NULL,NULL,NULL,NULL,NULL,NULL,NULL,1,0,1,'2024-06-09 01:55:06','2024-06-16 06:48:26'),(427,'504daf7a1d76b17f3628bd49dbca3083',0,'car',13,'Altima','automatic','gasoline','sedan','4 CYL',NULL,4,2012,NULL,NULL,196553,699000.00,'Ebony',NULL,NULL,NULL,NULL,NULL,NULL,NULL,NULL,NULL,NULL,1,0,1,'2024-06-09 01:55:06','2024-06-16 06:48:26'),(428,'577a158debe0241d38cbb36a9fa8c3aa',0,'car',13,'Sentra','automatic','gasoline','sedan','4 CYL',NULL,4,2013,NULL,NULL,141927,899000.00,'Aspen White Pearl',NULL,NULL,NULL,NULL,NULL,NULL,NULL,NULL,NULL,NULL,1,0,1,'2024-06-09 01:55:06','2024-06-16 06:48:26'),(429,'957422a2dbf48c2a642ceec0168b9919',0,'car',13,'Altima','automatic','gasoline','sedan','2.5 L',NULL,4,2015,NULL,NULL,36103,1650000.00,'Silver',NULL,NULL,NULL,NULL,NULL,NULL,NULL,NULL,NULL,NULL,1,0,1,'2024-06-09 01:55:06','2024-06-16 06:48:26'),(430,'0148e754ef65200925f652317d2d074c',0,'car',13,'Impreza','automatic','gasoline','hatchback','2.0 L',NULL,5,2013,NULL,NULL,220000,519500.00,'Black',NULL,NULL,NULL,NULL,NULL,NULL,NULL,NULL,NULL,NULL,1,0,1,'2024-06-09 01:55:06','2024-06-16 06:48:26'),(431,'faeb26a6fc8f96ff9969f791c3371d12',0,'car',13,'Equinox','automatic','gasoline','suv','2.4L',NULL,4,2012,NULL,NULL,141950,1149000.00,'White',NULL,NULL,NULL,NULL,NULL,NULL,NULL,NULL,NULL,NULL,1,0,1,'2024-06-09 01:55:06','2024-06-16 06:48:26'),(432,'02ef0bc40c2d831e5a413fd30c34deb8',0,'car',13,'Cruze','manual','gasoline','sedan','1.4L',NULL,4,2015,NULL,NULL,95123,1197500.00,'Summit White',NULL,NULL,NULL,NULL,NULL,NULL,NULL,NULL,NULL,NULL,1,0,1,'2024-06-09 01:55:06','2024-06-16 06:48:26'),(433,'b1dcf0982a802a6ab00b7c61f4a05dd9',0,'car',13,'Focus','automatic','gasoline','sedan','2.0L',NULL,4,2014,NULL,NULL,168076,848800.00,'Silver',NULL,NULL,NULL,NULL,NULL,NULL,NULL,NULL,NULL,NULL,1,0,1,'2024-06-09 01:55:06','2024-06-16 06:48:26'),(434,'b81de3f487386d8ed65548e981801b7e',0,'car',13,'Fusion','automatic','gasoline','sedan','2.3L',NULL,4,2009,NULL,NULL,146085,849500.00,'White',NULL,NULL,NULL,NULL,NULL,NULL,NULL,NULL,NULL,NULL,1,0,1,'2024-06-09 01:55:06','2024-06-16 06:48:26'),(435,'ca3aac517b59dc966af7c495f33d67a3',0,'car',13,'Escape','automatic','gasoline','suv','3.0L',NULL,4,2010,NULL,NULL,153000,898800.00,'Black',NULL,NULL,NULL,NULL,NULL,NULL,NULL,NULL,NULL,NULL,1,0,1,'2024-06-09 01:55:06','2024-06-16 06:48:26'),(436,'b9bdc0b606f4aeb6b3f4fd0eadb7a2a4',0,'car',13,'Edge','automatic','gasoline','suv','3.5L',NULL,4,2013,NULL,NULL,163000,1199900.00,'Red',NULL,NULL,NULL,NULL,NULL,NULL,NULL,NULL,NULL,NULL,1,0,1,'2024-06-09 01:55:06','2024-06-16 06:48:26'),(437,'4c82754df7902b2b0807c3f00d82cc97',0,'car',13,'Escape','automatic','gasoline','suv','3.0L',NULL,4,2011,NULL,NULL,65017,1249500.00,'Blue',NULL,NULL,NULL,NULL,NULL,NULL,NULL,NULL,NULL,NULL,1,0,1,'2024-06-09 01:55:06','2024-06-16 06:48:26'),(438,'7799c8778681cb44463e82cf8b890590',0,'car',13,'Fit','automatic','gasoline','hatchback','1.5L',NULL,4,2007,NULL,NULL,151000,699900.00,'Grey',NULL,NULL,NULL,NULL,NULL,NULL,NULL,NULL,NULL,NULL,1,0,1,'2024-06-09 01:55:06','2024-06-16 06:48:26'),(439,'fa5f03fda837766b6f1df002a91d3b5b',0,'car',13,'Accord','automatic','gasoline','sedan','2.4L',NULL,4,2007,NULL,NULL,169487,749900.00,'White',NULL,NULL,NULL,NULL,NULL,NULL,NULL,NULL,NULL,NULL,1,0,1,'2024-06-09 01:55:06','2024-06-16 06:48:26'),(440,'ca7ec814c511fc24a1b02723e58b9464',0,'car',13,'Accord','manual','gasoline','sedan','2.4L',NULL,4,2011,NULL,NULL,206000,799900.00,'Grey',NULL,NULL,NULL,NULL,NULL,NULL,NULL,NULL,NULL,NULL,1,0,1,'2024-06-09 01:55:06','2024-06-16 06:48:26'),(441,'c14767f304f107149f64b6d7e6c5491b',0,'car',13,'Accord','manual','gasoline','sedan','2.4L',NULL,4,2009,NULL,NULL,191163,899500.00,'Grey',NULL,NULL,NULL,NULL,NULL,NULL,NULL,NULL,NULL,NULL,1,0,1,'2024-06-09 01:55:06','2024-06-16 06:48:26'),(442,'1a6a7b74bf27aa8b828f8d73e1717bc2',0,'car',13,'Civic','automatic','gasoline','sedan','1.8L',NULL,4,2010,NULL,NULL,198280,899500.00,'Black',NULL,NULL,NULL,NULL,NULL,NULL,NULL,NULL,NULL,NULL,1,0,1,'2024-06-09 01:55:06','2024-06-16 06:48:26'),(443,'dff0d9589dae3e3b7f5da69212242c2c',0,'car',13,'Civic','automatic','gasoline','sedan','1.8L',NULL,4,2012,NULL,NULL,225000,899500.00,'Black',NULL,NULL,NULL,NULL,NULL,NULL,NULL,NULL,NULL,NULL,1,0,1,'2024-06-09 01:55:06','2024-06-16 06:48:26'),(444,'72c9c8ec5c835a6e094c921c793457ed',0,'car',13,'Accord','automatic','gasoline','sedan','2.4L',NULL,4,2008,NULL,NULL,154728,999500.00,'Silver',NULL,NULL,NULL,NULL,NULL,NULL,NULL,NULL,NULL,NULL,1,0,1,'2024-06-09 01:55:06','2024-06-16 06:48:26'),(445,'5f551939bc06b17ff8bb68ebc21218c3',0,'car',13,'CR-V','automatic','gasoline','suv','2.4L',NULL,4,2013,NULL,NULL,225000,1299500.00,'Grey',NULL,NULL,NULL,NULL,NULL,NULL,NULL,NULL,NULL,NULL,1,0,1,'2024-06-09 01:55:06','2024-06-16 06:48:26'),(446,'4395f69af3a534607227126fda38f2a3',0,'car',13,'CR-V','automatic','gasoline','suv','2.4L',NULL,4,2014,NULL,NULL,231000,1299900.00,'Blue',NULL,NULL,NULL,NULL,NULL,NULL,NULL,NULL,NULL,NULL,1,0,1,'2024-06-09 01:55:06','2024-06-16 06:48:26'),(447,'c6629aff1af134fb4b504951c14f39de',0,'car',13,'Civic','automatic','gasoline','sedan','1.8L',NULL,4,2014,NULL,NULL,118440,1399500.00,'White',NULL,NULL,NULL,NULL,NULL,NULL,NULL,NULL,NULL,NULL,1,0,1,'2024-06-09 01:55:06','2024-06-16 06:48:26'),(448,'0123a680b3c48454c3538a3c544cf38a',0,'car',13,'CR-V','automatic','gasoline','suv','2.4L',NULL,4,2015,NULL,NULL,184148,1498800.00,'Grey',NULL,NULL,NULL,NULL,NULL,NULL,NULL,NULL,NULL,NULL,1,0,1,'2024-06-09 01:55:06','2024-06-16 06:48:26'),(449,'31241d97ab951e1d13ff689faaeb03e1',0,'car',13,'Civic','automatic','gasoline','sedan','2.0L',NULL,4,2016,NULL,NULL,232000,1499500.00,'Black',NULL,NULL,NULL,NULL,NULL,NULL,NULL,NULL,NULL,NULL,1,0,1,'2024-06-09 01:55:06','2024-06-16 06:48:26'),(450,'f2832531055c6ea6084059c632fa07cc',0,'car',13,'Civic','automatic','gasoline','sedan','2.0L',NULL,4,2016,NULL,NULL,196588,1499800.00,'White',NULL,NULL,NULL,NULL,NULL,NULL,NULL,NULL,NULL,NULL,1,0,1,'2024-06-09 01:55:06','2024-06-16 06:48:26'),(451,'9735deb9b7317cc17a5e45f4f4b04de0',0,'car',13,'Elantra','automatic','gasoline','sedan','1.8L',NULL,4,2013,NULL,NULL,231000,699500.00,'White',NULL,NULL,NULL,NULL,NULL,NULL,NULL,NULL,NULL,NULL,1,0,1,'2024-06-09 01:55:06','2024-06-16 06:48:26'),(452,'c5f874bb0d68bb9c927ee3723d284f14',0,'car',13,'Accent','automatic','gasoline','hatchback','1.6L',NULL,4,2014,NULL,NULL,233000,749500.00,'Black',NULL,NULL,NULL,NULL,NULL,NULL,NULL,NULL,NULL,NULL,1,0,1,'2024-06-09 01:55:06','2024-06-16 06:48:26'),(453,'17b779859190f9a99eb2097a5be8974d',0,'car',13,'Santa','automatic','gasoline','suv','3.5L',NULL,4,2011,NULL,NULL,206000,829900.00,'Black',NULL,NULL,NULL,NULL,NULL,NULL,NULL,NULL,NULL,NULL,1,0,1,'2024-06-09 01:55:06','2024-06-16 06:48:26'),(454,'d6286bd6e8075099b5d714be6a7c893c',0,'car',13,'Sonata','automatic','gasoline','sedan','2.4L',NULL,4,2013,NULL,NULL,196000,899500.00,'Grey',NULL,NULL,NULL,NULL,NULL,NULL,NULL,NULL,NULL,NULL,1,0,1,'2024-06-09 01:55:06','2024-06-16 06:48:26'),(455,'edf2fb5246b9eec819cb031260147eba',0,'car',13,'Elantra','automatic','gasoline','sedan','1.8L',NULL,4,2014,NULL,NULL,174000,899500.00,'Silver',NULL,NULL,NULL,NULL,NULL,NULL,NULL,NULL,NULL,NULL,1,0,1,'2024-06-09 01:55:06','2024-06-16 06:48:26'),(456,'2a27c4ba50a2092e4490c16fdd3fc968',0,'car',13,'Elantra','automatic','gasoline','sedan','1.8L',NULL,4,2015,NULL,NULL,186648,1028800.00,'Black',NULL,NULL,NULL,NULL,NULL,NULL,NULL,NULL,NULL,NULL,1,0,1,'2024-06-09 01:55:06','2024-06-16 06:48:26'),(457,'262c41e886b3dbac5fabe51931962c38',0,'car',13,'Accent','automatic','gasoline','hatchback','1.6L',NULL,5,2014,NULL,NULL,114157,1088800.00,'Black',NULL,NULL,NULL,NULL,NULL,NULL,NULL,NULL,NULL,NULL,1,0,1,'2024-06-09 01:55:06','2024-06-16 06:48:26'),(458,'b17027f45f67415fe4cdcf40e37f52eb',0,'car',13,'Elantra','automatic','gasoline','sedan','1.8L',NULL,4,2011,NULL,NULL,115000,1099500.00,'Grey',NULL,NULL,NULL,NULL,NULL,NULL,NULL,NULL,NULL,NULL,1,0,1,'2024-06-09 01:55:06','2024-06-16 06:48:26'),(459,'7c3c79edd5468a931e9af407555b9fcc',0,'car',13,'Accent','automatic','gasoline','hatchback','1.6L',NULL,4,2014,NULL,NULL,138692,1099900.00,'Black',NULL,NULL,NULL,NULL,NULL,NULL,NULL,NULL,NULL,NULL,1,0,1,'2024-06-09 01:55:06','2024-06-16 06:48:26'),(460,'6cc3577970e97938a2191e0443243dab',0,'car',13,'Elantra','automatic','gasoline','sedan','2.0L',NULL,4,2015,NULL,NULL,173469,1145000.00,'White',NULL,NULL,NULL,NULL,NULL,NULL,NULL,NULL,NULL,NULL,1,0,1,'2024-06-09 01:55:06','2024-06-16 06:48:26'),(461,'d8c5835a7cf5ca37643c849277680ccb',0,'car',13,'Santa','automatic','gasoline','suv','3.3L',NULL,4,2014,NULL,NULL,200593,1195000.00,'Silver',NULL,NULL,NULL,NULL,NULL,NULL,NULL,NULL,NULL,NULL,1,0,1,'2024-06-09 01:55:06','2024-06-16 06:48:26'),(462,'46da8aefed260fc97d954dd07ff93aa7',0,'car',13,'Elantra','automatic','gasoline','sedan','1.8L',NULL,4,2016,NULL,NULL,196000,1249500.00,'Silver',NULL,NULL,NULL,NULL,NULL,NULL,NULL,NULL,NULL,NULL,1,0,1,'2024-06-09 01:55:06','2024-06-16 06:48:26'),(463,'0d722323833afe30185cdd065d0d1be4',0,'car',13,'Sonata','automatic','gasoline','sedan','2.4l',NULL,4,2011,NULL,NULL,115501,1288800.00,'Grey',NULL,NULL,NULL,NULL,NULL,NULL,NULL,NULL,NULL,NULL,1,0,1,'2024-06-09 01:55:06','2024-06-16 06:48:26'),(464,'f838ee7a177bab4e5cff209fdcafd9c7',0,'car',13,'Santa','automatic','gasoline','suv','3.3L',NULL,4,2013,NULL,NULL,210000,1299500.00,'Black',NULL,NULL,NULL,NULL,NULL,NULL,NULL,NULL,NULL,NULL,1,0,1,'2024-06-09 01:55:06','2024-06-16 06:48:26'),(465,'25d8c883f036f8f56aad97b4eacb8eaf',0,'car',13,'Santa','automatic','gasoline','suv','2.4L',NULL,4,2014,NULL,NULL,156656,1395000.00,'Brown',NULL,NULL,NULL,NULL,NULL,NULL,NULL,NULL,NULL,NULL,1,0,1,'2024-06-09 01:55:06','2024-06-16 06:48:26'),(466,'c0cb7f856e8761b4deffb5c8836ede08',0,'car',13,'Elantra','automatic','gasoline','sedan','2.0L',NULL,4,2017,NULL,NULL,170693,1395000.00,'Black',NULL,NULL,NULL,NULL,NULL,NULL,NULL,NULL,NULL,NULL,1,0,1,'2024-06-09 01:55:06','2024-06-16 06:48:26'),(467,'e47fe0224d29da30b93914fb3d81847a',0,'car',13,'Elantra','automatic','gasoline','sedan','2.0L',NULL,4,2017,NULL,NULL,111443,1599800.00,'Blue',NULL,NULL,NULL,NULL,NULL,NULL,NULL,NULL,NULL,NULL,1,0,1,'2024-06-09 01:55:06','2024-06-16 06:48:26'),(468,'3aa0768a83c5a2f7f0e3b0c3bf52659b',0,'car',13,'Elantra','automatic','gasoline','sedan','2.0L',NULL,4,2018,NULL,NULL,129001,1599800.00,'Blue',NULL,NULL,NULL,NULL,NULL,NULL,NULL,NULL,NULL,NULL,1,0,1,'2024-06-09 01:55:06','2024-06-16 06:48:26'),(469,'a4aec38134cbbdc819b65b905be75cd9',0,'car',13,'Elantra','automatic','gasoline','sedan','2.0L',NULL,4,2018,NULL,NULL,116309,1648800.00,'Black',NULL,NULL,NULL,NULL,NULL,NULL,NULL,NULL,NULL,NULL,1,0,1,'2024-06-09 01:55:06','2024-06-16 06:48:26'),(470,'73fe853b5cb81c1812c4bf147b0f29a6',0,'car',13,'Santa','automatic','gasoline','suv','2.0T',NULL,4,2014,NULL,NULL,138000,1649900.00,'Silver',NULL,NULL,NULL,NULL,NULL,NULL,NULL,NULL,NULL,NULL,1,0,1,'2024-06-09 01:55:06','2024-06-16 06:48:26'),(471,'8067e958426ef75b373cfd0f5ae1048f',0,'car',13,'Murano','automatic','gasoline','suv','3.5L',NULL,5,2007,NULL,NULL,235000,499500.00,'White',NULL,NULL,NULL,NULL,NULL,NULL,NULL,NULL,NULL,NULL,1,0,1,'2024-06-09 01:55:06','2024-06-16 06:48:26'),(472,'838c77944efe2e700184809d8f338aae',0,'car',13,'Versa','automatic','gasoline','hatchback','1.6L',NULL,4,2015,NULL,NULL,171429,850000.00,'White',NULL,NULL,NULL,NULL,NULL,NULL,NULL,NULL,NULL,NULL,1,0,1,'2024-06-09 01:55:06','2024-06-16 06:48:26'),(473,'b59c665ee600c9541dd859b26573793d',0,'car',13,'Pathfinder','automatic','gasoline','suv','3.5L',NULL,4,2014,NULL,NULL,212755,1195000.00,'Black',NULL,NULL,NULL,NULL,NULL,NULL,NULL,NULL,NULL,NULL,1,0,1,'2024-06-09 01:55:06','2024-06-16 06:48:26'),(474,'aa7965fdd514fc4f92ca4bdb05d60320',0,'car',13,'Rogue','automatic','gasoline','suv','2.5L',NULL,4,2015,NULL,NULL,181290,1245000.00,'Black',NULL,NULL,NULL,NULL,NULL,NULL,NULL,NULL,NULL,NULL,1,0,1,'2024-06-09 01:55:06','2024-06-16 06:48:26'),(475,'d1fd01165172af8457fcb4e032849190',0,'car',13,'Pathfinder','automatic','gasoline','suv','3.5L',NULL,4,2015,NULL,NULL,198871,1495000.00,'Black',NULL,NULL,NULL,NULL,NULL,NULL,NULL,NULL,NULL,NULL,1,0,1,'2024-06-09 01:55:06','2024-06-16 06:48:26'),(476,'631ee152bced4d7ab634e2dabc4ba39f',0,'car',13,'Sentra','automatic','gasoline','sedan','1.8L',NULL,4,2017,NULL,NULL,113650,1499000.00,'Grey',NULL,NULL,NULL,NULL,NULL,NULL,NULL,NULL,NULL,NULL,1,0,1,'2024-06-09 01:55:06','2024-06-16 06:48:26'),(477,'c59227ce8efb0577527e0e2f09f19efa',0,'car',13,'Impreza','manual','gasoline','sedan','2.0L',NULL,4,2014,NULL,NULL,218000,799900.00,'Black',NULL,NULL,NULL,NULL,NULL,NULL,NULL,NULL,NULL,NULL,1,0,1,'2024-06-09 01:55:06','2024-06-16 06:48:26'),(478,'e429d8b716156e15d2b10214b25f9403',0,'car',13,'Forester','automatic','gasoline','suv','2.5L',NULL,4,2009,NULL,NULL,165322,999500.00,'Green',NULL,NULL,NULL,NULL,NULL,NULL,NULL,NULL,NULL,NULL,1,0,1,'2024-06-09 01:55:06','2024-06-16 06:48:26'),(479,'b91379f7a9e9748c2c52d4796398fd47',0,'car',13,'Outback','automatic','gasoline','suv','2.5L',NULL,4,2016,NULL,NULL,187000,1599900.00,'Silver',NULL,NULL,NULL,NULL,NULL,NULL,NULL,NULL,NULL,NULL,1,0,1,'2024-06-09 01:55:06','2024-06-16 06:48:26'),(480,'d386be4ff0ac5dd95149c897ce77781d',0,'car',13,'Cruze','automatic','gasoline','sedan','1.4',NULL,4,2015,NULL,NULL,362000,299800.00,'Gray',NULL,NULL,NULL,NULL,NULL,NULL,NULL,NULL,NULL,NULL,1,0,1,'2024-06-09 01:55:06','2024-06-16 06:48:26'),(481,'bede6e0fbd38bc518da6c2cd59ffe050',0,'car',13,'Equinox','automatic','gasoline','suv','2.4',NULL,4,2012,NULL,NULL,230000,559800.00,'Gray',NULL,NULL,NULL,NULL,NULL,NULL,NULL,NULL,NULL,NULL,1,0,1,'2024-06-09 01:55:06','2024-06-16 06:48:26'),(482,'a9a72b1f0087c9ab03e151dc57cd6d07',0,'car',13,'Spark','automatic','gasoline','hatchback','1.2',NULL,4,2013,NULL,NULL,209733,599000.00,'Silver Ice Metallic',NULL,NULL,NULL,NULL,NULL,NULL,NULL,NULL,NULL,NULL,1,0,1,'2024-06-09 01:55:06','2024-06-16 06:48:26'),(483,'a120177a32f95ef3b3ffafdee46d4ef4',0,'car',13,'Equinox','automatic','gasoline','suv','2.4',NULL,4,2011,NULL,NULL,218000,599800.00,'Cardinal Red Metallic',NULL,NULL,NULL,NULL,NULL,NULL,NULL,NULL,NULL,NULL,1,0,1,'2024-06-09 01:55:06','2024-06-16 06:48:26'),(484,'c8ab349ec681776ac0ab98c26f6cf218',0,'car',13,'Equinox','automatic','gasoline','suv','2.4',NULL,4,2011,NULL,NULL,218000,599800.00,'Cardinal Red Metallic',NULL,NULL,NULL,NULL,NULL,NULL,NULL,NULL,NULL,NULL,1,0,1,'2024-06-09 01:55:06','2024-06-16 06:48:26'),(485,'bcd933fdfc5557b26423d3ca6e11314c',0,'car',13,'Cruze','automatic','gasoline','sedan','1.4',NULL,4,2014,NULL,NULL,184300,840000.00,'Summit White',NULL,NULL,NULL,NULL,NULL,NULL,NULL,NULL,NULL,NULL,1,0,1,'2024-06-09 01:55:06','2024-06-16 06:48:26'),(486,'3b68e380d578c36fde064d14230d27bd',0,'car',13,'Cruze','automatic','gasoline','sedan','1.4',NULL,4,2014,NULL,NULL,189000,888000.00,'Silver',NULL,NULL,NULL,NULL,NULL,NULL,NULL,NULL,NULL,NULL,1,0,1,'2024-06-09 01:55:06','2024-06-16 06:48:26'),(487,'df8a080dffe68a54bc6955132c5f3c2f',0,'car',13,'Cruze','automatic','gasoline','sedan','1.4',NULL,4,2013,NULL,NULL,170000,888800.00,'Black Granite Metallic',NULL,NULL,NULL,NULL,NULL,NULL,NULL,NULL,NULL,NULL,1,0,1,'2024-06-09 01:55:06','2024-06-16 06:48:26'),(488,'41970d8a0b4db2d98e832d8a307179cb',0,'car',13,'Malibu','automatic','flex','sedan','2.4',NULL,4,2009,NULL,NULL,97000,899900.00,'Silver',NULL,NULL,NULL,NULL,NULL,NULL,NULL,NULL,NULL,NULL,1,0,1,'2024-06-09 01:55:06','2024-06-16 06:48:26'),(489,'c99f77aa984ab50f835af1d5c42593d8',0,'car',13,'Malibu','automatic','flex','sedan','2.4',NULL,4,2009,NULL,NULL,143150,899900.00,'Imperial Blue Metallic',NULL,NULL,NULL,NULL,NULL,NULL,NULL,NULL,NULL,NULL,1,0,1,'2024-06-09 01:55:06','2024-06-16 06:48:26'),(490,'30f7843aea9eef9637d29a326b23b8bd',0,'car',13,'Equinox','automatic','gasoline','suv','2.4',NULL,4,2010,NULL,NULL,135000,945000.00,'Red',NULL,NULL,NULL,NULL,NULL,NULL,NULL,NULL,NULL,NULL,1,0,1,'2024-06-09 01:55:06','2024-06-16 06:48:26'),(491,'1a342451e061c5e6e4a0f4a417bba708',0,'car',13,'Cruze','automatic','gasoline','sedan','1.4',NULL,4,2014,NULL,NULL,202580,998000.00,'Red',NULL,NULL,NULL,NULL,NULL,NULL,NULL,NULL,NULL,NULL,1,0,1,'2024-06-09 01:55:06','2024-06-16 06:48:26'),(492,'d93c4811f46b55ceb8395e9e1fcc1437',0,'car',13,'Cruze','automatic','gasoline','sedan','1.4',NULL,4,2013,NULL,NULL,143700,999500.00,'Black Granite Metallic',NULL,NULL,NULL,NULL,NULL,NULL,NULL,NULL,NULL,NULL,1,0,1,'2024-06-09 01:55:06','2024-06-16 06:48:26'),(493,'7f6325884427bf82a62d2ddc795f5c35',0,'car',13,'Traverse','automatic','gasoline','suv','3.6',NULL,4,2010,NULL,NULL,129000,1099000.00,'Silver',NULL,NULL,NULL,NULL,NULL,NULL,NULL,NULL,NULL,NULL,1,0,1,'2024-06-09 01:55:06','2024-06-16 06:48:26'),(494,'a7de4cbe05d8a7f30c244b4734e0d854',0,'car',13,'Equinox','automatic','gasoline','suv','2.4',NULL,4,2014,NULL,NULL,194512,1099500.00,'White',NULL,NULL,NULL,NULL,NULL,NULL,NULL,NULL,NULL,NULL,1,0,1,'2024-06-09 01:55:06','2024-06-16 06:48:26'),(495,'f7055013b97a19f7a1821057e89f9268',0,'car',13,'Cruze','automatic','gasoline','sedan','1.4',NULL,4,2016,NULL,NULL,196489,1099500.00,'Summit White',NULL,NULL,NULL,NULL,NULL,NULL,NULL,NULL,NULL,NULL,1,0,1,'2024-06-09 01:55:06','2024-06-16 06:48:26'),(496,'1f684b2f636bb5eb791aff5a9a2a5cb6',0,'car',13,'Equinox','automatic','gasoline','suv','2.4',NULL,4,2013,NULL,NULL,157000,1199000.00,'Blue',NULL,NULL,NULL,NULL,NULL,NULL,NULL,NULL,NULL,NULL,1,0,1,'2024-06-09 01:55:06','2024-06-16 06:48:26'),(497,'7cb991e1e63300985b13de7b2c4282fd',0,'car',13,'Cruze','automatic','gasoline','sedan','1.4',NULL,4,2014,NULL,NULL,118571,1199000.00,'Silver',NULL,NULL,NULL,NULL,NULL,NULL,NULL,NULL,NULL,NULL,1,0,1,'2024-06-09 01:55:06','2024-06-16 06:48:26'),(498,'247d80334fd7e5c26a59eeef09301026',0,'car',13,'Cruze','automatic','gasoline','sedan','1.4',NULL,4,2015,NULL,NULL,130918,1199500.00,'Burgundy',NULL,NULL,NULL,NULL,NULL,NULL,NULL,NULL,NULL,NULL,1,0,1,'2024-06-09 01:55:06','2024-06-16 06:48:26'),(499,'af760aa68a2fe4f86b22c9d7429869fd',0,'car',13,'Cruze','automatic','gasoline','sedan','1.4',NULL,4,2014,NULL,NULL,145000,1249900.00,'Grey',NULL,NULL,NULL,NULL,NULL,NULL,NULL,NULL,NULL,NULL,1,0,1,'2024-06-09 01:55:06','2024-06-16 06:48:26'),(500,'8a6e4d54e9b7994fcf7a7feb31345d70',0,'car',13,'Equinox','automatic','gasoline','suv','2.4',NULL,4,2012,NULL,NULL,111709,1288800.00,'Grey',NULL,NULL,NULL,NULL,NULL,NULL,NULL,NULL,NULL,NULL,1,0,1,'2024-06-09 01:55:06','2024-06-16 06:48:26'),(501,'95b9b1fbc05c73a12338b193ae2097a9',0,'car',13,'Cruze','automatic','gasoline','sedan','1.4',NULL,4,2015,NULL,NULL,97877,1299000.00,'Black',NULL,NULL,NULL,NULL,NULL,NULL,NULL,NULL,NULL,NULL,1,0,1,'2024-06-09 01:55:06','2024-06-16 06:48:26'),(502,'22fe80b9d3a902be51ec693c16128fef',0,'car',13,'Sonic','automatic','gasoline','hatchback','1.8',NULL,4,2015,NULL,NULL,104274,1299500.00,'Black',NULL,NULL,NULL,NULL,NULL,NULL,NULL,NULL,NULL,NULL,1,0,1,'2024-06-09 01:55:06','2024-06-16 06:48:26'),(503,'c406f02aeaccc6dcede23c4e180f0144',0,'car',13,'Equinox','automatic','gasoline','suv','2.4',NULL,4,2011,NULL,NULL,89000,1299900.00,'Summit White',NULL,NULL,NULL,NULL,NULL,NULL,NULL,NULL,NULL,NULL,1,0,1,'2024-06-09 01:55:06','2024-06-16 06:48:26'),(504,'622a615b5f1bf92785ef0cf4409aa0fb',0,'car',13,'Equinox','automatic','gasoline','suv','2.4',NULL,4,2012,NULL,NULL,80272,1399000.00,'White',NULL,NULL,NULL,NULL,NULL,NULL,NULL,NULL,NULL,NULL,1,0,1,'2024-06-09 01:55:06','2024-06-16 06:48:26'),(505,'bffcd2590e65c20d4714759c83f99511',0,'car',13,'Traverse','automatic','gasoline','suv','3.6',NULL,4,2014,NULL,NULL,162000,1399900.00,'Blue',NULL,NULL,NULL,NULL,NULL,NULL,NULL,NULL,NULL,NULL,1,0,1,'2024-06-09 01:55:06','2024-06-16 06:48:26'),(506,'479b733d8008a6ab2dbb6ce7a29d5457',0,'car',13,'Equinox','automatic','gasoline','suv','2.4',NULL,4,2016,NULL,NULL,156672,1488800.00,'Black',NULL,NULL,NULL,NULL,NULL,NULL,NULL,NULL,NULL,NULL,1,0,1,'2024-06-09 01:55:06','2024-06-16 06:48:26'),(507,'f690ed91c98a2360d0953ebaf764488a',0,'car',13,'Cruze','automatic','gasoline','sedan','1.4',NULL,4,2018,NULL,NULL,158600,1499500.00,'Grey',NULL,NULL,NULL,NULL,NULL,NULL,NULL,NULL,NULL,NULL,1,0,1,'2024-06-09 01:55:06','2024-06-16 06:48:26'),(508,'f9e5bf6288d2e632f248ca8036695cbd',0,'car',13,'Fusion','automatic','gasoline','sedan','2.5',NULL,4,2010,NULL,NULL,260000,279500.00,'Black',NULL,NULL,NULL,NULL,NULL,NULL,NULL,NULL,NULL,NULL,1,0,1,'2024-06-09 01:55:06','2024-06-16 06:48:26'),(509,'3eebdd5cbf35bfb617c82153db3960b3',0,'car',13,'Fusion','automatic','gasoline','sedan','2.5',NULL,4,2010,NULL,NULL,260000,279500.00,'Black',NULL,NULL,NULL,NULL,NULL,NULL,NULL,NULL,NULL,NULL,1,0,1,'2024-06-09 01:55:06','2024-06-16 06:48:26'),(510,'bfce0ce925858c09361e2529b4e81402',0,'car',13,'Focus','automatic','flex','sedan','2.0',NULL,4,2013,NULL,NULL,246888,499500.00,'Black',NULL,NULL,NULL,NULL,NULL,NULL,NULL,NULL,NULL,NULL,1,0,1,'2024-06-09 01:55:06','2024-06-16 06:48:26'),(511,'0406b4d39fb7771831783dcaebcab1c9',0,'car',13,'Escape','automatic','gasoline','suv','3.0',NULL,4,2009,NULL,NULL,205000,699500.00,'White',NULL,NULL,NULL,NULL,NULL,NULL,NULL,NULL,NULL,NULL,1,0,1,'2024-06-09 01:55:06','2024-06-16 06:48:26'),(512,'b1a27c5f4f41306473f425338bd24d5c',0,'car',13,'Focus','automatic','gasoline','sedan','2.0',NULL,4,2015,NULL,NULL,193000,798000.00,'Tuxedo Black Metallic',NULL,NULL,NULL,NULL,NULL,NULL,NULL,NULL,NULL,NULL,1,0,1,'2024-06-09 01:55:06','2024-06-16 06:48:26'),(513,'dd4bf40dc57b213d89f216341b810cc3',0,'car',13,'Escape','automatic','gasoline','suv','2.5',NULL,4,2011,NULL,NULL,159000,799000.00,'White',NULL,NULL,NULL,NULL,NULL,NULL,NULL,NULL,NULL,NULL,1,0,1,'2024-06-09 01:55:06','2024-06-16 06:48:26'),(514,'18547dc28f1f236a9f17cc9072988a2a',0,'car',13,'Fiesta','automatic','gasoline','hatchback','1.6',NULL,4,2015,NULL,NULL,132000,999800.00,'Red',NULL,NULL,NULL,NULL,NULL,NULL,NULL,NULL,NULL,NULL,1,0,1,'2024-06-09 01:55:06','2024-06-16 06:48:26'),(515,'190e741cdcb0bcca0e57b320576ba03a',0,'car',13,'Fusion','automatic','flex','sedan','2.0',NULL,4,2014,NULL,NULL,263500,999900.00,'Silver',NULL,NULL,NULL,NULL,NULL,NULL,NULL,NULL,NULL,NULL,1,0,1,'2024-06-09 01:55:06','2024-06-16 06:48:26'),(516,'c766445880dad7dc4aa15053ada08235',0,'car',13,'Escape','automatic','gasoline','suv','1.6',NULL,4,2013,NULL,NULL,156299,1049500.00,'Ruby Red Tinted',NULL,NULL,NULL,NULL,NULL,NULL,NULL,NULL,NULL,NULL,1,0,1,'2024-06-09 01:55:06','2024-06-16 06:48:26'),(517,'bedf1b3ea3e1eef284e68c4dd80b3b16',0,'car',13,'Escape','automatic','gasoline','suv','1.6',NULL,4,2014,NULL,NULL,174593,1049500.00,'Ruby Red Clearcoat',NULL,NULL,NULL,NULL,NULL,NULL,NULL,NULL,NULL,NULL,1,0,1,'2024-06-09 01:55:06','2024-06-16 06:48:26'),(518,'d1d4c039a91d611ba6570fc7ae62d02c',0,'car',13,'Edge','automatic','gasoline','suv','3.5',NULL,4,2014,NULL,NULL,219400,1090000.00,'Tuxedo Black Metallic',NULL,NULL,NULL,NULL,NULL,NULL,NULL,NULL,NULL,NULL,1,0,1,'2024-06-09 01:55:06','2024-06-16 06:48:26'),(519,'03390c6fef51cc1688fa4d1bbb1b449c',0,'car',13,'Escape','automatic','gasoline','suv','2.0',NULL,5,2015,NULL,NULL,203411,1190000.00,'Dark Grey',NULL,NULL,NULL,NULL,NULL,NULL,NULL,NULL,NULL,NULL,1,0,1,'2024-06-09 01:55:06','2024-06-16 06:48:26'),(520,'259c1cc4788ea5c4472653413ac4614f',0,'car',13,'Explorer','automatic','gasoline','suv','3.5',NULL,4,2011,NULL,NULL,176000,1249000.00,'White',NULL,NULL,NULL,NULL,NULL,NULL,NULL,NULL,NULL,NULL,1,0,1,'2024-06-09 01:55:06','2024-06-16 06:48:26'),(521,'db0f209410970761dda8a3f3e3478003',0,'car',13,'Taurus','automatic','gasoline','sedan','3.5',NULL,4,2014,NULL,NULL,154400,1249500.00,'Tuxedo Black Metallic',NULL,NULL,NULL,NULL,NULL,NULL,NULL,NULL,NULL,NULL,1,0,1,'2024-06-09 01:55:06','2024-06-16 06:48:26'),(522,'f5fcbeacc5a67bbbea6af3c404d97f98',0,'car',13,'Edge','automatic','gasoline','suv','3.5',NULL,4,2013,NULL,NULL,187056,1299500.00,'Ingot Silver Metallic',NULL,NULL,NULL,NULL,NULL,NULL,NULL,NULL,NULL,NULL,1,0,1,'2024-06-09 01:55:06','2024-06-16 06:48:26'),(523,'c7a9ec20ebb3a5dd91c46e0d213bdfe3',0,'car',13,'Fusion','automatic','gasoline','sedan','2.0',NULL,4,2015,NULL,NULL,210717,1348000.00,'Ingot Silver',NULL,NULL,NULL,NULL,NULL,NULL,NULL,NULL,NULL,NULL,1,0,1,'2024-06-09 01:55:06','2024-06-16 06:48:26'),(524,'a17157536594e64596cc86dc9bcbb6f7',0,'car',13,'Escape','automatic','gasoline','suv','1.6',NULL,4,2013,NULL,NULL,129894,1388800.00,'Tuxedo Black',NULL,NULL,NULL,NULL,NULL,NULL,NULL,NULL,NULL,NULL,1,0,1,'2024-06-09 01:55:06','2024-06-16 06:48:26'),(525,'b4a4b3f2d12179fc080cd76066a5e02e',0,'car',13,'Fusion','automatic','gasoline','sedan','2.0',NULL,4,2016,NULL,NULL,175000,1399000.00,'Shadow Black',NULL,NULL,NULL,NULL,NULL,NULL,NULL,NULL,NULL,NULL,1,0,1,'2024-06-09 01:55:06','2024-06-16 06:48:26'),(526,'40388a76217cbc454e702728c36014c2',0,'car',13,'Escape','automatic','gasoline','suv','1.6',NULL,4,2016,NULL,NULL,155000,1499000.00,'Black',NULL,NULL,NULL,NULL,NULL,NULL,NULL,NULL,NULL,NULL,1,0,1,'2024-06-09 01:55:06','2024-06-16 06:48:26'),(527,'2b16bd02559ff83bc1a7f9d4b82b4e84',0,'car',13,'Escape','automatic','gasoline','suv','1.5',NULL,4,2018,NULL,NULL,188400,1499500.00,'Magnetic',NULL,NULL,NULL,NULL,NULL,NULL,NULL,NULL,NULL,NULL,1,0,1,'2024-06-09 01:55:06','2024-06-16 06:48:26'),(528,'d5f8e14d3c12e5aa8a835df294a3d742',0,'car',13,'Fusion','automatic','gasoline','sedan','2.0',NULL,4,2016,NULL,NULL,211000,1499900.00,'Shadow Black',NULL,NULL,NULL,NULL,NULL,NULL,NULL,NULL,NULL,NULL,1,0,1,'2024-06-09 01:55:06','2024-06-16 06:48:26'),(529,'a26726cb3c2b9696e9fb37e9eade175e',0,'car',13,'Fusion','automatic','gasoline','sedan','2.0',NULL,4,2014,NULL,NULL,94113,1538000.00,'Ruby Red Metallic Tri-Coat',NULL,NULL,NULL,NULL,NULL,NULL,NULL,NULL,NULL,NULL,1,0,1,'2024-06-09 01:55:06','2024-06-16 06:48:26'),(530,'71cacb9fcce33134a87d981e21ad3299',0,'car',13,'Explorer','automatic','gasoline','suv','3.5',NULL,4,2013,NULL,NULL,223580,1548000.00,'White Platinum Tri-Coat',NULL,NULL,NULL,NULL,NULL,NULL,NULL,NULL,NULL,NULL,1,0,1,'2024-06-09 01:55:06','2024-06-16 06:48:26'),(531,'8280f1d6cf74dbb9ae60ab8324da079d',0,'car',13,'Edge','automatic','gasoline','suv','3.7',NULL,4,2013,NULL,NULL,137000,1588800.00,'Tuxedo Black Metallic',NULL,NULL,NULL,NULL,NULL,NULL,NULL,NULL,NULL,NULL,1,0,1,'2024-06-09 01:55:06','2024-06-16 06:48:26'),(532,'475387964f534c00fade3e7c250e8a83',0,'car',13,'Explorer','automatic','gasoline','suv','3.5',NULL,4,2014,NULL,NULL,225331,1598000.00,'Tuxedo Black Metallic',NULL,NULL,NULL,NULL,NULL,NULL,NULL,NULL,NULL,NULL,1,0,1,'2024-06-09 01:55:06','2024-06-16 06:48:26'),(533,'ec1070d05e129f03cafc71e809f741fa',0,'car',13,'Escape','automatic','gasoline','suv','1.5',NULL,4,2018,NULL,NULL,162000,1599000.00,'Ingot Silver',NULL,NULL,NULL,NULL,NULL,NULL,NULL,NULL,NULL,NULL,1,0,1,'2024-06-09 01:55:06','2024-06-16 06:48:26'),(534,'9184f8b59bb0ebcac1540ee4744bd7db',0,'car',13,'Focus','manual','gasoline','hatchback','2.0',NULL,4,2014,NULL,NULL,157000,1650000.00,'Black',NULL,NULL,NULL,NULL,NULL,NULL,NULL,NULL,NULL,NULL,1,0,1,'2024-06-09 01:55:06','2024-06-16 06:48:26'),(535,'ba31463a4adc40bfe61192493fa1747d',0,'car',13,'Focus','automatic','gasoline','hatchback','2.0',NULL,4,2015,NULL,NULL,90100,1650000.00,'Black',NULL,NULL,NULL,NULL,NULL,NULL,NULL,NULL,NULL,NULL,1,0,1,'2024-06-09 01:55:06','2024-06-16 06:48:26'),(536,'4b567d07b38a9130230bb5198fb44fee',0,'car',13,'Civic','automatic','gasoline','sedan','1.8',NULL,4,2008,NULL,NULL,248000,550000.00,'Grey',NULL,NULL,NULL,NULL,NULL,NULL,NULL,NULL,NULL,NULL,1,0,1,'2024-06-09 01:55:06','2024-06-16 06:48:26'),(537,'314168fb1d73798384c705ec2819b895',0,'car',13,'CR-V','automatic','gasoline','suv','2.4',NULL,4,2009,NULL,NULL,342700,580000.00,'Crystal Black Pearl',NULL,NULL,NULL,NULL,NULL,NULL,NULL,NULL,NULL,NULL,1,0,1,'2024-06-09 01:55:06','2024-06-16 06:48:26'),(538,'7199a2f6d0246350a2efa32461557292',0,'car',13,'CR-V','automatic','gasoline','suv','2.4',NULL,5,2009,NULL,NULL,230000,620000.00,'Black',NULL,NULL,NULL,NULL,NULL,NULL,NULL,NULL,NULL,NULL,1,0,1,'2024-06-09 01:55:06','2024-06-16 06:48:26'),(539,'571c15680a2d113a0f9c3570bb453036',0,'car',13,'Civic','automatic','gasoline','sedan','1.8',NULL,4,2010,NULL,NULL,169600,799900.00,'Grey',NULL,NULL,NULL,NULL,NULL,NULL,NULL,NULL,NULL,NULL,1,0,1,'2024-06-09 01:55:06','2024-06-16 06:48:26'),(540,'a26236621598f2b17c18ad8ef2c8216b',0,'car',13,'Civic','automatic','gasoline','sedan','1.8',NULL,4,2010,NULL,NULL,129494,1049900.00,'Black',NULL,NULL,NULL,NULL,NULL,NULL,NULL,NULL,NULL,NULL,1,0,1,'2024-06-09 01:55:06','2024-06-16 06:48:26'),(541,'711dc0f41bd3d026cb04a86c2dd42c18',0,'car',13,'Civic','automatic','gasoline','sedan','1.8',NULL,4,2011,NULL,NULL,106000,1098800.00,'Dark Grey',NULL,NULL,NULL,NULL,NULL,NULL,NULL,NULL,NULL,NULL,1,0,1,'2024-06-09 01:55:06','2024-06-16 06:48:26'),(542,'43fc65464a2b2cf24aaf05a55589c496',0,'car',13,'CR-V','automatic','gasoline','suv','2.4',NULL,4,2010,NULL,NULL,192000,1099900.00,'Black',NULL,NULL,NULL,NULL,NULL,NULL,NULL,NULL,NULL,NULL,1,0,1,'2024-06-09 01:55:06','2024-06-16 06:48:26'),(543,'9290d0aa81de235ec7e58ecda942ab81',0,'car',13,'Accord','automatic','gasoline','sedan','2.4',NULL,4,2014,NULL,NULL,209654,1299500.00,'Silver',NULL,NULL,NULL,NULL,NULL,NULL,NULL,NULL,NULL,NULL,1,0,1,'2024-06-09 01:55:06','2024-06-16 06:48:26'),(544,'aa9d4264f80c500e64aeca428260c0f7',0,'car',13,'Civic','automatic','gasoline','sedan','1.8',NULL,4,2013,NULL,NULL,166000,1368800.00,'White',NULL,NULL,NULL,NULL,NULL,NULL,NULL,NULL,NULL,NULL,1,0,1,'2024-06-09 01:55:06','2024-06-16 06:48:26'),(545,'e0ee585fae828e6a6747b32bbdb5d625',0,'car',13,'Accord','automatic','gasoline','sedan','2.4',NULL,4,2014,NULL,NULL,208821,1399500.00,'Crystal Black Pearl',NULL,NULL,NULL,NULL,NULL,NULL,NULL,NULL,NULL,NULL,1,0,1,'2024-06-09 01:55:06','2024-06-16 06:48:26'),(546,'80e878c1f1883e06bf3372859252a516',0,'car',13,'Civic','automatic','gasoline','sedan','1.8',NULL,4,2014,NULL,NULL,166000,1448000.00,'Taffeta White',NULL,NULL,NULL,NULL,NULL,NULL,NULL,NULL,NULL,NULL,1,0,1,'2024-06-09 01:55:06','2024-06-16 06:48:26'),(547,'4021ca9e3eb3e9becd7fe1833ac978c7',0,'car',13,'Civic','automatic','gasoline','sedan','1.8',NULL,4,2014,NULL,NULL,143000,1448000.00,'Alabaster Silver Metallic',NULL,NULL,NULL,NULL,NULL,NULL,NULL,NULL,NULL,NULL,1,0,1,'2024-06-09 01:55:06','2024-06-16 06:48:26'),(548,'c4e21fd54682549774f08c2f2e78be88',0,'car',13,'Civic','automatic','gasoline','sedan','1.8',NULL,4,2014,NULL,NULL,150000,1448000.00,'Crystal Black Pearl',NULL,NULL,NULL,NULL,NULL,NULL,NULL,NULL,NULL,NULL,1,0,1,'2024-06-09 01:55:06','2024-06-16 06:48:26'),(549,'9e3bae4f84815a8e1755b441d0de05a5',0,'car',13,'Civic','automatic','gasoline','sedan','2.0',NULL,4,2016,NULL,NULL,221999,1448000.00,'Taffeta White',NULL,NULL,NULL,NULL,NULL,NULL,NULL,NULL,NULL,NULL,1,0,1,'2024-06-09 01:55:06','2024-06-16 06:48:26'),(550,'ff14827ebec2de4dda7b6f42bc0b61c6',0,'car',13,'Civic','automatic','gasoline','sedan','1.8',NULL,4,2010,NULL,NULL,33580,1488800.00,'Silver',NULL,NULL,NULL,NULL,NULL,NULL,NULL,NULL,NULL,NULL,1,0,1,'2024-06-09 01:55:06','2024-06-16 06:48:26'),(551,'5a0a4838ec8cedc8fffa0d4b0eb55769',0,'car',13,'Element','automatic','gasoline','suv','2.4',NULL,5,2009,NULL,NULL,199529,1490000.00,'Midnight Red Pearl',NULL,NULL,NULL,NULL,NULL,NULL,NULL,NULL,NULL,NULL,1,0,1,'2024-06-09 01:55:06','2024-06-16 06:48:26'),(552,'7e23c3ce5f3b82d7ff5ca02d30200ecd',0,'car',13,'Civic','automatic','gasoline','sedan','1.8',NULL,4,2014,NULL,NULL,124000,1499000.00,'Taffeta White',NULL,NULL,NULL,NULL,NULL,NULL,NULL,NULL,NULL,NULL,1,0,1,'2024-06-09 01:55:06','2024-06-16 06:48:26'),(553,'b0a0620047a9027e09c322dbc8c903f7',0,'car',13,'Pilot','automatic','gasoline','suv','3.5',NULL,4,2015,NULL,NULL,222650,1599500.00,'Crystal Black Pearl',NULL,NULL,NULL,NULL,NULL,NULL,NULL,NULL,NULL,NULL,1,0,1,'2024-06-09 01:55:06','2024-06-16 06:48:26'),(554,'b1d34186bcaa76fa0972f75565f92f0e',0,'car',13,'Santa','automatic','gasoline','suv','3.3',NULL,5,2008,NULL,NULL,230000,369500.00,'Grey',NULL,NULL,NULL,NULL,NULL,NULL,NULL,NULL,NULL,NULL,1,0,1,'2024-06-09 01:55:06','2024-06-16 06:48:26'),(555,'50ea8c1bbc0d10232fa5ddbfa0e27324',0,'car',13,'Sonata','automatic','gasoline','sedan','2.4',NULL,4,2007,NULL,NULL,190000,499000.00,'Burgundy',NULL,NULL,NULL,NULL,NULL,NULL,NULL,NULL,NULL,NULL,1,0,1,'2024-06-09 01:55:06','2024-06-16 06:48:26'),(556,'e2f5e17ff0a21570003a301b6c126dc9',0,'car',13,'Elantra','automatic','gasoline','sedan','1.8',NULL,4,2011,NULL,NULL,221000,599000.00,'Grey',NULL,NULL,NULL,NULL,NULL,NULL,NULL,NULL,NULL,NULL,1,0,1,'2024-06-09 01:55:06','2024-06-16 06:48:26'),(557,'f6d45991858494c19b83ddb411fe0c6a',0,'car',13,'Elantra','automatic','gasoline','sedan','1.8',NULL,4,2011,NULL,NULL,197659,699000.00,'Indigo Blue Pearl Mica',NULL,NULL,NULL,NULL,NULL,NULL,NULL,NULL,NULL,NULL,1,0,1,'2024-06-09 01:55:06','2024-06-16 06:48:26'),(558,'f83b38dfca25fd1eaf7a90bcf31a69d0',0,'car',13,'Elantra','automatic','gasoline','sedan','1.8',NULL,4,2013,NULL,NULL,199000,699000.00,'Radiant Silver Metallic',NULL,NULL,NULL,NULL,NULL,NULL,NULL,NULL,NULL,NULL,1,0,1,'2024-06-09 01:55:06','2024-06-16 06:48:26'),(559,'7c21089853ae278431181e6512ab7707',0,'car',13,'Elantra','manual','gasoline','sedan','1.8',NULL,4,2013,NULL,NULL,184000,699000.00,'White',NULL,NULL,NULL,NULL,NULL,NULL,NULL,NULL,NULL,NULL,1,0,1,'2024-06-09 01:55:06','2024-06-16 06:48:26'),(560,'a5a5f00038212bec61665cd637bfbe49',0,'car',13,'Elantra','automatic','gasoline','sedan','1.8',NULL,4,2013,NULL,NULL,188217,799000.00,'Radiant Silver Metallic',NULL,NULL,NULL,NULL,NULL,NULL,NULL,NULL,NULL,NULL,1,0,1,'2024-06-09 01:55:06','2024-06-16 06:48:26'),(561,'88b74b18a21a7624eb2ff64dd9bf8926',0,'car',13,'Tucson','automatic','gasoline','suv','2.7',NULL,4,2007,NULL,NULL,158895,799500.00,'Silver',NULL,NULL,NULL,NULL,NULL,NULL,NULL,NULL,NULL,NULL,1,0,1,'2024-06-09 01:55:06','2024-06-16 06:48:26'),(562,'dfe3e0570fc8ef2513c04247034e6c23',0,'car',13,'Sonata','automatic','flex','sedan','2.4',NULL,4,2012,NULL,NULL,198000,899000.00,'Silver',NULL,NULL,NULL,NULL,NULL,NULL,NULL,NULL,NULL,NULL,1,0,1,'2024-06-09 01:55:06','2024-06-16 06:48:26'),(563,'3b8ee348526351a47031329699baa00b',0,'car',13,'Elantra','automatic','gasoline','sedan','1.8',NULL,4,2013,NULL,NULL,188000,899000.00,'Radiant Silver Metallic',NULL,NULL,NULL,NULL,NULL,NULL,NULL,NULL,NULL,NULL,1,0,1,'2024-06-09 01:55:06','2024-06-16 06:48:26'),(564,'5549cf2c7e461c1401e0ec23eccfcc74',0,'car',13,'Santa','automatic','gasoline','suv','3.5',NULL,4,2012,NULL,NULL,198000,950000.00,'Dark Blue',NULL,NULL,NULL,NULL,NULL,NULL,NULL,NULL,NULL,NULL,1,0,1,'2024-06-09 01:55:06','2024-06-16 06:48:26'),(565,'3b5a1363ec02c35ef4adfc031079fc44',0,'car',13,'Elantra','automatic','gasoline','sedan','1.8',NULL,4,2015,NULL,NULL,198000,999000.00,'Grey',NULL,NULL,NULL,NULL,NULL,NULL,NULL,NULL,NULL,NULL,1,0,1,'2024-06-09 01:55:06','2024-06-16 06:48:26'),(566,'01e4298ca0f276d6c97dfb7f5a2c5d4f',0,'car',13,'Elantra','automatic','gasoline','sedan','1.8',NULL,4,2012,NULL,NULL,193830,999500.00,'Grey',NULL,NULL,NULL,NULL,NULL,NULL,NULL,NULL,NULL,NULL,1,0,1,'2024-06-09 01:55:06','2024-06-16 06:48:26'),(567,'b25aea7ea25a08940f7e8053231264c4',0,'car',13,'Elantra','automatic','gasoline','sedan','1.8',NULL,4,2014,NULL,NULL,169200,999500.00,'Brown',NULL,NULL,NULL,NULL,NULL,NULL,NULL,NULL,NULL,NULL,1,0,1,'2024-06-09 01:55:06','2024-06-16 06:48:26'),(568,'2aeb65deb8a36d9e1832b4244c98ea53',0,'car',13,'Tucson','automatic','gasoline','suv','2.4',NULL,4,2012,NULL,NULL,161000,1099000.00,'Brown',NULL,NULL,NULL,NULL,NULL,NULL,NULL,NULL,NULL,NULL,1,0,1,'2024-06-09 01:55:06','2024-06-16 06:48:26'),(569,'0926f6408846dfaf0fb36ab12c24c11d',0,'car',13,'Accent','automatic','gasoline','sedan','1.6',NULL,4,2014,NULL,NULL,124176,1099800.00,'Century White',NULL,NULL,NULL,NULL,NULL,NULL,NULL,NULL,NULL,NULL,1,0,1,'2024-06-09 01:55:06','2024-06-16 06:48:26'),(570,'287589411efd214227ef06e6e0978c0e',0,'car',13,'Santa','automatic','gasoline','suv','2.4',NULL,4,2013,NULL,NULL,179000,1199500.00,'Silver',NULL,NULL,NULL,NULL,NULL,NULL,NULL,NULL,NULL,NULL,1,0,1,'2024-06-09 01:55:06','2024-06-16 06:48:26'),(571,'6701fa2562f57d0345c55c977f85177f',0,'car',13,'Tucson','automatic','gasoline','suv','2.0',NULL,4,2014,NULL,NULL,182958,1199500.00,'Laguna Blue Metallic',NULL,NULL,NULL,NULL,NULL,NULL,NULL,NULL,NULL,NULL,1,0,1,'2024-06-09 01:55:06','2024-06-16 06:48:26'),(572,'f522d4240df49738a1e6d14e7a78700d',0,'car',13,'Santa','automatic','gasoline','suv','2.4',NULL,4,2016,NULL,NULL,208764,1258000.00,'Grey',NULL,NULL,NULL,NULL,NULL,NULL,NULL,NULL,NULL,NULL,1,0,1,'2024-06-09 01:55:06','2024-06-16 06:48:26'),(573,'bf53250f49a6eddba49a8f1601948233',0,'car',13,'Sonata','automatic','gasoline','sedan','2.4',NULL,4,2012,NULL,NULL,126397,1299000.00,'Silver',NULL,NULL,NULL,NULL,NULL,NULL,NULL,NULL,NULL,NULL,1,0,1,'2024-06-09 01:55:06','2024-06-16 06:48:26'),(574,'56b4d6861e0400b312eb26b90900e892',0,'car',13,'Santa','automatic','gasoline','suv','2.0',NULL,4,2013,NULL,NULL,169455,1299500.00,'White',NULL,NULL,NULL,NULL,NULL,NULL,NULL,NULL,NULL,NULL,1,0,1,'2024-06-09 01:55:06','2024-06-16 06:48:26'),(575,'d8846c078a88a359717b36d81282079b',0,'car',13,'Tucson','automatic','gasoline','suv','2.4',NULL,4,2013,NULL,NULL,106000,1299900.00,'Black',NULL,NULL,NULL,NULL,NULL,NULL,NULL,NULL,NULL,NULL,1,0,1,'2024-06-09 01:55:06','2024-06-16 06:48:26'),(576,'0d51bc90680f0469f0d4e421da02abbb',0,'car',13,'Santa','automatic','gasoline','suv','2.4',NULL,4,2013,NULL,NULL,99000,1399000.00,'Blue',NULL,NULL,NULL,NULL,NULL,NULL,NULL,NULL,NULL,NULL,1,0,1,'2024-06-09 01:55:06','2024-06-16 06:48:26'),(577,'e50e8d863bbe0e072e6b98a1c26b63bb',0,'car',13,'Sonata','automatic','gasoline','sedan','2.4',NULL,4,2016,NULL,NULL,166000,1399000.00,'Black Noir Pearl Metallic',NULL,NULL,NULL,NULL,NULL,NULL,NULL,NULL,NULL,NULL,1,0,1,'2024-06-09 01:55:06','2024-06-16 06:48:26'),(578,'47aacd305f5f5273429a2be95578aa36',0,'car',13,'Accent','automatic','gasoline','hatchback','1.6',NULL,4,2017,NULL,NULL,143000,1399000.00,'White',NULL,NULL,NULL,NULL,NULL,NULL,NULL,NULL,NULL,NULL,1,0,1,'2024-06-09 01:55:06','2024-06-16 06:48:26'),(579,'562684ee9a6ff9cc94df931a6a53073c',0,'car',13,'Sonata','automatic','gasoline','sedan','2.4',NULL,4,2015,NULL,NULL,129500,1488800.00,'Ice White Pearl',NULL,NULL,NULL,NULL,NULL,NULL,NULL,NULL,NULL,NULL,1,0,1,'2024-06-09 01:55:06','2024-06-16 06:48:26'),(580,'3c8c7d681d44c2a64dc1648c929e4101',0,'car',13,'Santa','automatic','gasoline','suv','2.0',NULL,4,2015,NULL,NULL,179414,1499500.00,'Red',NULL,NULL,NULL,NULL,NULL,NULL,NULL,NULL,NULL,NULL,1,0,1,'2024-06-09 01:55:06','2024-06-16 06:48:26'),(581,'a8635cd2d5acc7e6c16939f71ea427c9',0,'car',13,'Elantra','automatic','gasoline','hatchback','2.0',NULL,4,2016,NULL,NULL,138800,1499500.00,'Dark Grey',NULL,NULL,NULL,NULL,NULL,NULL,NULL,NULL,NULL,NULL,1,0,1,'2024-06-09 01:55:06','2024-06-16 06:48:26'),(582,'3fa127ddabdb7f2646db2947a972c79e',0,'car',13,'Veloster','automatic','gasoline','hatchback','1.6',NULL,3,2016,NULL,NULL,108655,1499800.00,'Triathlon Grey Metallic',NULL,NULL,NULL,NULL,NULL,NULL,NULL,NULL,NULL,NULL,1,0,1,'2024-06-09 01:55:06','2024-06-16 06:48:26'),(583,'2ee7a631d1257b7da24fcc104d4ad5a4',0,'car',13,'Elantra','automatic','gasoline','sedan','2.0',NULL,4,2017,NULL,NULL,157690,1499800.00,'White',NULL,NULL,NULL,NULL,NULL,NULL,NULL,NULL,NULL,NULL,1,0,1,'2024-06-09 01:55:06','2024-06-16 06:48:26'),(584,'9d11ff8eadbd61e50677cb6568707556',0,'car',13,'Tucson','automatic','gasoline','suv','2.4',NULL,4,2014,NULL,NULL,151000,1500000.00,'White',NULL,NULL,NULL,NULL,NULL,NULL,NULL,NULL,NULL,NULL,1,0,1,'2024-06-09 01:55:06','2024-06-16 06:48:26'),(585,'71ba37ac559228ccf93b694b62723111',0,'car',13,'Santa','automatic','gasoline','suv','2.4',NULL,4,2014,NULL,NULL,157000,1538000.00,'Grey',NULL,NULL,NULL,NULL,NULL,NULL,NULL,NULL,NULL,NULL,1,0,1,'2024-06-09 01:55:06','2024-06-16 06:48:26'),(586,'32f1a3e0bc80686e9dfa5a8de7d93259',0,'car',13,'Veloster','automatic','gasoline','hatchback','1.6',NULL,3,2016,NULL,NULL,87333,1590000.00,'White',NULL,NULL,NULL,NULL,NULL,NULL,NULL,NULL,NULL,NULL,1,0,1,'2024-06-09 01:55:06','2024-06-16 06:48:26'),(587,'f39db308d8e864b6ffdb45bbf6e6dc38',0,'car',13,'Elantra','automatic','gasoline','sedan','2.0',NULL,4,2017,NULL,NULL,126227,1599800.00,'Ice White Pearl',NULL,NULL,NULL,NULL,NULL,NULL,NULL,NULL,NULL,NULL,1,0,1,'2024-06-09 01:55:06','2024-06-16 06:48:26'),(588,'e7e6f74ed87cfc876c08654127c8d353',0,'car',13,'Santa','automatic','gasoline','suv','2.0',NULL,4,2013,NULL,NULL,130279,1650000.00,'White',NULL,NULL,NULL,NULL,NULL,NULL,NULL,NULL,NULL,NULL,1,0,1,'2024-06-09 01:55:06','2024-06-16 06:48:26'),(589,'9024a3819e45b1321afe45f637851731',0,'car',13,'Sonata','automatic','gasoline','sedan','2.0',NULL,4,2015,NULL,NULL,148900,1650000.00,'Blue',NULL,NULL,NULL,NULL,NULL,NULL,NULL,NULL,NULL,NULL,1,0,1,'2024-06-09 01:55:06','2024-06-16 06:48:26'),(590,'a6597ad5cae3c80f2b73d27f48a6ab1b',0,'car',13,'Altima','automatic','gasoline','sedan','2.5',NULL,4,2010,NULL,NULL,287000,350000.00,'Grey',NULL,NULL,NULL,NULL,NULL,NULL,NULL,NULL,NULL,NULL,1,0,1,'2024-06-09 01:55:06','2024-06-16 06:48:26'),(591,'9c6e397e06f444a3288bfb7e5379a68f',0,'car',13,'Xterra','automatic','gasoline','suv','4.0',NULL,4,2006,NULL,NULL,186002,799500.00,'Dark Grey',NULL,NULL,NULL,NULL,NULL,NULL,NULL,NULL,NULL,NULL,1,0,1,'2024-06-09 01:55:06','2024-06-16 06:48:26'),(592,'25ff61440e5b2c66c1e7de2116dd4dd2',0,'car',13,'Rogue','automatic','gasoline','suv','2.5',NULL,4,2011,NULL,NULL,173613,799500.00,'White',NULL,NULL,NULL,NULL,NULL,NULL,NULL,NULL,NULL,NULL,1,0,1,'2024-06-09 01:55:06','2024-06-16 06:48:26'),(593,'b2c22e4825933859661d8f82a552c595',0,'car',13,'Sentra','automatic','gasoline','sedan','1.8',NULL,4,2015,NULL,NULL,125748,890000.00,'Black',NULL,NULL,NULL,NULL,NULL,NULL,NULL,NULL,NULL,NULL,1,0,1,'2024-06-09 01:55:06','2024-06-16 06:48:26'),(594,'95442aaffe1547a44677529c6c92643f',0,'car',13,'Versa','automatic','gasoline','hatchback','1.6',NULL,4,2017,NULL,NULL,205000,899900.00,'White',NULL,NULL,NULL,NULL,NULL,NULL,NULL,NULL,NULL,NULL,1,0,1,'2024-06-09 01:55:06','2024-06-16 06:48:26'),(595,'ecec4f5ea91cb374e7cf57d0b66e0aee',0,'car',13,'Rogue','automatic','gasoline','suv','2.5',NULL,4,2011,NULL,NULL,150000,999000.00,'Black',NULL,NULL,NULL,NULL,NULL,NULL,NULL,NULL,NULL,NULL,1,0,1,'2024-06-09 01:55:06','2024-06-16 06:48:26'),(596,'55ecb63b1a4ee5fb3d324faf95b04fc4',0,'car',13,'Sentra','automatic','gasoline','sedan','1.8',NULL,4,2015,NULL,NULL,152150,1089800.00,'White',NULL,NULL,NULL,NULL,NULL,NULL,NULL,NULL,NULL,NULL,1,0,1,'2024-06-09 01:55:06','2024-06-16 06:48:26'),(597,'c5114740292aac93298bb311d2a33f6a',0,'car',13,'Sentra','automatic','gasoline','sedan','1.8',NULL,4,2016,NULL,NULL,198128,1099500.00,'Super Black',NULL,NULL,NULL,NULL,NULL,NULL,NULL,NULL,NULL,NULL,1,0,1,'2024-06-09 01:55:06','2024-06-16 06:48:26'),(598,'16aa29f04daf9f38ae9e4358ff0f20c6',0,'car',13,'Pathfinder','automatic','gasoline','suv','4.0',NULL,4,2011,NULL,NULL,169000,1149000.00,'Grey',NULL,NULL,NULL,NULL,NULL,NULL,NULL,NULL,NULL,NULL,1,0,1,'2024-06-09 01:55:06','2024-06-16 06:48:26'),(599,'2797ccee92399551a507f3c1a344ff87',0,'car',13,'Sentra','automatic','gasoline','sedan','1.8',NULL,4,2015,NULL,NULL,165252,1178000.00,'Silver',NULL,NULL,NULL,NULL,NULL,NULL,NULL,NULL,NULL,NULL,1,0,1,'2024-06-09 01:55:06','2024-06-16 06:48:26'),(600,'98505596f8248ba514f0c4c5ccbf329f',0,'car',13,'Versa','automatic','gasoline','sedan','1.6',NULL,4,2014,NULL,NULL,93455,1198000.00,'Blue',NULL,NULL,NULL,NULL,NULL,NULL,NULL,NULL,NULL,NULL,1,0,1,'2024-06-09 01:55:06','2024-06-16 06:48:26'),(601,'d191bde9c0a83a5bac764e991becb8c6',0,'car',13,'Altima','automatic','gasoline','sedan','2.5',NULL,4,2014,NULL,NULL,139800,1199500.00,'Super Black',NULL,NULL,NULL,NULL,NULL,NULL,NULL,NULL,NULL,NULL,1,0,1,'2024-06-09 01:55:06','2024-06-16 06:48:26'),(602,'9c0ec2723783f49e09349b370448b85e',0,'car',13,'Sentra','automatic','gasoline','sedan','1.8',NULL,4,2015,NULL,NULL,135539,1199800.00,'Aspen White Pearl',NULL,NULL,NULL,NULL,NULL,NULL,NULL,NULL,NULL,NULL,1,0,1,'2024-06-09 01:55:06','2024-06-16 06:48:26'),(603,'51f22af21260fe8cfb6b9a31bdd1555a',0,'car',13,'Rogue','automatic','gasoline','suv','2.5',NULL,4,2014,NULL,NULL,168659,1299500.00,'Black',NULL,NULL,NULL,NULL,NULL,NULL,NULL,NULL,NULL,NULL,1,0,1,'2024-06-09 01:55:06','2024-06-16 06:48:26'),(604,'322589294e9193e19b04ede4ffdd0426',0,'car',13,'Sentra','automatic','gasoline','sedan','1.8',NULL,4,2015,NULL,NULL,94502,1299500.00,'Aspen White Pearl',NULL,NULL,NULL,NULL,NULL,NULL,NULL,NULL,NULL,NULL,1,0,1,'2024-06-09 01:55:06','2024-06-16 06:48:26'),(605,'e5016c617b57d0a575495ec2c0939df2',0,'car',13,'Pathfinder','automatic','gasoline','suv','3.5',NULL,5,2015,NULL,NULL,190715,1299500.00,'White',NULL,NULL,NULL,NULL,NULL,NULL,NULL,NULL,NULL,NULL,1,0,1,'2024-06-09 01:55:06','2024-06-16 06:48:26'),(606,'b14ed50009a152d84ca5d0fa7968de71',0,'car',13,'Rogue','automatic','gasoline','suv','2.5',NULL,4,2013,NULL,NULL,143371,1358000.00,'Blue',NULL,NULL,NULL,NULL,NULL,NULL,NULL,NULL,NULL,NULL,1,0,1,'2024-06-09 01:55:06','2024-06-16 06:48:26'),(607,'3857029718a6e526058803f30398d214',0,'car',13,'Pathfinder','automatic','gasoline','suv','3.5',NULL,4,2013,NULL,NULL,181600,1380000.00,'Arctic Blue Metallic',NULL,NULL,NULL,NULL,NULL,NULL,NULL,NULL,NULL,NULL,1,0,1,'2024-06-09 01:55:06','2024-06-16 06:48:26'),(608,'a55ea3dfbe2cf5c1b10667962ae7b968',0,'car',13,'Rogue','automatic','gasoline','suv','2.5',NULL,4,2015,NULL,NULL,190800,1390000.00,'Pearl White',NULL,NULL,NULL,NULL,NULL,NULL,NULL,NULL,NULL,NULL,1,0,1,'2024-06-09 01:55:06','2024-06-16 06:48:26'),(609,'b1bd83498d8656273b43c5ddaa5ccf8b',0,'car',13,'Rogue','automatic','gasoline','suv','2.5',NULL,4,2014,NULL,NULL,125982,1399500.00,'Brilliant Silver Metallic',NULL,NULL,NULL,NULL,NULL,NULL,NULL,NULL,NULL,NULL,1,0,1,'2024-06-09 01:55:06','2024-06-16 06:48:26'),(610,'7f2fbe32f27fdf11b35f8635f58aa20f',0,'car',13,'Pathfinder','automatic','gasoline','suv','3.5',NULL,4,2014,NULL,NULL,186000,1400000.00,'Black',NULL,NULL,NULL,NULL,NULL,NULL,NULL,NULL,NULL,NULL,1,0,1,'2024-06-09 01:55:06','2024-06-16 06:48:26'),(611,'bcb898799d5bb13639e914fbeae011c6',0,'car',13,'Rogue','automatic','gasoline','suv','2.5',NULL,5,2013,NULL,NULL,122670,1490000.00,'Graphite Blue',NULL,NULL,NULL,NULL,NULL,NULL,NULL,NULL,NULL,NULL,1,0,1,'2024-06-09 01:55:06','2024-06-16 06:48:26'),(612,'253202759bf820696367d94db917da30',0,'car',13,'Altima','automatic','gasoline','sedan','2.5',NULL,4,2014,NULL,NULL,110517,1558000.00,'Grey',NULL,NULL,NULL,NULL,NULL,NULL,NULL,NULL,NULL,NULL,1,0,1,'2024-06-09 01:55:06','2024-06-16 06:48:26'),(613,'7f3612fa2ed2ad163debd7bb59095dce',0,'car',13,'Altima','automatic','gasoline','sedan','2.5',NULL,4,2014,NULL,NULL,81250,1599000.00,'Black',NULL,NULL,NULL,NULL,NULL,NULL,NULL,NULL,NULL,NULL,1,0,1,'2024-06-09 01:55:06','2024-06-16 06:48:26'),(614,'ab7fcbc434195af908bb02d81d480830',0,'car',13,'Rogue','automatic','gasoline','suv','2.5',NULL,4,2017,NULL,NULL,204742,1599500.00,'Gun Metallic',NULL,NULL,NULL,NULL,NULL,NULL,NULL,NULL,NULL,NULL,1,0,1,'2024-06-09 01:55:06','2024-06-16 06:48:26'),(615,'66c6dafe85679af2f19a12354ebe0b4c',0,'car',13,'Forester','manual','gasoline','suv','2.5',NULL,4,2010,NULL,NULL,237400,499500.00,'Blue',NULL,NULL,NULL,NULL,NULL,NULL,NULL,NULL,NULL,NULL,1,0,1,'2024-06-09 01:55:06','2024-06-16 06:48:26'),(616,'52d15bfae00546fcc737b0eadafe9ab6',0,'car',13,'Forester','automatic','gasoline','suv','2.5',NULL,4,2013,NULL,NULL,257100,780000.00,'Marine Blue Pearl',NULL,NULL,NULL,NULL,NULL,NULL,NULL,NULL,NULL,NULL,1,0,1,'2024-06-09 01:55:06','2024-06-16 06:48:26'),(617,'5849c410cf3f70067fc6551da1fc39d7',0,'car',13,'Outback','automatic','gasoline','suv','2.5',NULL,4,2010,NULL,NULL,178306,999900.00,'Black',NULL,NULL,NULL,NULL,NULL,NULL,NULL,NULL,NULL,NULL,1,0,1,'2024-06-09 01:55:06','2024-06-16 06:48:26'),(618,'a85deee5d47fdcdbfe15570614a6dee0',0,'car',13,'Outback','automatic','gasoline','suv','2.5',NULL,4,2012,NULL,NULL,177682,999900.00,'Grey',NULL,NULL,NULL,NULL,NULL,NULL,NULL,NULL,NULL,NULL,1,0,1,'2024-06-09 01:55:06','2024-06-16 06:48:26'),(619,'7a8a950fe752b0f4124259b1c5410003',0,'car',13,'Outback','automatic','gasoline','suv','3.6',NULL,4,2011,NULL,NULL,192347,1099500.00,'Black',NULL,NULL,NULL,NULL,NULL,NULL,NULL,NULL,NULL,NULL,1,0,1,'2024-06-09 01:55:06','2024-06-16 06:48:26'),(620,'7948ac7079fa474c3d469376a2cea8c5',0,'car',13,'Forester','automatic','gasoline','suv','2.5',NULL,4,2009,NULL,NULL,206046,1148000.00,'Dark Grey Metallic',NULL,NULL,NULL,NULL,NULL,NULL,NULL,NULL,NULL,NULL,1,0,1,'2024-06-09 01:55:06','2024-06-16 06:48:26'),(621,'65dece9acbae4edf739eabaad482feea',0,'car',13,'Forester','automatic','gasoline','suv','2.5',NULL,4,2012,NULL,NULL,149517,1399000.00,'Black',NULL,NULL,NULL,NULL,NULL,NULL,NULL,NULL,NULL,NULL,1,0,1,'2024-06-09 01:55:06','2024-06-16 06:48:26'),(622,'2c0cbb738c3c76faf2765a0301f27d9a',0,'car',13,'Impreza','manual','gasoline','sedan','2.5',NULL,4,2011,NULL,NULL,143994,1499500.00,'Blue',NULL,NULL,NULL,NULL,NULL,NULL,NULL,NULL,NULL,NULL,1,0,1,'2024-06-09 01:55:06','2024-06-16 06:48:26'),(623,'0b25d51ac792d0c543ae5e4ef47a41cc',0,'car',13,'Forester','automatic','gasoline','suv','2.5',NULL,4,2015,NULL,NULL,199803,1599900.00,'White',NULL,NULL,NULL,NULL,NULL,NULL,NULL,NULL,NULL,NULL,1,0,1,'2024-06-09 01:55:06','2024-06-16 06:48:26'),(624,'b717614e67c706b28d836937f887cf5d',0,'car',13,'Focus','automatic','gasoline','hatchback','2',NULL,4,2015,NULL,NULL,169900,899800.00,'Black',NULL,NULL,NULL,NULL,NULL,NULL,NULL,NULL,NULL,NULL,1,0,1,'2024-06-09 01:55:06','2024-06-16 06:48:26'),(625,'ec513a97bb0f99bfdea007dab6cd3f84',0,'car',13,'Focus','automatic','gasoline','hatchback','2',NULL,4,2012,NULL,NULL,130182,958000.00,'Blue',NULL,NULL,NULL,NULL,NULL,NULL,NULL,NULL,NULL,NULL,1,0,1,'2024-06-09 01:55:06','2024-06-16 06:48:26'),(626,'b7410767c8b8bf6d4316979a550e2ae5',0,'car',13,'Focus','automatic','gasoline','sedan','2',NULL,4,2012,NULL,NULL,131302,1099000.00,'Grey',NULL,NULL,NULL,NULL,NULL,NULL,NULL,NULL,NULL,NULL,1,0,1,'2024-06-09 01:55:06','2024-06-16 06:48:26'),(627,'30a10a438782f72eca12da49157aa293',0,'car',13,'Escape','automatic','gasoline','suv','3',NULL,4,2011,NULL,NULL,111587,1199000.00,'Grey',NULL,NULL,NULL,NULL,NULL,NULL,NULL,NULL,NULL,NULL,1,0,1,'2024-06-09 01:55:06','2024-06-16 06:48:26'),(628,'bddde0c1026606ceb8e5cdef82cfaffe',0,'car',13,'Focus','automatic','gasoline','sedan','2',NULL,4,2015,NULL,NULL,98583,1499000.00,'White',NULL,NULL,NULL,NULL,NULL,NULL,NULL,NULL,NULL,NULL,1,0,1,'2024-06-09 01:55:06','2024-06-16 06:48:26'),(629,'1cca95c8c0dfc6ea0570165911fd1f80',0,'car',13,'Tucson','automatic','gasoline','suv','4',NULL,4,2013,NULL,NULL,162000,1099500.00,'Black',NULL,NULL,NULL,NULL,NULL,NULL,NULL,NULL,NULL,NULL,1,0,1,'2024-06-09 01:55:06','2024-06-16 06:48:26'),(631,'20106cf365a5f80c1e435af62b015f2f',1,'car',22,'Jetta','manual','gasoline','hatchback',NULL,NULL,4,2021,2020,'ABC123',15000,0.00,'Preto','[\"Computador de bordo\",\"Tração 4x4\",\"Controle de estabilidade\",\"Controle de tração\",\"Câmbio automático\",\"Sensor de estacionamento\",\"Sensores de chuva\",\"Chave presencial\"]','[\"Não aceito troca\",\"Veículo de Colecionador\",\"Todas as revisões em concessionária\",\"Baixa quilometragem\",\"Pneus novos\"]',NULL,NULL,NULL,NULL,NULL,NULL,NULL,NULL,0,0,0,'2024-06-16 06:41:52','2024-06-16 07:39:10'),(695,'0838e6f87c1c156821f49ccf694ae369',1,'car',9,'Model X','automatic','electric','suv',NULL,NULL,2,2025,2024,'ABC123',0,0.00,'Prata','[\"Freio ABS\",\"Bancos em couro\",\"Rodas de liga leve\",\"Câmbio automático\",\"Faróis de neblina\",\"Câmera de ré\",\"Navegador GPS\"]','[\"Único Dono\",\"Não aceito troca\",\"Licenciado\",\"Baixa quilometragem\",\"Pneus novos\",\"Documentação em ordem\"]',NULL,NULL,NULL,NULL,NULL,NULL,NULL,NULL,0,0,0,'2024-06-16 07:40:20','2024-06-16 07:41:23'),(709,'f6fd1939bdf31481d27ac4344a2aab58',1,'car',7,'Corolla','automatic','gasoline','sedan',NULL,NULL,4,2021,2020,'ABC123',0,0.00,'Preto','[\"Air Bag\",\"Ar condicionado\",\"Bancos em couro\",\"Computador de bordo\",\"Desembaçador traseiro\",\"Rodas de liga leve\",\"Faróis de neblina\",\"Câmera de ré\",\"Navegador GPS\",\"Sensores de chuva\",\"Faróis automáticos\",\"Chave presencial\"]','[\"Único Dono\",\"Não aceito troca\",\"Veículo financiado\",\"Licenciado\",\"Todas as revisões em concessionária\",\"Manutenção preventiva em dia\",\"Pneus novos\"]',NULL,'[\"aff8f4b5c9b69f2a5ada9ed67894281a.jpg\"]',NULL,NULL,NULL,NULL,NULL,NULL,0,0,0,'2024-06-16 21:35:04','2024-07-01 22:13:29'),(942,'f6fd1939bds31481d27ac4344a2aab58',1,'car',21,'J2X','cvt','diesel','suv',NULL,NULL,4,2021,2020,'ABC123',0,0.00,'Preto','[\"Ar condicionado\",\"Ar quente\",\"Computador de bordo\",\"Teto solar\"]','[\"Único Dono\",\"Não aceito troca\",\"Veículo de Colecionador\",\"Adaptada para pessoas com deficiência\"]',NULL,'[]',NULL,NULL,NULL,NULL,NULL,NULL,0,0,0,'2024-07-01 22:14:02','2024-07-05 10:47:59');


